599
CDUS43 KMQT 250524
CLIMQT


CLIMATE REPORT
NATIONAL WEATHER SERVICE MARQUETTE MI
124 AM EDT SAT MAR 25 2017


...................................

...THE MARQUETTE MI CLIMATE SUMMARY FOR MARCH 24 2017...

CLIMATE NORMAL PERIOD 1981 TO 2010
CLIMATE RECORD PERIOD 1961 TO 2017


WEATHER ITEM   OBSERVED RECORD YEAR NORMAL DEPARTURE LAST
                VALUE   VALUE       VALUE  FROM      YEAR
                                           NORMAL
...........................................................
TEMPERATURE (F)
 YESTERDAY
  MAXIMUM         32     61    2012  37     -5       28
                               1987
  MINIMUM         30    -20    1965  17     13       15
  AVERAGE         31                 27      4       22

PRECIPITATION (IN)
  YESTERDAY        0.13   1.98 1975   0.10   0.03      T
  MONTH TO DATE    1.53               2.33  -0.80     2.41
  SINCE MAR 1      1.53               2.33  -0.80     2.41
  SINCE JAN 1      6.11               6.88  -0.77     7.03

SNOWFALL (IN)
  YESTERDAY        0.0   19.8  1975   1.0   -1.0       T
  MONTH TO DATE   19.9               28.8   -8.9     14.8
  SINCE MAR 1     19.9               28.8   -8.9     14.8
  SINCE JUL 1    141.0              181.2  -40.2    114.9
  SNOW DEPTH       8

DEGREE DAYS
 HEATING
  YESTERDAY       34                 38     -4       43
  MONTH TO DATE 1035               1011     24      879
  SINCE MAR 1   1035               1011     24      879
  SINCE JUL 1   6719               7635   -916     6646

 COOLING
  YESTERDAY        0                  0      0        0
  MONTH TO DATE    0                  0      0        0
  SINCE MAR 1      0                  0      0        0
  SINCE JAN 1      0                  0      0        0
...........................................................

WIND (MPH)
  RESULTANT WIND SPEED  MM   RESULTANT WIND DIRECTION  MM
  HIGHEST WIND SPEED    MM   HIGHEST WIND DIRECTION    MM
  HIGHEST GUST SPEED    17   HIGHEST GUST DIRECTION     N (360)
  AVERAGE WIND SPEED    MM

SKY COVER
  POSSIBLE SUNSHINE  MM
  AVERAGE SKY COVER  MM

WEATHER CONDITIONS
 THE FOLLOWING WEATHER WAS RECORDED YESTERDAY.
  LIGHT RAIN
  LT FREEZING RAIN
  FOG
  FOG W/VISIBILITY <= 1/4 MILE

RELATIVE HUMIDITY (PERCENT)
 HIGHEST    MM
 LOWEST     MM
 AVERAGE    MM
..........................................................

THE MARQUETTE MI CLIMATE NORMALS FOR TODAY
                         NORMAL    RECORD    YEAR
 MAXIMUM TEMPERATURE (F)   38        59      1993
                                             1968
 MINIMUM TEMPERATURE (F)   18       -12      1971


SUNRISE AND SUNSET
MARCH 25 2017.........SUNRISE   743 AM EDT   SUNSET   810 PM EDT
MARCH 26 2017.........SUNRISE   741 AM EDT   SUNSET   811 PM EDT


-  INDICATES NEGATIVE NUMBERS.
R  INDICATES RECORD WAS SET OR TIED.
MM INDICATES DATA IS MISSING.
T  INDICATES TRACE AMOUNT.




$$
