000
CDUS43 KMQT 290525
CLIMQT


CLIMATE REPORT
NATIONAL WEATHER SERVICE MARQUETTE MI
1214 AM EST MON DEC 29 2014


...................................

...THE MARQUETTE MI CLIMATE SUMMARY FOR DECEMBER 28 2014...

CLIMATE NORMAL PERIOD 1981 TO 2010
CLIMATE RECORD PERIOD 1961 TO 2014


WEATHER ITEM   OBSERVED RECORD YEAR NORMAL DEPARTURE LAST
                VALUE   VALUE       VALUE  FROM      YEAR
                                           NORMAL
...........................................................
TEMPERATURE (F)
 YESTERDAY
  MAXIMUM         19     42    1979  23     -4       32
  MINIMUM         -2    -17    1976   8    -10       21
  AVERAGE          9                 16     -7       27

PRECIPITATION (IN)
  YESTERDAY        T      0.78 1982   0.07  -0.07     0.12
  MONTH TO DATE    2.28               2.35  -0.07     2.44
  SINCE DEC 1      2.28               2.35  -0.07     2.44
  SINCE JAN 1     44.83              35.46   9.37    39.62

SNOWFALL (IN)
  YESTERDAY        0.2    6.6  1999   1.4   -1.2      0.4
  MONTH TO DATE   26.9               38.6  -11.7     44.2
  SINCE DEC 1     26.9               38.6  -11.7     44.2
  SINCE JUL 1     83.1               69.1   14.0     66.7
  SNOW DEPTH      23

DEGREE DAYS
 HEATING
  YESTERDAY       56                 49      7       38
  MONTH TO DATE 1172               1290   -118     1475
  SINCE DEC 1   1172               1290   -118     1475
  SINCE JUL 1   3702               3492    210     3644

 COOLING
  YESTERDAY        0                  0      0        0
  MONTH TO DATE    0                  0      0        0
  SINCE DEC 1      0                  0      0        0
  SINCE JAN 1    152                242    -90      280
...........................................................


WIND (MPH)
  RESULTANT WIND SPEED  MM   RESULTANT WIND DIRECTION  MM
  HIGHEST WIND SPEED    MM   HIGHEST WIND DIRECTION    MM
  HIGHEST GUST SPEED    21   HIGHEST GUST DIRECTION     W (270)
  AVERAGE WIND SPEED    MM


SKY COVER
  POSSIBLE SUNSHINE  MM
  AVERAGE SKY COVER  MM


WEATHER CONDITIONS
 THE FOLLOWING WEATHER WAS RECORDED YESTERDAY.
  LIGHT SNOW


RELATIVE HUMIDITY (PERCENT)
 HIGHEST    MM
 LOWEST     MM
 AVERAGE    MM

..........................................................


THE MARQUETTE MI CLIMATE NORMALS FOR TODAY
                         NORMAL    RECORD    YEAR
 MAXIMUM TEMPERATURE (F)   23        43      1979
 MINIMUM TEMPERATURE (F)    8       -20      1976


SUNRISE AND SUNSET
DECEMBER 29 2014......SUNRISE   834 AM EST   SUNSET   511 PM EST
DECEMBER 30 2014......SUNRISE   834 AM EST   SUNSET   512 PM EST


-  INDICATES NEGATIVE NUMBERS.
R  INDICATES RECORD WAS SET OR TIED.
MM INDICATES DATA IS MISSING.
T  INDICATES TRACE AMOUNT.




$$
