994
CDUS43 KMQT 062209
CLIMQT


CLIMATE REPORT
NATIONAL WEATHER SERVICE MARQUETTE MI
505 PM EST TUE DEC 6 2016


...................................

...THE MARQUETTE MI CLIMATE SUMMARY FOR DECEMBER 6 2016...
VALID TODAY AS OF 500 PM LOCAL TIME.

CLIMATE NORMAL PERIOD 1981 TO 2010
CLIMATE RECORD PERIOD 1961 TO 2016


WEATHER ITEM   OBSERVED RECORD YEAR NORMAL DEPARTURE LAST
                VALUE   VALUE       VALUE  FROM      YEAR
                                           NORMAL
...........................................................
TEMPERATURE (F)
 TODAY
  MAXIMUM         37     50    1988  29      8       39
  MINIMUM         31    -12    1972  14     17       22
  AVERAGE         34                 21     13       31

PRECIPITATION (IN)
  TODAY            T      0.36 1997   0.09  -0.09     0.00
  MONTH TO DATE    0.19               0.57  -0.38     0.43
  SINCE DEC 1      0.19               0.57  -0.38     0.43
  SINCE JAN 1     38.27              33.68   4.59    25.33

SNOWFALL (IN)
  TODAY            0.1    7.0  2006   1.4   -1.3      0.0
  MONTH TO DATE    2.4                7.8   -5.4      1.8
  SINCE DEC 1      2.4                7.8   -5.4      1.8
  SINCE JUL 1     16.6               38.3  -21.7      9.7
  SNOW DEPTH       1

DEGREE DAYS
 HEATING
  TODAY           31                 44    -13       34
  MONTH TO DATE  204                256    -52      181
  SINCE DEC 1    204                256    -52      181
  SINCE JUL 1   1829               2458   -629     2013

 COOLING
  TODAY            0                  0      0        0
  MONTH TO DATE    0                  0      0        0
  SINCE DEC 1      0                  0      0        0
  SINCE JAN 1    246                242      4      250
...........................................................


WIND (MPH)
  HIGHEST WIND SPEED    MM   HIGHEST WIND DIRECTION    MM
  HIGHEST GUST SPEED    30   HIGHEST GUST DIRECTION     S (180)
  AVERAGE WIND SPEED    MM


SKY COVER
  POSSIBLE SUNSHINE  MM
  AVERAGE SKY COVER  MM


WEATHER CONDITIONS
 THE FOLLOWING WEATHER WAS RECORDED TODAY.
  LIGHT SNOW


RELATIVE HUMIDITY (PERCENT)
 HIGHEST    MM
 LOWEST     MM
 AVERAGE    MM

..........................................................


THE MARQUETTE MI CLIMATE NORMALS FOR TOMORROW
                         NORMAL    RECORD    YEAR
 MAXIMUM TEMPERATURE (F)   28        38      1963
 MINIMUM TEMPERATURE (F)   14       -18      1972


SUNRISE AND SUNSET
DECEMBER  6 2016......SUNRISE   820 AM EST   SUNSET   503 PM EST
DECEMBER  7 2016......SUNRISE   821 AM EST   SUNSET   503 PM EST


-  INDICATES NEGATIVE NUMBERS.
R  INDICATES RECORD WAS SET OR TIED.
MM INDICATES DATA IS MISSING.
T  INDICATES TRACE AMOUNT.




$$
