000
CDUS43 KMQT 080553
CLIMQT


CLIMATE REPORT
NATIONAL WEATHER SERVICE MARQUETTE MI
1253 AM EST WED NOV 8 2017


...................................

...THE MARQUETTE MI CLIMATE SUMMARY FOR NOVEMBER 7 2017...

CLIMATE NORMAL PERIOD 1981 TO 2010
CLIMATE RECORD PERIOD 1961 TO 2017


WEATHER ITEM   OBSERVED RECORD YEAR NORMAL DEPARTURE LAST
                VALUE   VALUE       VALUE  FROM      YEAR
                                           NORMAL
...........................................................
TEMPERATURE (F)
 YESTERDAY
  MAXIMUM         29     64    2016  42    -13       64
  MINIMUM         21      2    1991  27     -6       49
  AVERAGE         25                 34     -9       57

PRECIPITATION (IN)
  YESTERDAY        0.00   0.84 1975   0.10  -0.10     0.00
  MONTH TO DATE    0.32               0.73  -0.41     0.14
  SINCE SEP 1     11.76               8.29   3.47     8.67
  SINCE JAN 1     39.09              30.66   8.43    36.44

SNOWFALL (IN)
  YESTERDAY        0.0    2.5  2003   0.6   -0.6      0.0
  MONTH TO DATE    1.4                3.5   -2.1      0.0
  SINCE SEP 1     10.2                9.6    0.6       T
  SINCE JUL 1     10.2                9.6    0.6       T
  SNOW DEPTH       0

DEGREE DAYS
 HEATING
  YESTERDAY       40                 31      9        8
  MONTH TO DATE  240                207     33      113
  SINCE SEP 1   1000               1183   -183      867
  SINCE JUL 1   1265               1368   -103      967

 COOLING
  YESTERDAY        0                  0      0        0
  MONTH TO DATE    0                  0      0        0
  SINCE SEP 1     52                 22     30       10
  SINCE JAN 1    145                242    -97      246
...........................................................


WIND (MPH)
  RESULTANT WIND SPEED  MM   RESULTANT WIND DIRECTION  MM
  HIGHEST WIND SPEED    MM   HIGHEST WIND DIRECTION    MM
  HIGHEST GUST SPEED    18   HIGHEST GUST DIRECTION     W (270)
  AVERAGE WIND SPEED    MM


SKY COVER
  POSSIBLE SUNSHINE  MM
  AVERAGE SKY COVER  MM


WEATHER CONDITIONS
 THE FOLLOWING WEATHER WAS RECORDED YESTERDAY.
  NO SIGNIFICANT WEATHER WAS OBSERVED.


RELATIVE HUMIDITY (PERCENT)
 HIGHEST    MM
 LOWEST     MM
 AVERAGE    MM

..........................................................


THE MARQUETTE MI CLIMATE NORMALS FOR TODAY
                         NORMAL    RECORD    YEAR
 MAXIMUM TEMPERATURE (F)   41        69      1999
 MINIMUM TEMPERATURE (F)   26         5      2003
                                             1991


SUNRISE AND SUNSET
NOVEMBER  8 2017......SUNRISE   742 AM EST   SUNSET   525 PM EST
NOVEMBER  9 2017......SUNRISE   744 AM EST   SUNSET   524 PM EST


-  INDICATES NEGATIVE NUMBERS.
R  INDICATES RECORD WAS SET OR TIED.
MM INDICATES DATA IS MISSING.
T  INDICATES TRACE AMOUNT.




$$
