000
CDUS43 KMQT 262107
CLIMQT


CLIMATE REPORT
NATIONAL WEATHER SERVICE MARQUETTE MI
506 PM EDT FRI JUN 26 2015


...................................

...THE MARQUETTE MI CLIMATE SUMMARY FOR JUNE 26 2015...
VALID TODAY AS OF 0500 PM LOCAL TIME.

CLIMATE NORMAL PERIOD 1981 TO 2010
CLIMATE RECORD PERIOD 1961 TO 2015


WEATHER ITEM   OBSERVED RECORD YEAR NORMAL DEPARTURE LAST
                VALUE   VALUE       VALUE  FROM      YEAR
                                           NORMAL
...........................................................
TEMPERATURE (F)
 TODAY
  MAXIMUM         72     92    2001  75     -3       72
  MINIMUM         46     35    1982  53     -7       44
  AVERAGE         59                 64     -5       58

PRECIPITATION (IN)
  TODAY            0.00   1.12 1984   0.09  -0.09     0.00
  MONTH TO DATE    1.68               2.50  -0.82     5.51
  SINCE JUN 1      1.68               2.50  -0.82     5.51
  SINCE JAN 1     13.00              16.14  -3.14    17.97

SNOWFALL (IN)
  TODAY            0.0   MM      MM   0.0    0.0      0.0
  MONTH TO DATE    0.0                0.0    0.0      0.0
  SINCE JUN 1      0.0                0.0    0.0      0.0
  SINCE JUL 1    178.7              203.3  -24.6    198.9
  SNOW DEPTH       0

DEGREE DAYS
 HEATING
  TODAY            6                  4      2        7
  MONTH TO DATE  186                168     18      163
  SINCE JUN 1    186                168     18      163
  SINCE JUL 1   9971               9320    651    10399

 COOLING
  TODAY            0                  2     -2        0
  MONTH TO DATE    0                 37    -37       24
  SINCE JUN 1      0                 37    -37       24
  SINCE JAN 1      2                 49    -47       44
...........................................................


WIND (MPH)
  HIGHEST WIND SPEED    MM   HIGHEST WIND DIRECTION    MM
  HIGHEST GUST SPEED    14   HIGHEST GUST DIRECTION    NE (45)
  AVERAGE WIND SPEED    MM


SKY COVER
  POSSIBLE SUNSHINE  MM
  AVERAGE SKY COVER  MM


WEATHER CONDITIONS
 THE FOLLOWING WEATHER WAS RECORDED TODAY.
  NO SIGNIFICANT WEATHER WAS OBSERVED.


RELATIVE HUMIDITY (PERCENT)
 HIGHEST    MM
 LOWEST     MM
 AVERAGE    MM

..........................................................


THE MARQUETTE MI CLIMATE NORMALS FOR TOMORROW
                         NORMAL    RECORD    YEAR
 MAXIMUM TEMPERATURE (F)   75        94      1991
 MINIMUM TEMPERATURE (F)   53        39      1992


SUNRISE AND SUNSET
JUNE 26 2015..........SUNRISE   559 AM EDT   SUNSET   947 PM EDT
JUNE 27 2015..........SUNRISE   559 AM EDT   SUNSET   947 PM EDT


-  INDICATES NEGATIVE NUMBERS.
R  INDICATES RECORD WAS SET OR TIED.
MM INDICATES DATA IS MISSING.
T  INDICATES TRACE AMOUNT.




$$
