000
CDUS43 KMQT 252104
CLIMQT


CLIMATE REPORT
NATIONAL WEATHER SERVICE MARQUETTE MI
502 PM EDT TUE AUG 25 2015


...................................

...THE MARQUETTE MI CLIMATE SUMMARY FOR AUGUST 25 2015...
VALID TODAY AS OF 0500 PM LOCAL TIME.

CLIMATE NORMAL PERIOD 1981 TO 2010
CLIMATE RECORD PERIOD 1961 TO 2015


WEATHER ITEM   OBSERVED RECORD YEAR NORMAL DEPARTURE LAST
                VALUE   VALUE       VALUE  FROM      YEAR
                                           NORMAL
...........................................................
TEMPERATURE (F)
 TODAY
  MAXIMUM         53     92    2013  73    -20       83
  MINIMUM         47     36    1977  52     -5       63
  AVERAGE         50                 63    -13       73

PRECIPITATION (IN)
  TODAY            T      1.28 2004   0.10  -0.10     0.34
  MONTH TO DATE    2.70               2.45   0.25     4.03
  SINCE JUN 1      6.89               8.13  -1.24    13.84
  SINCE JAN 1     18.21              21.77  -3.56    26.30

SNOWFALL (IN)
  TODAY            0.0   MM      MM   0.0    0.0      0.0
  MONTH TO DATE    0.0                0.0    0.0      0.0
  SINCE JUN 1      0.0                0.0    0.0       T
  SINCE JUL 1      0.0                0.0    0.0       T
  SNOW DEPTH       0

DEGREE DAYS
 HEATING
  TODAY           15                  4     11        0
  MONTH TO DATE   80                 79      1       91
  SINCE JUN 1    350                340     10      375
  SINCE JUL 1    148                158    -10      212

 COOLING
  TODAY            0                  2     -2        8
  MONTH TO DATE   61                 54      7       31
  SINCE JUN 1    167                196    -29      127
  SINCE JAN 1    169                208    -39      147
...........................................................


WIND (MPH)
  HIGHEST WIND SPEED    MM   HIGHEST WIND DIRECTION    MM
  HIGHEST GUST SPEED    24   HIGHEST GUST DIRECTION    NW (315)
  AVERAGE WIND SPEED    MM


SKY COVER
  POSSIBLE SUNSHINE  MM
  AVERAGE SKY COVER  MM


WEATHER CONDITIONS
 THE FOLLOWING WEATHER WAS RECORDED TODAY.
  LIGHT DRIZZLE


RELATIVE HUMIDITY (PERCENT)
 HIGHEST    MM
 LOWEST     MM
 AVERAGE    MM

..........................................................


THE MARQUETTE MI CLIMATE NORMALS FOR TOMORROW
                         NORMAL    RECORD    YEAR
 MAXIMUM TEMPERATURE (F)   73        92      1991
 MINIMUM TEMPERATURE (F)   52        39      1968
                                             1963


SUNRISE AND SUNSET
AUGUST 25 2015........SUNRISE   701 AM EDT   SUNSET   843 PM EDT
AUGUST 26 2015........SUNRISE   702 AM EDT   SUNSET   841 PM EDT


-  INDICATES NEGATIVE NUMBERS.
R  INDICATES RECORD WAS SET OR TIED.
MM INDICATES DATA IS MISSING.
T  INDICATES TRACE AMOUNT.




$$
