000
CDUS43 KMQT 290539
CLIMQT


CLIMATE REPORT
NATIONAL WEATHER SERVICE MARQUETTE MI
134 AM EDT SAT AUG 29 2015


...................................

...THE MARQUETTE MI CLIMATE SUMMARY FOR AUGUST 28 2015...

CLIMATE NORMAL PERIOD 1981 TO 2010
CLIMATE RECORD PERIOD 1961 TO 2015


WEATHER ITEM   OBSERVED RECORD YEAR NORMAL DEPARTURE LAST
                VALUE   VALUE       VALUE  FROM      YEAR
                                           NORMAL
...........................................................
TEMPERATURE (F)
 YESTERDAY
  MAXIMUM         75     91    1991  72      3       69
                               1973
  MINIMUM         57     36    1982  52      5       42
                               1968
  AVERAGE         66                 62      4       56

PRECIPITATION (IN)
  YESTERDAY        0.00   1.40 1975   0.10  -0.10     0.00
  MONTH TO DATE    2.70               2.74  -0.04     4.03
  SINCE JUN 1      6.89               8.42  -1.53    13.84
  SINCE JAN 1     18.21              22.06  -3.85    26.30

SNOWFALL (IN)
  YESTERDAY        0.0   MM      MM   0.0    0.0      0.0
  MONTH TO DATE    0.0                0.0    0.0      0.0
  SINCE JUN 1      0.0                0.0    0.0       T
  SINCE JUL 1      0.0                0.0    0.0       T
  SNOW DEPTH       0

DEGREE DAYS
 HEATING
  YESTERDAY        0                  4     -4        9
  MONTH TO DATE  100                 91      9      116
  SINCE JUN 1    370                352     18      400
  SINCE JUL 1    168                170     -2      237

 COOLING
  YESTERDAY        1                  2     -1        0
  MONTH TO DATE   62                 60      2       31
  SINCE JUN 1    168                202    -34      127
  SINCE JAN 1    170                214    -44      147
...........................................................


WIND (MPH)
  RESULTANT WIND SPEED  MM   RESULTANT WIND DIRECTION  MM
  HIGHEST WIND SPEED    MM   HIGHEST WIND DIRECTION    MM
  HIGHEST GUST SPEED    21   HIGHEST GUST DIRECTION    SW (225)
  AVERAGE WIND SPEED    MM


SKY COVER
  POSSIBLE SUNSHINE  MM
  AVERAGE SKY COVER  MM


WEATHER CONDITIONS
 THE FOLLOWING WEATHER WAS RECORDED YESTERDAY.
  NO SIGNIFICANT WEATHER WAS OBSERVED.


RELATIVE HUMIDITY (PERCENT)
 HIGHEST    MM
 LOWEST     MM
 AVERAGE    MM

..........................................................


THE MARQUETTE MI CLIMATE NORMALS FOR TODAY
                         NORMAL    RECORD    YEAR
 MAXIMUM TEMPERATURE (F)   72        90      1991
                                             1969
 MINIMUM TEMPERATURE (F)   51        34      1976


SUNRISE AND SUNSET
AUGUST 29 2015........SUNRISE   706 AM EDT   SUNSET   835 PM EDT
AUGUST 30 2015........SUNRISE   707 AM EDT   SUNSET   833 PM EDT


-  INDICATES NEGATIVE NUMBERS.
R  INDICATES RECORD WAS SET OR TIED.
MM INDICATES DATA IS MISSING.
T  INDICATES TRACE AMOUNT.




$$
