000
CDUS43 KMQT 052202
CLIMQT


CLIMATE REPORT
NATIONAL WEATHER SERVICE MARQUETTE MI
501 PM EST TUE DEC 5 2017


...................................

...THE MARQUETTE MI CLIMATE SUMMARY FOR DECEMBER 5 2017...
VALID TODAY AS OF 0500 PM LOCAL TIME.

CLIMATE NORMAL PERIOD 1981 TO 2010
CLIMATE RECORD PERIOD 1961 TO 2017


WEATHER ITEM   OBSERVED RECORD YEAR NORMAL DEPARTURE LAST
                VALUE   VALUE       VALUE  FROM      YEAR
                                           NORMAL
...........................................................
TEMPERATURE (F)
 TODAY
  MAXIMUM         50     52    2001  29     21       37
  MINIMUM         18    -11    1991  15      3       28
  AVERAGE         34                 22     12       33

PRECIPITATION (IN)
  TODAY            0.11   0.72 1968   0.09   0.02      T
  MONTH TO DATE    0.95               0.48   0.47     0.19
  SINCE DEC 1      0.95               0.48   0.47     0.19
  SINCE JAN 1     41.52              33.59   7.93    38.27

SNOWFALL (IN)
  TODAY            0.3    9.8  1997   1.3   -1.0       T
  MONTH TO DATE    0.3                6.4   -6.1      2.3
  SINCE DEC 1      0.3                6.4   -6.1      2.3
  SINCE JUL 1     25.3               36.9  -11.6     16.5
  SNOW DEPTH       T

DEGREE DAYS
 HEATING
  TODAY           31                 43    -12       32
  MONTH TO DATE  150                212    -62      173
  SINCE DEC 1    150                212    -62      173
  SINCE JUL 1   2277               2414   -137     1798

 COOLING
  TODAY            0                  0      0        0
  MONTH TO DATE    0                  0      0        0
  SINCE DEC 1      0                  0      0        0
  SINCE JAN 1    145                242    -97      246
...........................................................


WIND (MPH)
  HIGHEST WIND SPEED    MM   HIGHEST WIND DIRECTION    MM
  HIGHEST GUST SPEED    39   HIGHEST GUST DIRECTION     W (270)
  AVERAGE WIND SPEED    MM


SKY COVER
  POSSIBLE SUNSHINE  MM
  AVERAGE SKY COVER  MM


WEATHER CONDITIONS
 THE FOLLOWING WEATHER WAS RECORDED TODAY.
  LIGHT RAIN
  LIGHT SNOW


RELATIVE HUMIDITY (PERCENT)
 HIGHEST    MM
 LOWEST     MM
 AVERAGE    MM

..........................................................


THE MARQUETTE MI CLIMATE NORMALS FOR TOMORROW
                         NORMAL    RECORD    YEAR
 MAXIMUM TEMPERATURE (F)   29        50      1988
 MINIMUM TEMPERATURE (F)   14       -12      1972


SUNRISE AND SUNSET
DECEMBER  5 2017......SUNRISE   818 AM EST   SUNSET   503 PM EST
DECEMBER  6 2017......SUNRISE   819 AM EST   SUNSET   503 PM EST


-  INDICATES NEGATIVE NUMBERS.
R  INDICATES RECORD WAS SET OR TIED.
MM INDICATES DATA IS MISSING.
T  INDICATES TRACE AMOUNT.




$$
