000
CDUS43 KMQT 070510
CLIMQT


CLIMATE REPORT
NATIONAL WEATHER SERVICE MARQUETTE MI
109 AM EDT MON AUG 7 2017


...................................

...THE MARQUETTE MI CLIMATE SUMMARY FOR AUGUST 6 2017...

CLIMATE NORMAL PERIOD 1981 TO 2010
CLIMATE RECORD PERIOD 1961 TO 2017


WEATHER ITEM   OBSERVED RECORD YEAR NORMAL DEPARTURE LAST
                VALUE   VALUE       VALUE  FROM      YEAR
                                           NORMAL
...........................................................
TEMPERATURE (F)
 YESTERDAY
  MAXIMUM         67     96    2001  76     -9       75
  MINIMUM         46     39    1976  54     -8       56
  AVERAGE         57                 65     -8       66

PRECIPITATION (IN)
  YESTERDAY        T      0.71 1984   0.10  -0.10     0.00
  MONTH TO DATE    1.87               0.58   1.29     0.04
  SINCE JUN 1      9.82               6.26   3.56     7.07
  SINCE JAN 1     24.66              19.90   4.76    23.28

SNOWFALL (IN)
  YESTERDAY        0.0   MM      MM   0.0    0.0      0.0
  MONTH TO DATE    0.0                0.0    0.0      0.0
  SINCE JUN 1      T                  0.0    0.0       T
  SINCE JUL 1      T                  0.0    0.0       T
  SNOW DEPTH       0

DEGREE DAYS
 HEATING
  YESTERDAY        8                  3      5        0
  MONTH TO DATE   42                 18     24        0
  SINCE JUN 1    262                279    -17      237
  SINCE JUL 1    121                 97     24       55

 COOLING
  YESTERDAY        0                  2     -2        1
  MONTH TO DATE    9                 16     -7       33
  SINCE JUN 1     86                158    -72      176
  SINCE JAN 1     86                170    -84      187
...........................................................


WIND (MPH)
  RESULTANT WIND SPEED  MM   RESULTANT WIND DIRECTION  MM
  HIGHEST WIND SPEED    MM   HIGHEST WIND DIRECTION    MM
  HIGHEST GUST SPEED    15   HIGHEST GUST DIRECTION    NE (45)
  AVERAGE WIND SPEED    MM


SKY COVER
  POSSIBLE SUNSHINE  MM
  AVERAGE SKY COVER  MM


WEATHER CONDITIONS
 THE FOLLOWING WEATHER WAS RECORDED YESTERDAY.
  LIGHT RAIN


RELATIVE HUMIDITY (PERCENT)
 HIGHEST    MM
 LOWEST     MM
 AVERAGE    MM

..........................................................


THE MARQUETTE MI CLIMATE NORMALS FOR TODAY
                         NORMAL    RECORD    YEAR
 MAXIMUM TEMPERATURE (F)   76        95      2001
 MINIMUM TEMPERATURE (F)   54        38      1990


SUNRISE AND SUNSET
AUGUST  7 2017........SUNRISE   639 AM EDT   SUNSET   912 PM EDT
AUGUST  8 2017........SUNRISE   640 AM EDT   SUNSET   911 PM EDT


-  INDICATES NEGATIVE NUMBERS.
R  INDICATES RECORD WAS SET OR TIED.
MM INDICATES DATA IS MISSING.
T  INDICATES TRACE AMOUNT.

$$

TITUS
