000
CDUS43 KMQT 160505
CLIMQT


CLIMATE REPORT
NATIONAL WEATHER SERVICE MARQUETTE MI
104 AM EDT SUN APR 16 2017


...................................

...THE MARQUETTE MI CLIMATE SUMMARY FOR APRIL 15 2017...

CLIMATE NORMAL PERIOD 1981 TO 2010
CLIMATE RECORD PERIOD 1961 TO 2017


WEATHER ITEM   OBSERVED RECORD YEAR NORMAL DEPARTURE LAST
                VALUE   VALUE       VALUE  FROM      YEAR
                                           NORMAL
...........................................................
TEMPERATURE (F)
 YESTERDAY
  MAXIMUM         56     76    2002  48      8       65
  MINIMUM         43     -1    2014  28     15       41
  AVERAGE         50                 38     12       53

PRECIPITATION (IN)
  YESTERDAY        0.55   1.00 1993   0.11   0.44     0.00
  MONTH TO DATE    2.64               1.61   1.03     2.59
  SINCE MAR 1      4.48               4.64  -0.16     5.93
  SINCE JAN 1      9.06               9.19  -0.13    10.55

SNOWFALL (IN)
  YESTERDAY        0.0   10.0  1993   0.5   -0.5      0.0
  MONTH TO DATE    9.0                9.8   -0.8     40.8
  SINCE MAR 1     28.9               44.7  -15.8     59.6
  SINCE JUL 1    150.0              197.1  -47.1    159.7
  SNOW DEPTH       0

DEGREE DAYS
 HEATING
  YESTERDAY       15                 27    -12       12
  MONTH TO DATE  359                461   -102      589
  SINCE MAR 1   1611               1724   -113     1685
  SINCE JUL 1   7295               8348  -1053     7452

 COOLING
  YESTERDAY        0                  0      0        0
  MONTH TO DATE    0                  0      0        0
  SINCE MAR 1      0                  0      0        0
  SINCE JAN 1      0                  0      0        0
...........................................................


WIND (MPH)
  RESULTANT WIND SPEED  MM   RESULTANT WIND DIRECTION  MM
  HIGHEST WIND SPEED    MM   HIGHEST WIND DIRECTION    MM
  HIGHEST GUST SPEED    25   HIGHEST GUST DIRECTION    SW (225)
  AVERAGE WIND SPEED    MM


SKY COVER
  POSSIBLE SUNSHINE  MM
  AVERAGE SKY COVER  MM


WEATHER CONDITIONS
 THE FOLLOWING WEATHER WAS RECORDED YESTERDAY.
  RAIN
  LIGHT RAIN
  FOG


RELATIVE HUMIDITY (PERCENT)
 HIGHEST    MM
 LOWEST     MM
 AVERAGE    MM

..........................................................


THE MARQUETTE MI CLIMATE NORMALS FOR TODAY
                         NORMAL    RECORD    YEAR
 MAXIMUM TEMPERATURE (F)   48        83      2002
 MINIMUM TEMPERATURE (F)   28        -5      2014


SUNRISE AND SUNSET
APRIL 16 2017.........SUNRISE   701 AM EDT   SUNSET   840 PM EDT
APRIL 17 2017.........SUNRISE   659 AM EDT   SUNSET   841 PM EDT


-  INDICATES NEGATIVE NUMBERS.
R  INDICATES RECORD WAS SET OR TIED.
MM INDICATES DATA IS MISSING.
T  INDICATES TRACE AMOUNT.

$$

TITUS
