734
CDUS43 KMQT 150543
CLIMQT


CLIMATE REPORT
NATIONAL WEATHER SERVICE MARQUETTE MI
142 AM EDT TUE AUG 15 2017


...................................

...THE MARQUETTE MI CLIMATE SUMMARY FOR AUGUST 14 2017...

CLIMATE NORMAL PERIOD 1981 TO 2010
CLIMATE RECORD PERIOD 1961 TO 2017


WEATHER ITEM   OBSERVED RECORD YEAR NORMAL DEPARTURE LAST
                VALUE   VALUE       VALUE  FROM      YEAR
                                           NORMAL
...........................................................
TEMPERATURE (F)
 YESTERDAY
  MAXIMUM         71     95    1965  75     -4       73
  MINIMUM         53     35    1992  54     -1       54
  AVERAGE         62                 64     -2       64

PRECIPITATION (IN)
  YESTERDAY        0.04   0.70 1966   0.10  -0.06     0.02
  MONTH TO DATE    2.31               1.39   0.92     0.83
  SINCE JUN 1     10.26               7.07   3.19     7.86
  SINCE JAN 1     25.10              20.71   4.39    24.07

SNOWFALL (IN)
  YESTERDAY        0.0   MM      MM   0.0    0.0      0.0
  MONTH TO DATE    0.0                0.0    0.0      0.0
  SINCE JUN 1      T                  0.0    0.0       T
  SINCE JUL 1      T                  0.0    0.0       T
  SNOW DEPTH       0

DEGREE DAYS
 HEATING
  YESTERDAY        3                  3      0        1
  MONTH TO DATE   66                 42     24        6
  SINCE JUN 1    286                303    -17      243
  SINCE JUL 1    145                121     24       61

 COOLING
  YESTERDAY        0                  2     -2        0
  MONTH TO DATE   10                 32    -22       50
  SINCE JUN 1     87                174    -87      193
  SINCE JAN 1     87                186    -99      204
...........................................................


WIND (MPH)
  HIGHEST WIND SPEED    MM   HIGHEST WIND DIRECTION    MM
  HIGHEST GUST SPEED    11   HIGHEST GUST DIRECTION    SW (225)
  AVERAGE WIND SPEED    MM


SKY COVER
  POSSIBLE SUNSHINE  MM
  AVERAGE SKY COVER  MM


WEATHER CONDITIONS
 THE FOLLOWING WEATHER WAS RECORDED YESTERDAY.
  LIGHT RAIN


RELATIVE HUMIDITY (PERCENT)
 HIGHEST    MM
 LOWEST     MM
 AVERAGE    MM

..........................................................


THE MARQUETTE MI CLIMATE NORMALS FOR TODAY
                         NORMAL    RECORD    YEAR
 MAXIMUM TEMPERATURE (F)   75        89      2003
 MINIMUM TEMPERATURE (F)   53        38      1992


SUNRISE AND SUNSET
AUGUST 15 2017........SUNRISE   649 AM EDT   SUNSET   859 PM EDT
AUGUST 16 2017........SUNRISE   650 AM EDT   SUNSET   858 PM EDT


-  INDICATES NEGATIVE NUMBERS.
R  INDICATES RECORD WAS SET OR TIED.
MM INDICATES DATA IS MISSING.
T  INDICATES TRACE AMOUNT.




$$
JLA
