000
CDUS43 KMQT 102103
CLIMQT


CLIMATE REPORT
NATIONAL WEATHER SERVICE MARQUETTE MI
503 PM EDT TUE OCT 10 2017


...................................

...THE MARQUETTE MI CLIMATE SUMMARY FOR OCTOBER 10 2017...
VALID TODAY AS OF 0500 PM LOCAL TIME.

CLIMATE NORMAL PERIOD 1981 TO 2010
CLIMATE RECORD PERIOD 1961 TO 2017


WEATHER ITEM   OBSERVED RECORD YEAR NORMAL DEPARTURE LAST
                VALUE   VALUE       VALUE  FROM      YEAR
                                           NORMAL
...........................................................
TEMPERATURE (F)
 TODAY
  MAXIMUM         50     75    2011  55     -5       66
                               1973
  MINIMUM         34     23    1987  36     -2       38
  AVERAGE         42                 46     -4       52

PRECIPITATION (IN)
  TODAY            0.00   1.73 2007   0.13  -0.13     0.00
  MONTH TO DATE    1.52               1.35   0.17     0.61
  SINCE SEP 1      4.77               5.07  -0.30     6.31
  SINCE JAN 1     32.10              27.44   4.66    34.08

SNOWFALL (IN)
  TODAY            0.0    2.1  1967   0.1   -0.1      0.0
  MONTH TO DATE    0.0                1.0   -1.0      0.0
  SINCE SEP 1      T                  1.1   -1.1      0.0
  SINCE JUL 1      T                  1.1   -1.1       T
  SNOW DEPTH       0

DEGREE DAYS
 HEATING
  TODAY           23                 20      3       13
  MONTH TO DATE  107                178    -71      126
  SINCE SEP 1    323                475   -152      299
  SINCE JUL 1    588                660    -72      399

 COOLING
  TODAY            0                  0      0        0
  MONTH TO DATE    3                  0      3        0
  SINCE SEP 1     52                 21     31       10
  SINCE JAN 1    145                241    -96      246
...........................................................


WIND (MPH)
  HIGHEST WIND SPEED    MM   HIGHEST WIND DIRECTION    MM
  HIGHEST GUST SPEED    18   HIGHEST GUST DIRECTION    NW (325)
  AVERAGE WIND SPEED    MM


SKY COVER
  POSSIBLE SUNSHINE  MM
  AVERAGE SKY COVER  MM


WEATHER CONDITIONS
 THE FOLLOWING WEATHER WAS RECORDED TODAY.
  NO SIGNIFICANT WEATHER WAS OBSERVED.


RELATIVE HUMIDITY (PERCENT)
 HIGHEST    MM
 LOWEST     MM
 AVERAGE    MM

..........................................................


THE MARQUETTE MI CLIMATE NORMALS FOR TOMORROW
                         NORMAL    RECORD    YEAR
 MAXIMUM TEMPERATURE (F)   54        85      2015
 MINIMUM TEMPERATURE (F)   36        21      1987


SUNRISE AND SUNSET
OCTOBER 10 2017.......SUNRISE   801 AM EDT   SUNSET   712 PM EDT
OCTOBER 11 2017.......SUNRISE   803 AM EDT   SUNSET   710 PM EDT


-  INDICATES NEGATIVE NUMBERS.
R  INDICATES RECORD WAS SET OR TIED.
MM INDICATES DATA IS MISSING.
T  INDICATES TRACE AMOUNT.




$$
