000
CDUS43 KMQT 060504
CLIMQT

CLIMATE REPORT
NATIONAL WEATHER SERVICE MARQUETTE MI
1203 AM EST FRI JAN 6 2017


...................................

...THE MARQUETTE MI CLIMATE SUMMARY FOR JANUARY 5 2017...

CLIMATE NORMAL PERIOD 1981 TO 2010
CLIMATE RECORD PERIOD 1961 TO 2017


WEATHER ITEM   OBSERVED RECORD YEAR NORMAL DEPARTURE LAST
                VALUE   VALUE       VALUE  FROM      YEAR
                                           NORMAL
...........................................................
TEMPERATURE (F)
 YESTERDAY
  MAXIMUM          2     39    2007  22    -20       30
  MINIMUM         -7    -20    1972   7    -14       11
  AVERAGE         -2                 14    -16       21

PRECIPITATION (IN)
  YESTERDAY        T      0.46 1998   0.08  -0.08     0.00
  MONTH TO DATE    0.10               0.38  -0.28     0.34
  SINCE DEC 1      2.29               2.95  -0.66     5.21
  SINCE JAN 1      0.10               0.38  -0.28     0.34

SNOWFALL (IN)
  YESTERDAY        T      5.3  2010   1.4   -1.4      0.0
  MONTH TO DATE    2.4                6.7   -4.3      7.6
  SINCE DEC 1     44.4               49.5   -5.1     26.5
  SINCE JUL 1     58.6               80.0  -21.4     34.4
  SNOW DEPTH       9

DEGREE DAYS
 HEATING
  YESTERDAY       67                 51     16       44
  MONTH TO DATE  252                251      1      220
  SINCE DEC 1   1685               1691     -6     1330
  SINCE JUL 1   3310               3893   -583     3162

 COOLING
  YESTERDAY        0                  0      0        0
  MONTH TO DATE    0                  0      0        0
  SINCE DEC 1      0                  0      0        0
  SINCE JAN 1      0                  0      0        0
...........................................................


WIND (MPH)
  RESULTANT WIND SPEED  MM   RESULTANT WIND DIRECTION  MM
  HIGHEST WIND SPEED    MM   HIGHEST WIND DIRECTION    MM
  HIGHEST GUST SPEED    19   HIGHEST GUST DIRECTION     W (270)
  AVERAGE WIND SPEED    MM


SKY COVER
  POSSIBLE SUNSHINE  MM
  AVERAGE SKY COVER  MM


WEATHER CONDITIONS
 THE FOLLOWING WEATHER WAS RECORDED YESTERDAY.
  LIGHT SNOW


RELATIVE HUMIDITY (PERCENT)
 HIGHEST    MM
 LOWEST     MM
 AVERAGE    MM

..........................................................


THE MARQUETTE MI CLIMATE NORMALS FOR TODAY
                         NORMAL    RECORD    YEAR
 MAXIMUM TEMPERATURE (F)   22        41      2012
 MINIMUM TEMPERATURE (F)    6       -17      2014
                                             1968


SUNRISE AND SUNSET
JANUARY  6 2017.......SUNRISE   834 AM EST   SUNSET   519 PM EST
JANUARY  7 2017.......SUNRISE   833 AM EST   SUNSET   520 PM EST


-  INDICATES NEGATIVE NUMBERS.
R  INDICATES RECORD WAS SET OR TIED.
MM INDICATES DATA IS MISSING.
T  INDICATES TRACE AMOUNT.




$$
