000
CDUS43 KMQT 260516
CLIMQT


CLIMATE REPORT
NATIONAL WEATHER SERVICE MARQUETTE MI
115 AM EDT SUN JUL 26 2015


...................................

...THE MARQUETTE MI CLIMATE SUMMARY FOR JULY 25 2015...

CLIMATE NORMAL PERIOD 1981 TO 2010
CLIMATE RECORD PERIOD 1961 TO 2015


WEATHER ITEM   OBSERVED RECORD YEAR NORMAL DEPARTURE LAST
                VALUE   VALUE       VALUE  FROM      YEAR
                                           NORMAL
...........................................................
TEMPERATURE (F)
 YESTERDAY
  MAXIMUM         85     91    2007  77      8       76
                               1989
  MINIMUM         59     42    1976  55      4       51
  AVERAGE         72                 66      6       64

PRECIPITATION (IN)
  YESTERDAY        T      1.53 2012   0.10  -0.10     0.03
  MONTH TO DATE    1.70               2.27  -0.57     3.49
  SINCE JUN 1      4.19               5.11  -0.92     9.12
  SINCE JAN 1     15.51              18.75  -3.24    21.58

SNOWFALL (IN)
  YESTERDAY        0.0   MM      MM   0.0    0.0      0.0
  MONTH TO DATE    0.0                0.0    0.0       T
  SINCE JUN 1      0.0                0.0    0.0       T
  SINCE JUL 1      0.0                0.0    0.0       T
  SNOW DEPTH       0

DEGREE DAYS
 HEATING
  YESTERDAY        0                  2     -2        1
  MONTH TO DATE   68                 62      6       91
  SINCE JUN 1    270                244     26      254
  SINCE JUL 1     68                 62      6       91

 COOLING
  YESTERDAY        7                  3      4        0
  MONTH TO DATE   60                 75    -15       38
  SINCE JUN 1     60                123    -63       92
  SINCE JAN 1     62                135    -73      112
...........................................................


WIND (MPH)
  RESULTANT WIND SPEED  MM   RESULTANT WIND DIRECTION  MM
  HIGHEST WIND SPEED    MM   HIGHEST WIND DIRECTION    MM
  HIGHEST GUST SPEED    19   HIGHEST GUST DIRECTION    NW (315)
  AVERAGE WIND SPEED    MM


SKY COVER
  POSSIBLE SUNSHINE  MM
  AVERAGE SKY COVER  MM


WEATHER CONDITIONS
 THE FOLLOWING WEATHER WAS RECORDED YESTERDAY.
  LIGHT RAIN


RELATIVE HUMIDITY (PERCENT)
 HIGHEST    MM
 LOWEST     MM
 AVERAGE    MM

..........................................................


THE MARQUETTE MI CLIMATE NORMALS FOR TODAY
                         NORMAL    RECORD    YEAR
 MAXIMUM TEMPERATURE (F)   77        91      1989
 MINIMUM TEMPERATURE (F)   55        40      1962


SUNRISE AND SUNSET
JULY 26 2015..........SUNRISE   624 AM EDT   SUNSET   929 PM EDT
JULY 27 2015..........SUNRISE   625 AM EDT   SUNSET   928 PM EDT


-  INDICATES NEGATIVE NUMBERS.
R  INDICATES RECORD WAS SET OR TIED.
MM INDICATES DATA IS MISSING.
T  INDICATES TRACE AMOUNT.




$$
