000
CDUS43 KMQT 130549
CLIMQT


CLIMATE REPORT
NATIONAL WEATHER SERVICE MARQUETTE MI
138 AM EDT SAT AUG 13 2016


...................................

...THE MARQUETTE MI CLIMATE SUMMARY FOR AUGUST 12 2016...

CLIMATE NORMAL PERIOD 1981 TO 2010
CLIMATE RECORD PERIOD 1961 TO 2016


WEATHER ITEM   OBSERVED RECORD YEAR NORMAL DEPARTURE LAST
                VALUE   VALUE       VALUE  FROM      YEAR
                                           NORMAL
...........................................................
TEMPERATURE (F)
 YESTERDAY
  MAXIMUM         63     86    1975  75    -12       83
  MINIMUM         59     38    1992  54      5       49
  AVERAGE         61                 64     -3       66

PRECIPITATION (IN)
  YESTERDAY        0.02   1.03 1962   0.10  -0.08     0.00
  MONTH TO DATE    0.73               1.19  -0.46     1.53
  SINCE JUN 1      7.76               6.87   0.89     5.72
  SINCE JAN 1     23.97              20.51   3.46    17.04

SNOWFALL (IN)
  YESTERDAY        0.0   MM      MM   0.0    0.0      0.0
  MONTH TO DATE    0.0                0.0    0.0      0.0
  SINCE JUN 1      T                  0.0    0.0      0.0
  SINCE JUL 1      T                  0.0    0.0      0.0
  SNOW DEPTH       0

DEGREE DAYS
 HEATING
  YESTERDAY        4                  3      1        0
  MONTH TO DATE    4                 36    -32       31
  SINCE JUN 1    241                297    -56      301
  SINCE JUL 1     59                115    -56       99

 COOLING
  YESTERDAY        0                  2     -2        1
  MONTH TO DATE   50                 28     22       13
  SINCE JUN 1    193                170     23      119
  SINCE JAN 1    204                182     22      121
...........................................................


WIND (MPH)
  RESULTANT WIND SPEED  MM   RESULTANT WIND DIRECTION  MM
  HIGHEST WIND SPEED    MM   HIGHEST WIND DIRECTION    MM
  HIGHEST GUST SPEED    17   HIGHEST GUST DIRECTION    NW (315)
  AVERAGE WIND SPEED    MM


SKY COVER
  POSSIBLE SUNSHINE  MM
  AVERAGE SKY COVER  MM


WEATHER CONDITIONS
 THE FOLLOWING WEATHER WAS RECORDED YESTERDAY.
  LIGHT RAIN
  FOG


RELATIVE HUMIDITY (PERCENT)
 HIGHEST    MM
 LOWEST     MM
 AVERAGE    MM

..........................................................


THE MARQUETTE MI CLIMATE NORMALS FOR TODAY
                         NORMAL    RECORD    YEAR
 MAXIMUM TEMPERATURE (F)   75        89      1970
 MINIMUM TEMPERATURE (F)   54        34      1992


SUNRISE AND SUNSET
AUGUST 13 2016........SUNRISE   647 AM EDT   SUNSET   902 PM EDT
AUGUST 14 2016........SUNRISE   648 AM EDT   SUNSET   901 PM EDT


-  INDICATES NEGATIVE NUMBERS.
R  INDICATES RECORD WAS SET OR TIED.
MM INDICATES DATA IS MISSING.
T  INDICATES TRACE AMOUNT.




$$
