000
CDUS43 KMQT 110623
CLIMQT


CLIMATE REPORT
NATIONAL WEATHER SERVICE MARQUETTE MI
123 AM EST THU JAN 11 2018


...................................

...THE MARQUETTE MI CLIMATE SUMMARY FOR JANUARY 10 2018...

CLIMATE NORMAL PERIOD 1981 TO 2010
CLIMATE RECORD PERIOD 1961 TO 2018


WEATHER ITEM   OBSERVED RECORD YEAR NORMAL DEPARTURE LAST
                VALUE   VALUE       VALUE  FROM      YEAR
                                           NORMAL
...........................................................
TEMPERATURE (F)
 YESTERDAY
  MAXIMUM         33     42    2001  22     11       30
  MINIMUM         24    -22    1974   6     18       14
  AVERAGE         29                 14     15       22

PRECIPITATION (IN)
  YESTERDAY        T      0.95 1997   0.08  -0.08     0.57
  MONTH TO DATE    0.46               0.78  -0.32     0.74
  SINCE DEC 1      2.60               3.35  -0.75     2.93
  SINCE JAN 1      0.46               0.78  -0.32     0.74

SNOWFALL (IN)
  YESTERDAY        0.0   15.1  1997   1.4   -1.4      5.7
  MONTH TO DATE    8.1               13.6   -5.5     10.4
  SINCE DEC 1     46.1               56.4  -10.3     52.4
  SINCE JUL 1     71.1               86.9  -15.8     66.6
  SNOW DEPTH      10

DEGREE DAYS
 HEATING
  YESTERDAY       36                 51    -15       43
  MONTH TO DATE  556                506     50      535
  SINCE DEC 1   2135               1946    189     1968
  SINCE JUL 1   4262               4148    114     3593

 COOLING
  YESTERDAY        0                  0      0        0
  MONTH TO DATE    0                  0      0        0
  SINCE DEC 1      0                  0      0        0
  SINCE JAN 1      0                  0      0        0
...........................................................


WIND (MPH)
  RESULTANT WIND SPEED  MM   RESULTANT WIND DIRECTION  MM
  HIGHEST WIND SPEED    MM   HIGHEST WIND DIRECTION    MM
  HIGHEST GUST SPEED    33   HIGHEST GUST DIRECTION    MM
  AVERAGE WIND SPEED   180.0


SKY COVER
  POSSIBLE SUNSHINE  MM
  AVERAGE SKY COVER  MM


WEATHER CONDITIONS
 THE FOLLOWING WEATHER WAS RECORDED YESTERDAY.
  NO SIGNIFICANT WEATHER WAS OBSERVED.


RELATIVE HUMIDITY (PERCENT)
 HIGHEST    MM
 LOWEST     MM
 AVERAGE    MM

..........................................................


THE MARQUETTE MI CLIMATE NORMALS FOR TODAY
                         NORMAL    RECORD    YEAR
 MAXIMUM TEMPERATURE (F)   22        44      1986
 MINIMUM TEMPERATURE (F)    6       -25      1979


SUNRISE AND SUNSET
JANUARY 11 2018.......SUNRISE   832 AM EST   SUNSET   525 PM EST
JANUARY 12 2018.......SUNRISE   832 AM EST   SUNSET   526 PM EST


-  INDICATES NEGATIVE NUMBERS.
R  INDICATES RECORD WAS SET OR TIED.
MM INDICATES DATA IS MISSING.
T  INDICATES TRACE AMOUNT.




$$
