772
CDUS43 KMQT 170513
CLIMQT


CLIMATE REPORT
NATIONAL WEATHER SERVICE MARQUETTE MI
112 AM EDT SUN JUL 17 2016


...................................

...THE MARQUETTE MI CLIMATE SUMMARY FOR JULY 16 2016...

CLIMATE NORMAL PERIOD 1981 TO 2010
CLIMATE RECORD PERIOD 1961 TO 2016


WEATHER ITEM   OBSERVED RECORD YEAR NORMAL DEPARTURE LAST
                VALUE   VALUE       VALUE  FROM      YEAR
                                           NORMAL
...........................................................
TEMPERATURE (F)
 YESTERDAY
  MAXIMUM         74     93    2006  77     -3       78
  MINIMUM         39R    43    1974  55    -16       54
                               1973
                               1963
  AVERAGE         57                 66     -9       66

PRECIPITATION (IN)
  YESTERDAY        0.35   0.92 1972   0.09   0.26     0.18
  MONTH TO DATE    1.79               1.43   0.36     1.62
  SINCE JUN 1      5.33               4.27   1.06     4.11
  SINCE JAN 1     21.54              17.91   3.63    15.43

SNOWFALL (IN)
  YESTERDAY        0.0   MM      MM   0.0    0.0      0.0
  MONTH TO DATE    0.0                0.0    0.0      0.0
  SINCE JUN 1      T                  0.0    0.0      0.0
  SINCE JUL 1      0.0                0.0    0.0      0.0
  SNOW DEPTH       0

DEGREE DAYS
 HEATING
  YESTERDAY        8                  2      6        0
  MONTH TO DATE   42                 44     -2       61
  SINCE JUN 1    224                226     -2      263
  SINCE JUL 1     42                 44     -2       61

 COOLING
  YESTERDAY        0                  3     -3        1
  MONTH TO DATE   33                 48    -15       27
  SINCE JUN 1     74                 96    -22       27
  SINCE JAN 1     85                108    -23       29
...........................................................


WIND (MPH)
  RESULTANT WIND SPEED  MM   RESULTANT WIND DIRECTION  MM
  HIGHEST WIND SPEED    MM   HIGHEST WIND DIRECTION    MM
  HIGHEST GUST SPEED    14   HIGHEST GUST DIRECTION    SE (135)
  AVERAGE WIND SPEED    MM


SKY COVER
  POSSIBLE SUNSHINE  MM
  AVERAGE SKY COVER  MM


WEATHER CONDITIONS
 THE FOLLOWING WEATHER WAS RECORDED YESTERDAY.
  HEAVY RAIN
  RAIN
  LIGHT RAIN


RELATIVE HUMIDITY (PERCENT)
 HIGHEST    MM
 LOWEST     MM
 AVERAGE    MM

..........................................................


THE MARQUETTE MI CLIMATE NORMALS FOR TODAY
                         NORMAL    RECORD    YEAR
 MAXIMUM TEMPERATURE (F)   77        95      2005
                                             1986
 MINIMUM TEMPERATURE (F)   55        40      1979
                                             1971


SUNRISE AND SUNSET
JULY 17 2016..........SUNRISE   615 AM EDT   SUNSET   938 PM EDT
JULY 18 2016..........SUNRISE   616 AM EDT   SUNSET   937 PM EDT


-  INDICATES NEGATIVE NUMBERS.
R  INDICATES RECORD WAS SET OR TIED.
MM INDICATES DATA IS MISSING.
T  INDICATES TRACE AMOUNT.




$$
