000
CDUS43 KMQT 210541
CLIMQT


CLIMATE REPORT
NATIONAL WEATHER SERVICE MARQUETTE MI
1239 AM EST MON NOV 21 2016


...................................

...THE MARQUETTE MI CLIMATE SUMMARY FOR NOVEMBER 20 2016...

CLIMATE NORMAL PERIOD 1981 TO 2010
CLIMATE RECORD PERIOD 1961 TO 2016


WEATHER ITEM   OBSERVED RECORD YEAR NORMAL DEPARTURE LAST
                VALUE   VALUE       VALUE  FROM      YEAR
                                           NORMAL
...........................................................
TEMPERATURE (F)
 YESTERDAY
  MAXIMUM         22     57    1982  35    -13       27
  MINIMUM         18     -4    2014  21     -3       23
  AVERAGE         20                 28     -8       25

PRECIPITATION (IN)
  YESTERDAY        0.19   1.06 2000   0.11   0.08      T
  MONTH TO DATE    0.68               2.12  -1.44     1.55
  SINCE SEP 1      9.21               9.68  -0.47     6.09
  SINCE JAN 1     36.98              32.05   4.93    24.30

SNOWFALL (IN)
  YESTERDAY        7.1   17.0  2000   0.9    6.2       T
  MONTH TO DATE    9.5               13.4   -3.9      2.0
  SINCE SEP 1      9.5               19.5  -10.0      3.2
  SINCE JUL 1      9.5               19.5  -10.0      3.2
  SNOW DEPTH       4

DEGREE DAYS
 HEATING
  YESTERDAY       45                 37      8       40
  MONTH TO DATE  425                649   -224      447
  SINCE SEP 1   1179               1625   -446     1265
  SINCE JUL 1   1279               1810   -531     1433

 COOLING
  YESTERDAY        0                  0      0        0
  MONTH TO DATE    0                  0      0        0
  SINCE SEP 1     10                 22    -12       68
  SINCE JAN 1    246                242      4      250
...........................................................


WIND (MPH)
  HIGHEST WIND SPEED    MM   HIGHEST WIND DIRECTION    MM
  HIGHEST GUST SPEED    22   HIGHEST GUST DIRECTION    NW (315)
  AVERAGE WIND SPEED    MM


SKY COVER
  POSSIBLE SUNSHINE  MM
  AVERAGE SKY COVER  MM


WEATHER CONDITIONS
 THE FOLLOWING WEATHER WAS RECORDED YESTERDAY.
  LIGHT SNOW


RELATIVE HUMIDITY (PERCENT)
 HIGHEST    MM
 LOWEST     MM
 AVERAGE    MM

..........................................................


THE MARQUETTE MI CLIMATE NORMALS FOR TODAY
                         NORMAL    RECORD    YEAR
 MAXIMUM TEMPERATURE (F)   35        56      1990
 MINIMUM TEMPERATURE (F)   21        -4      1984


SUNRISE AND SUNSET
NOVEMBER 21 2016......SUNRISE   801 AM EST   SUNSET   511 PM EST
NOVEMBER 22 2016......SUNRISE   803 AM EST   SUNSET   510 PM EST


-  INDICATES NEGATIVE NUMBERS.
R  INDICATES RECORD WAS SET OR TIED.
MM INDICATES DATA IS MISSING.
T  INDICATES TRACE AMOUNT.

$$
