000
CDUS43 KMQT 090537
CLIMQT


CLIMATE REPORT
NATIONAL WEATHER SERVICE MARQUETTE MI
1237 AM EST SUN NOV 9 2014


...................................

...THE MARQUETTE MI CLIMATE SUMMARY FOR NOVEMBER 8 2014...

CLIMATE NORMAL PERIOD 1981 TO 2010
CLIMATE RECORD PERIOD 1961 TO 2014


WEATHER ITEM   OBSERVED RECORD YEAR NORMAL DEPARTURE LAST
                VALUE   VALUE       VALUE  FROM      YEAR
                                           NORMAL
...........................................................
TEMPERATURE (F)
 YESTERDAY
  MAXIMUM         33     69    1999  41     -8       39
  MINIMUM         22      5    2003  26     -4       29
                               1991
  AVERAGE         28                 34     -6       34

PRECIPITATION (IN)
  YESTERDAY        0.11   0.47 1980   0.10   0.01     0.02
  MONTH TO DATE    0.72               0.83  -0.11     1.34
  SINCE SEP 1     11.31               8.39   2.92     7.74
  SINCE JAN 1     38.05              30.76   7.29    35.49

SNOWFALL (IN)
  YESTERDAY        1.2    2.8  1980   0.6    0.6      0.4
  MONTH TO DATE    5.1                4.1    1.0      1.6
  SINCE SEP 1      8.3               10.2   -1.9      5.1
  SINCE JUL 1      8.3               10.2   -1.9      5.1
  SNOW DEPTH       3

DEGREE DAYS
 HEATING
  YESTERDAY       37                 31      6       31
  MONTH TO DATE  247                238      9      227
  SINCE SEP 1   1232               1214     18     1114
  SINCE JUL 1   1479               1399     80     1328

 COOLING
  YESTERDAY        0                  0      0        0
  MONTH TO DATE    0                  0      0        0
  SINCE SEP 1      5                 22    -17       10
  SINCE JAN 1    152                242    -90      280
...........................................................


WIND (MPH)
  RESULTANT WIND SPEED  MM   RESULTANT WIND DIRECTION  MM
  HIGHEST WIND SPEED    MM   HIGHEST WIND DIRECTION    MM
  HIGHEST GUST SPEED    33   HIGHEST GUST DIRECTION    NW (315)
  AVERAGE WIND SPEED    MM


SKY COVER
  POSSIBLE SUNSHINE  MM
  AVERAGE SKY COVER  MM


WEATHER CONDITIONS
 THE FOLLOWING WEATHER WAS RECORDED YESTERDAY.
  LIGHT SNOW


RELATIVE HUMIDITY (PERCENT)
 HIGHEST    MM
 LOWEST     MM
 AVERAGE    MM

..........................................................


THE MARQUETTE MI CLIMATE NORMALS FOR TODAY
                         NORMAL    RECORD    YEAR
 MAXIMUM TEMPERATURE (F)   41        73      1999
 MINIMUM TEMPERATURE (F)   26        10      1995


SUNRISE AND SUNSET
NOVEMBER  9 2014......SUNRISE   743 AM EST   SUNSET   524 PM EST
NOVEMBER 10 2014......SUNRISE   745 AM EST   SUNSET   523 PM EST


-  INDICATES NEGATIVE NUMBERS.
R  INDICATES RECORD WAS SET OR TIED.
MM INDICATES DATA IS MISSING.
T  INDICATES TRACE AMOUNT.




$$
