000
CDUS43 KMQT 142114
CLIMQT


CLIMATE REPORT
NATIONAL WEATHER SERVICE MARQUETTE MI
511 PM EDT THU JUL 14 2016


...................................

...THE MARQUETTE MI CLIMATE SUMMARY FOR JULY 14 2016...
VALID TODAY AS OF 0500 PM LOCAL TIME.

CLIMATE NORMAL PERIOD 1981 TO 2010
CLIMATE RECORD PERIOD 1961 TO 2016


WEATHER ITEM   OBSERVED RECORD YEAR NORMAL DEPARTURE LAST
                VALUE   VALUE       VALUE  FROM      YEAR
                                           NORMAL
...........................................................
TEMPERATURE (F)
 TODAY
  MAXIMUM         68     95    1983  77     -9       64
  MINIMUM         61     43    1990  55      6       49
                               1989
                               1987
  AVERAGE         65                 66     -1       57

PRECIPITATION (IN)
  TODAY            0.31   2.47 1977   0.09   0.22     0.13
  MONTH TO DATE    1.35               1.25   0.10     1.44
  SINCE JUN 1      4.89               4.09   0.80     3.93
  SINCE JAN 1     21.10              17.73   3.37    15.25

SNOWFALL (IN)
  TODAY            0.0   MM      MM   0.0    0.0      0.0
  MONTH TO DATE    0.0                0.0    0.0      0.0
  SINCE JUN 1      T                  0.0    0.0      0.0
  SINCE JUL 1      0.0                0.0    0.0      0.0
  SNOW DEPTH       0

DEGREE DAYS
 HEATING
  TODAY            0                  2     -2        8
  MONTH TO DATE   18                 40    -22       53
  SINCE JUN 1    200                222    -22      255
  SINCE JUL 1     18                 40    -22       53

 COOLING
  TODAY            0                  3     -3        0
  MONTH TO DATE   33                 42     -9       26
  SINCE JUN 1     74                 90    -16       26
  SINCE JAN 1     85                102    -17       28
...........................................................


WIND (MPH)
  HIGHEST WIND SPEED    MM   HIGHEST WIND DIRECTION    MM
  HIGHEST GUST SPEED    27   HIGHEST GUST DIRECTION    SW (225)
  AVERAGE WIND SPEED    MM


SKY COVER
  POSSIBLE SUNSHINE  MM
  AVERAGE SKY COVER  MM


WEATHER CONDITIONS
 THE FOLLOWING WEATHER WAS RECORDED TODAY.
  LIGHT RAIN SHOWERS


RELATIVE HUMIDITY (PERCENT)
 HIGHEST    MM
 LOWEST     MM
 AVERAGE    MM

..........................................................


THE MARQUETTE MI CLIMATE NORMALS FOR TOMORROW
                         NORMAL    RECORD    YEAR
 MAXIMUM TEMPERATURE (F)   77        96      2006
 MINIMUM TEMPERATURE (F)   55        36      1989


SUNRISE AND SUNSET
JULY 14 2016..........SUNRISE   612 AM EDT   SUNSET   940 PM EDT
JULY 15 2016..........SUNRISE   613 AM EDT   SUNSET   939 PM EDT


-  INDICATES NEGATIVE NUMBERS.
R  INDICATES RECORD WAS SET OR TIED.
MM INDICATES DATA IS MISSING.
T  INDICATES TRACE AMOUNT.




$$
