000
CDUS43 KMQT 022115
CLIMQT


CLIMATE REPORT
NATIONAL WEATHER SERVICE MARQUETTE MI
510 PM EDT WED AUG 2 2017


...................................

...THE MARQUETTE MI CLIMATE SUMMARY FOR AUGUST 2 2017...
VALID TODAY AS OF 0500 PM LOCAL TIME.

CLIMATE NORMAL PERIOD 1981 TO 2010
CLIMATE RECORD PERIOD 1961 TO 2017


WEATHER ITEM   OBSERVED RECORD YEAR NORMAL DEPARTURE LAST
                VALUE   VALUE       VALUE  FROM      YEAR
                                           NORMAL
...........................................................
TEMPERATURE (F)
 TODAY
  MAXIMUM         64     95    1988  76    -12       83
  MINIMUM         53     40    1976  54     -1       61
  AVERAGE         59                 65     -6       72

PRECIPITATION (IN)
  TODAY            T      2.11 1988   0.09  -0.09     0.04
  MONTH TO DATE    0.10               0.19  -0.09     0.04
  SINCE JUN 1      8.05               5.87   2.18     7.07
  SINCE JAN 1     22.89              19.51   3.38    23.28

SNOWFALL (IN)
  TODAY            0.0   MM      MM   0.0    0.0      0.0
  MONTH TO DATE    0.0                0.0    0.0      0.0
  SINCE JUN 1      T                  0.0    0.0       T
  SINCE JUL 1      T                  0.0    0.0       T
  SNOW DEPTH       0

DEGREE DAYS
 HEATING
  TODAY            6                  3      3        0
  MONTH TO DATE    6                  6      0        0
  SINCE JUN 1    226                267    -41      237
  SINCE JUL 1     85                 85      0       55

 COOLING
  TODAY            0                  3     -3        7
  MONTH TO DATE    9                  6      3       10
  SINCE JUN 1     86                148    -62      153
  SINCE JAN 1     86                160    -74      164
...........................................................


WIND (MPH)
  HIGHEST WIND SPEED    MM   HIGHEST WIND DIRECTION    MM
  HIGHEST GUST SPEED    19   HIGHEST GUST DIRECTION     N (360)
  AVERAGE WIND SPEED    MM


SKY COVER
  POSSIBLE SUNSHINE  MM
  AVERAGE SKY COVER  MM


WEATHER CONDITIONS
 THE FOLLOWING WEATHER WAS RECORDED TODAY.
  FOG
  LIGHT DRIZZLE

RELATIVE HUMIDITY (PERCENT)
 HIGHEST    MM
 LOWEST     MM
 AVERAGE    MM

..........................................................


THE MARQUETTE MI CLIMATE NORMALS FOR TOMORROW
                         NORMAL    RECORD    YEAR
 MAXIMUM TEMPERATURE (F)   76        93      2005
 MINIMUM TEMPERATURE (F)   54        40      1972


SUNRISE AND SUNSET
AUGUST  2 2017........SUNRISE   633 AM EDT   SUNSET   920 PM EDT
AUGUST  3 2017........SUNRISE   634 AM EDT   SUNSET   918 PM EDT


-  INDICATES NEGATIVE NUMBERS.
R  INDICATES RECORD WAS SET OR TIED.
MM INDICATES DATA IS MISSING.
T  INDICATES TRACE AMOUNT.




$$
