000
CDUS43 KMQT 310532
CLIMQT


CLIMATE REPORT
NATIONAL WEATHER SERVICE MARQUETTE MI
1225 AM EST SAT DEC 31 2016


...................................

...THE MARQUETTE MI CLIMATE SUMMARY FOR DECEMBER 30 2016...

CLIMATE NORMAL PERIOD 1981 TO 2010
CLIMATE RECORD PERIOD 1961 TO 2016


WEATHER ITEM   OBSERVED RECORD YEAR NORMAL DEPARTURE LAST
                VALUE   VALUE       VALUE  FROM      YEAR
                                           NORMAL
...........................................................
TEMPERATURE (F)
 YESTERDAY
  MAXIMUM         18     43    1979  23     -5       24
  MINIMUM         15    -25    1976   8      7       21
  AVERAGE         17                 15      2       23

PRECIPITATION (IN)
  YESTERDAY        0.08   0.64 1972   0.07   0.01     0.07
  MONTH TO DATE    2.15               2.50  -0.35     4.87
  SINCE DEC 1      2.15               2.50  -0.35     4.87
  SINCE JAN 1     40.23              35.61   4.62    29.77

SNOWFALL (IN)
  YESTERDAY        1.7    7.7  1997   1.4    0.3      1.0
  MONTH TO DATE   39.8               41.4   -1.6     18.7
  SINCE DEC 1     39.8               41.4   -1.6     18.7
  SINCE JUL 1     54.0               71.9  -17.9     26.6
  SNOW DEPTH       8

DEGREE DAYS
 HEATING
  YESTERDAY       48                 50     -2       42
  MONTH TO DATE 1389               1390     -1     1065
  SINCE DEC 1   1389               1390     -1     1065
  SINCE JUL 1   3014               3592   -578     2897

 COOLING
  YESTERDAY        0                  0      0        0
  MONTH TO DATE    0                  0      0        0
  SINCE DEC 1      0                  0      0        0
  SINCE JAN 1    246                242      4      250
...........................................................


WIND (MPH)
  RESULTANT WIND SPEED  MM   RESULTANT WIND DIRECTION  MM
  HIGHEST WIND SPEED    MM   HIGHEST WIND DIRECTION    MM
  HIGHEST GUST SPEED    29   HIGHEST GUST DIRECTION     W (270)
  AVERAGE WIND SPEED    MM


SKY COVER
  POSSIBLE SUNSHINE  MM
  AVERAGE SKY COVER  MM


WEATHER CONDITIONS
 THE FOLLOWING WEATHER WAS RECORDED YESTERDAY.
  LIGHT SNOW


RELATIVE HUMIDITY (PERCENT)
 HIGHEST    MM
 LOWEST     MM
 AVERAGE    MM

..........................................................


THE MARQUETTE MI CLIMATE NORMALS FOR TODAY
                         NORMAL    RECORD    YEAR
 MAXIMUM TEMPERATURE (F)   23        45      1965
 MINIMUM TEMPERATURE (F)    7       -18      1967


SUNRISE AND SUNSET
DECEMBER 31 2016......SUNRISE   834 AM EST   SUNSET   513 PM EST
JANUARY  1 2017.......SUNRISE   834 AM EST   SUNSET   514 PM EST


-  INDICATES NEGATIVE NUMBERS.
R  INDICATES RECORD WAS SET OR TIED.
MM INDICATES DATA IS MISSING.
T  INDICATES TRACE AMOUNT.




$$
