320
CDUS43 KMQT 062203
CLIMQT


CLIMATE REPORT
NATIONAL WEATHER SERVICE MARQUETTE MI
502 PM EST WED DEC 6 2017


...................................

...THE MARQUETTE MI CLIMATE SUMMARY FOR DECEMBER 6 2017...
VALID TODAY AS OF 0500 PM LOCAL TIME.

CLIMATE NORMAL PERIOD 1981 TO 2010
CLIMATE RECORD PERIOD 1961 TO 2017


WEATHER ITEM   OBSERVED RECORD YEAR NORMAL DEPARTURE LAST
                VALUE   VALUE       VALUE  FROM      YEAR
                                           NORMAL
...........................................................
TEMPERATURE (F)
 TODAY
  MAXIMUM         18     50    1988  29    -11       37
  MINIMUM         14    -12    1972  14      0       22
  AVERAGE         16                 21     -5       30

PRECIPITATION (IN)
  TODAY            0.01   0.36 1997   0.09  -0.08      T
  MONTH TO DATE    0.96               0.57   0.39     0.19
  SINCE DEC 1      0.96               0.57   0.39     0.19
  SINCE JAN 1     41.53              33.68   7.85    38.27

SNOWFALL (IN)
  TODAY            0.4    7.0  2006   1.4   -1.0      0.2
  MONTH TO DATE    0.7                7.8   -7.1      2.5
  SINCE DEC 1      0.7                7.8   -7.1      2.5
  SINCE JUL 1     25.7               38.3  -12.6     16.7
  SNOW DEPTH       T

DEGREE DAYS
 HEATING
  TODAY           49                 44      5       35
  MONTH TO DATE  201                256    -55      208
  SINCE DEC 1    201                256    -55      208
  SINCE JUL 1   2328               2458   -130     1833

 COOLING
  TODAY            0                  0      0        0
  MONTH TO DATE    0                  0      0        0
  SINCE DEC 1      0                  0      0        0
  SINCE JAN 1    145                242    -97      246
...........................................................


WIND (MPH)
  HIGHEST WIND SPEED    MM   HIGHEST WIND DIRECTION    MM
  HIGHEST GUST SPEED    34   HIGHEST GUST DIRECTION     W (270)
  AVERAGE WIND SPEED    MM


SKY COVER
  POSSIBLE SUNSHINE  MM
  AVERAGE SKY COVER  MM


WEATHER CONDITIONS
 THE FOLLOWING WEATHER WAS RECORDED TODAY.
  LIGHT SNOW


RELATIVE HUMIDITY (PERCENT)
 HIGHEST    MM
 LOWEST     MM
 AVERAGE    MM

..........................................................


THE MARQUETTE MI CLIMATE NORMALS FOR TOMORROW
                         NORMAL    RECORD    YEAR
 MAXIMUM TEMPERATURE (F)   28        38      1963
 MINIMUM TEMPERATURE (F)   14       -18      1972


SUNRISE AND SUNSET
DECEMBER  6 2017......SUNRISE   819 AM EST   SUNSET   503 PM EST
DECEMBER  7 2017......SUNRISE   820 AM EST   SUNSET   503 PM EST


-  INDICATES NEGATIVE NUMBERS.
R  INDICATES RECORD WAS SET OR TIED.
MM INDICATES DATA IS MISSING.
T  INDICATES TRACE AMOUNT.




$$
