000
CDUS43 KMQT 220519
CLIMQT


CLIMATE REPORT
NATIONAL WEATHER SERVICE MARQUETTE MI
118 AM EDT FRI JUL 22 2016


...................................

...THE MARQUETTE MI CLIMATE SUMMARY FOR JULY 21 2016...

CLIMATE NORMAL PERIOD 1981 TO 2010
CLIMATE RECORD PERIOD 1961 TO 2016


WEATHER ITEM   OBSERVED RECORD YEAR NORMAL DEPARTURE LAST
                VALUE   VALUE       VALUE  FROM      YEAR
                                           NORMAL
...........................................................
TEMPERATURE (F)
 YESTERDAY
  MAXIMUM         89     91    2002  77     12       73
  MINIMUM         66     37    1992  55     11       52
  AVERAGE         78                 66     12       63

PRECIPITATION (IN)
  YESTERDAY        0.21   1.07 2002   0.09   0.12     0.00
  MONTH TO DATE    3.01               1.89   1.12     1.66
  SINCE JUN 1      6.55               4.73   1.82     4.15
  SINCE JAN 1     22.76              18.37   4.39    15.47

SNOWFALL (IN)
  YESTERDAY        0.0   MM      MM   0.0    0.0      0.0
  MONTH TO DATE    T                  0.0    0.0      0.0
  SINCE JUN 1      T                  0.0    0.0      0.0
  SINCE JUL 1      T                  0.0    0.0      0.0
  SNOW DEPTH       0

DEGREE DAYS
 HEATING
  YESTERDAY        0                  2     -2        2
  MONTH TO DATE   50                 54     -4       63
  SINCE JUN 1    232                236     -4      265
  SINCE JUL 1     50                 54     -4       63

 COOLING
  YESTERDAY       13                  3     10        0
  MONTH TO DATE   57                 63     -6       46
  SINCE JUN 1     98                111    -13       46
  SINCE JAN 1    109                123    -14       48
...........................................................

WIND (MPH)
  RESULTANT WIND SPEED  MM   RESULTANT WIND DIRECTION  MM
  HIGHEST WIND SPEED    MM   HIGHEST WIND DIRECTION    MM
  HIGHEST GUST SPEED    49   HIGHEST GUST DIRECTION    SW (225)
  AVERAGE WIND SPEED    MM

SKY COVER
  POSSIBLE SUNSHINE  MM
  AVERAGE SKY COVER  MM

WEATHER CONDITIONS
 THE FOLLOWING WEATHER WAS RECORDED YESTERDAY.
  THUNDERSTORM
  HEAVY RAIN
  RAIN
  LIGHT RAIN

RELATIVE HUMIDITY (PERCENT)
 HIGHEST    MM
 LOWEST     MM
 AVERAGE    MM
..........................................................

THE MARQUETTE MI CLIMATE NORMALS FOR TODAY
                         NORMAL    RECORD    YEAR
 MAXIMUM TEMPERATURE (F)   77        90      1999
 MINIMUM TEMPERATURE (F)   55        40      1981


SUNRISE AND SUNSET
JULY 22 2016..........SUNRISE   620 AM EDT   SUNSET   933 PM EDT
JULY 23 2016..........SUNRISE   621 AM EDT   SUNSET   932 PM EDT


-  INDICATES NEGATIVE NUMBERS.
R  INDICATES RECORD WAS SET OR TIED.
MM INDICATES DATA IS MISSING.
T  INDICATES TRACE AMOUNT.




$$
