627
CDUS43 KMQT 200509
CLIMQT


CLIMATE REPORT
NATIONAL WEATHER SERVICE MARQUETTE MI
109 AM EDT TUE SEP 20 2016


...................................

...THE MARQUETTE MI CLIMATE SUMMARY FOR SEPTEMBER 19 2016...

CLIMATE NORMAL PERIOD 1981 TO 2010
CLIMATE RECORD PERIOD 1961 TO 2016


WEATHER ITEM   OBSERVED RECORD YEAR NORMAL DEPARTURE LAST
                VALUE   VALUE       VALUE  FROM      YEAR
                                           NORMAL
...........................................................
TEMPERATURE (F)
 YESTERDAY
  MAXIMUM         71     83    1985  65      6       64
  MINIMUM         56     27    1993  45     11       45
  AVERAGE         64                 55      9       55

PRECIPITATION (IN)
  YESTERDAY        0.03   1.71 2005   0.12  -0.09     0.17
  MONTH TO DATE    4.68               2.23   2.45     1.52
  SINCE SEP 1      4.68               2.23   2.45     1.52
  SINCE JAN 1     32.45              24.60   7.85    19.73

SNOWFALL (IN)
  YESTERDAY        0.0   MM      MM   0.0    0.0      0.0
  MONTH TO DATE    0.0                0.0    0.0      0.0
  SINCE SEP 1      0.0                0.0    0.0      0.0
  SINCE JUL 1      T                  0.0    0.0      0.0
  SNOW DEPTH       0

DEGREE DAYS
 HEATING
  YESTERDAY        1                 11    -10       10
  MONTH TO DATE   70                152    -82       77
  SINCE SEP 1     70                152    -82       77
  SINCE JUL 1    170                337   -167      245

 COOLING
  YESTERDAY        0                  0      0        0
  MONTH TO DATE   10                 21    -11       64
  SINCE SEP 1     10                 21    -11       64
  SINCE JAN 1    246                241      5      246
...........................................................

WIND (MPH)
  RESULTANT WIND SPEED  MM   RESULTANT WIND DIRECTION  MM
  HIGHEST WIND SPEED    MM   HIGHEST WIND DIRECTION    MM
  HIGHEST GUST SPEED    36   HIGHEST GUST DIRECTION     W (270)
  AVERAGE WIND SPEED    MM

SKY COVER
  POSSIBLE SUNSHINE  MM
  AVERAGE SKY COVER  MM

WEATHER CONDITIONS
 THE FOLLOWING WEATHER WAS RECORDED YESTERDAY.
  LIGHT RAIN

RELATIVE HUMIDITY (PERCENT)
 HIGHEST    MM
 LOWEST     MM
 AVERAGE    MM
..........................................................

THE MARQUETTE MI CLIMATE NORMALS FOR TODAY
                         NORMAL    RECORD    YEAR
 MAXIMUM TEMPERATURE (F)   64        81      1994
 MINIMUM TEMPERATURE (F)   44        29      1962


SUNRISE AND SUNSET
SEPTEMBER 20 2016.....SUNRISE   735 AM EDT   SUNSET   751 PM EDT
SEPTEMBER 21 2016.....SUNRISE   736 AM EDT   SUNSET   749 PM EDT


-  INDICATES NEGATIVE NUMBERS.
R  INDICATES RECORD WAS SET OR TIED.
MM INDICATES DATA IS MISSING.
T  INDICATES TRACE AMOUNT.




$$
