000
CDUS43 KMQT 090527
CLIMQT


CLIMATE REPORT
NATIONAL WEATHER SERVICE MARQUETTE MI
1225 AM EST TUE DEC 9 2014


...................................

...THE MARQUETTE MI CLIMATE SUMMARY FOR DECEMBER 8 2014...

CLIMATE NORMAL PERIOD 1981 TO 2010
CLIMATE RECORD PERIOD 1961 TO 2014


WEATHER ITEM   OBSERVED RECORD YEAR NORMAL DEPARTURE LAST
                VALUE   VALUE       VALUE  FROM      YEAR
                                           NORMAL
...........................................................
TEMPERATURE (F)
 YESTERDAY
  MAXIMUM         32     44    1984  28      4       10
  MINIMUM         27    -13    1976  14     13      -10
  AVERAGE         30                 21      9        0

PRECIPITATION (IN)
  YESTERDAY        0.09   0.44 1966   0.09   0.00     0.04
  MONTH TO DATE    0.17               0.75  -0.58     0.91
  SINCE DEC 1      0.17               0.75  -0.58     0.91
  SINCE JAN 1     42.72              33.86   8.86    38.09

SNOWFALL (IN)
  YESTERDAY        1.1    8.0  1977   1.4   -0.3      0.5
  MONTH TO DATE    3.2               10.6   -7.4      6.4
  SINCE DEC 1      3.2               10.6   -7.4      6.4
  SINCE JUL 1     59.4               41.1   18.3     28.9
  SNOW DEPTH      15

DEGREE DAYS
 HEATING
  YESTERDAY       35                 44     -9       65
  MONTH TO DATE  396                344     52      381
  SINCE DEC 1    396                344     52      381
  SINCE JUL 1   2926               2546    380     2550

 COOLING
  YESTERDAY        0                  0      0        0
  MONTH TO DATE    0                  0      0        0
  SINCE DEC 1      0                  0      0        0
  SINCE JAN 1    152                242    -90      280
...........................................................


WIND (MPH)
  RESULTANT WIND SPEED  MM   RESULTANT WIND DIRECTION  MM
  HIGHEST WIND SPEED    MM   HIGHEST WIND DIRECTION    MM
  HIGHEST GUST SPEED    28   HIGHEST GUST DIRECTION     S (180)
  AVERAGE WIND SPEED    MM


SKY COVER
  POSSIBLE SUNSHINE  MM
  AVERAGE SKY COVER  MM


WEATHER CONDITIONS
 THE FOLLOWING WEATHER WAS RECORDED YESTERDAY.
  LIGHT RAIN
  LIGHT SNOW
  FOG


RELATIVE HUMIDITY (PERCENT)
 HIGHEST    MM
 LOWEST     MM
 AVERAGE    MM

..........................................................


THE MARQUETTE MI CLIMATE NORMALS FOR TODAY
                         NORMAL    RECORD    YEAR
 MAXIMUM TEMPERATURE (F)   28        50      1990
 MINIMUM TEMPERATURE (F)   13        -9      1976


SUNRISE AND SUNSET
DECEMBER  9 2014......SUNRISE   822 AM EST   SUNSET   503 PM EST
DECEMBER 10 2014......SUNRISE   823 AM EST   SUNSET   503 PM EST


-  INDICATES NEGATIVE NUMBERS.
R  INDICATES RECORD WAS SET OR TIED.
MM INDICATES DATA IS MISSING.
T  INDICATES TRACE AMOUNT.


$$

TITUS
