000
CDUS43 KMQT 050521
CLIMQT


CLIMATE REPORT
NATIONAL WEATHER SERVICE MARQUETTE MI
121 AM EDT SAT APR 5 2014


...................................

...THE MARQUETTE MI CLIMATE SUMMARY FOR APRIL 4 2014...

CLIMATE NORMAL PERIOD 1981 TO 2010
CLIMATE RECORD PERIOD 1961 TO 2014


WEATHER ITEM   OBSERVED RECORD YEAR NORMAL DEPARTURE LAST
                VALUE   VALUE       VALUE  FROM      YEAR
                                           NORMAL
...........................................................
TEMPERATURE (F)
 YESTERDAY
  MAXIMUM         27     62    1997  42    -15       42
  MINIMUM         21     -5    1964  22     -1       28
  AVERAGE         24                 32     -8       35

PRECIPITATION (IN)
  YESTERDAY        1.11   1.79 2007   0.11   1.00      T
  MONTH TO DATE    1.13               0.43   0.70     0.04
  SINCE MAR 1      3.09               3.46  -0.37     3.33
  SINCE JAN 1      6.61               8.01  -1.40     8.88

SNOWFALL (IN)
  YESTERDAY       10.3   24.0  2007   0.7    9.6      0.0
  MONTH TO DATE   10.7                3.1    7.6      1.9
  SINCE MAR 1     40.7               38.0    2.7     50.7
  SINCE JUL 1    170.2              190.4  -20.2    184.5
  SNOW DEPTH      32

DEGREE DAYS
 HEATING
  YESTERDAY       41                 33      8       30
  MONTH TO DATE  155                134     21      172
  SINCE MAR 1   1678               1397    281     1522
  SINCE JUL 1   9000               8021    979     7832

 COOLING
  YESTERDAY        0                  0      0        0
  MONTH TO DATE    0                  0      0        0
  SINCE MAR 1      0                  0      0        0
  SINCE JAN 1      0                  0      0        0
...........................................................

WIND (MPH)
  RESULTANT WIND SPEED  MM   RESULTANT WIND DIRECTION  MM
  HIGHEST WIND SPEED    MM   HIGHEST WIND DIRECTION    MM
  HIGHEST GUST SPEED    35   HIGHEST GUST DIRECTION     N (360)
  AVERAGE WIND SPEED    MM

SKY COVER
  POSSIBLE SUNSHINE  MM
  AVERAGE SKY COVER  MM

WEATHER CONDITIONS
 THE FOLLOWING WEATHER WAS RECORDED YESTERDAY.
  HEAVY SNOW
  SNOW
  LIGHT SNOW
  SLEET
  BLOWING SNOW

RELATIVE HUMIDITY (PERCENT)
 HIGHEST    MM
 LOWEST     MM
 AVERAGE    MM
..........................................................


THE MARQUETTE MI CLIMATE NORMALS FOR TODAY
                         NORMAL    RECORD    YEAR
 MAXIMUM TEMPERATURE (F)   43        77      1991
 MINIMUM TEMPERATURE (F)   23        -2      1972


SUNRISE AND SUNSET
APRIL  5 2014.........SUNRISE   722 AM EDT   SUNSET   825 PM EDT
APRIL  6 2014.........SUNRISE   720 AM EDT   SUNSET   826 PM EDT


-  INDICATES NEGATIVE NUMBERS.
R  INDICATES RECORD WAS SET OR TIED.
MM INDICATES DATA IS MISSING.
T  INDICATES TRACE AMOUNT.




$$
