176
CDUS43 KMQT 020531
CLIMQT


CLIMATE REPORT
NATIONAL WEATHER SERVICE MARQUETTE MI
131 AM EDT SAT MAY 2 2015


...................................

...THE MARQUETTE MI CLIMATE SUMMARY FOR MAY 1 2015...

CLIMATE NORMAL PERIOD 1981 TO 2010
CLIMATE RECORD PERIOD 1961 TO 2015


WEATHER ITEM   OBSERVED RECORD YEAR NORMAL DEPARTURE LAST
                VALUE   VALUE       VALUE  FROM      YEAR
                                           NORMAL
...........................................................
TEMPERATURE (F)
 YESTERDAY
  MAXIMUM         66     80    1992  56     10       42
  MINIMUM         30     20    1963  35     -5       37
  AVERAGE         48                 45      3       40

PRECIPITATION (IN)
  YESTERDAY        0.00   2.73 1973   0.09  -0.09     0.17
  MONTH TO DATE    0.00               0.09  -0.09     0.17
  SINCE MAR 1      3.76               6.13  -2.37     6.58
  SINCE JAN 1      6.68              10.68  -4.00    10.10

SNOWFALL (IN)
  YESTERDAY        0.0    1.2  2005   0.1   -0.1      0.0
  MONTH TO DATE    0.0                0.1   -0.1      0.0
  SINCE MAR 1     24.4               49.5  -25.1     65.8
  SINCE JUL 1    178.4              201.9  -23.5    195.3
  SNOW DEPTH       0

DEGREE DAYS
 HEATING
  YESTERDAY       17                 20     -3       25
  MONTH TO DATE   17                 20     -3       25
  SINCE MAR 1   2079               2098    -19     2499
  SINCE JUL 1   9390               8722    668     9821

 COOLING
  YESTERDAY        0                  0      0        0
  MONTH TO DATE    0                  0      0        0
  SINCE MAR 1      0                  1     -1        0
  SINCE JAN 1      0                  1     -1        0
...........................................................


WIND (MPH)
  RESULTANT WIND SPEED  MM   RESULTANT WIND DIRECTION  MM
  HIGHEST WIND SPEED    MM   HIGHEST WIND DIRECTION    MM
  HIGHEST GUST SPEED    17   HIGHEST GUST DIRECTION     W (270)
  AVERAGE WIND SPEED    MM


SKY COVER
  POSSIBLE SUNSHINE  MM
  AVERAGE SKY COVER  MM


WEATHER CONDITIONS
 THE FOLLOWING WEATHER WAS RECORDED YESTERDAY.
  NO SIGNIFICANT WEATHER WAS OBSERVED.


RELATIVE HUMIDITY (PERCENT)
 HIGHEST    MM
 LOWEST     MM
 AVERAGE    MM

..........................................................


THE MARQUETTE MI CLIMATE NORMALS FOR TODAY
                         NORMAL    RECORD    YEAR
 MAXIMUM TEMPERATURE (F)   56        78      1999
 MINIMUM TEMPERATURE (F)   35        19      1966


SUNRISE AND SUNSET
MAY  2 2015...........SUNRISE   635 AM EDT   SUNSET   901 PM EDT
MAY  3 2015...........SUNRISE   633 AM EDT   SUNSET   902 PM EDT


-  INDICATES NEGATIVE NUMBERS.
R  INDICATES RECORD WAS SET OR TIED.
MM INDICATES DATA IS MISSING.
T  INDICATES TRACE AMOUNT.




$$
