000
CDUS43 KMQT 192101
CLIMQT


CLIMATE REPORT
NATIONAL WEATHER SERVICE MARQUETTE MI
500 PM EDT SUN MAR 19 2017


...................................

...THE MARQUETTE MI CLIMATE SUMMARY FOR MARCH 19 2017...
VALID TODAY AS OF 0500 PM LOCAL TIME.

CLIMATE NORMAL PERIOD 1981 TO 2010
CLIMATE RECORD PERIOD 1961 TO 2017


WEATHER ITEM   OBSERVED RECORD YEAR NORMAL DEPARTURE LAST
                VALUE   VALUE       VALUE  FROM      YEAR
                                           NORMAL
...........................................................
TEMPERATURE (F)
 TODAY
  MAXIMUM         40     78    2012  36      4       31
  MINIMUM         25    -11    1989  15     10        9
  AVERAGE         33                 25      8       20

PRECIPITATION (IN)
  TODAY            T      1.62 1983   0.10  -0.10     0.00
  MONTH TO DATE    1.16               1.82  -0.66     2.33
  SINCE MAR 1      1.16               1.82  -0.66     2.33
  SINCE JAN 1      5.74               6.37  -0.63     6.95

SNOWFALL (IN)
  TODAY            T     18.0  1986   1.1   -1.1      0.0
  MONTH TO DATE   19.4               23.7   -4.3     13.0
  SINCE MAR 1     19.4               23.7   -4.3     13.0
  SINCE JUL 1    140.5              176.1  -35.6    113.1
  SNOW DEPTH      10

DEGREE DAYS
 HEATING
  TODAY           32                 40     -8       45
  MONTH TO DATE  849                818     31      672
  SINCE MAR 1    849                818     31      672
  SINCE JUL 1   6533               7442   -909     6439

 COOLING
  TODAY            0                  0      0        0
  MONTH TO DATE    0                  0      0        0
  SINCE MAR 1      0                  0      0        0
  SINCE JAN 1      0                  0      0        0
...........................................................


WIND (MPH)
  HIGHEST WIND SPEED    MM   HIGHEST WIND DIRECTION    MM
  HIGHEST GUST SPEED    29   HIGHEST GUST DIRECTION     S (180)
  AVERAGE WIND SPEED    MM


SKY COVER
  POSSIBLE SUNSHINE  MM
  AVERAGE SKY COVER  MM


WEATHER CONDITIONS
 THE FOLLOWING WEATHER WAS RECORDED TODAY.
  LT FREEZING RAIN
  LIGHT SNOW
  FOG


RELATIVE HUMIDITY (PERCENT)
 HIGHEST    MM
 LOWEST     MM
 AVERAGE    MM

..........................................................


THE MARQUETTE MI CLIMATE NORMALS FOR TOMORROW
                         NORMAL    RECORD    YEAR
 MAXIMUM TEMPERATURE (F)   36        78      2012
 MINIMUM TEMPERATURE (F)   15        -7      1965


SUNRISE AND SUNSET
MARCH 19 2017.........SUNRISE   755 AM EDT   SUNSET   802 PM EDT
MARCH 20 2017.........SUNRISE   753 AM EDT   SUNSET   803 PM EDT


-  INDICATES NEGATIVE NUMBERS.
R  INDICATES RECORD WAS SET OR TIED.
MM INDICATES DATA IS MISSING.
T  INDICATES TRACE AMOUNT.




$$
