000
CDUS43 KMQT 160535
CLIMQT


CLIMATE REPORT
NATIONAL WEATHER SERVICE MARQUETTE MI
1234 AM EST FRI JAN 16 2015


...................................

...THE MARQUETTE MI CLIMATE SUMMARY FOR JANUARY 15 2015...

CLIMATE NORMAL PERIOD 1981 TO 2010
CLIMATE RECORD PERIOD 1961 TO 2015


WEATHER ITEM   OBSERVED RECORD YEAR NORMAL DEPARTURE LAST
                VALUE   VALUE       VALUE  FROM      YEAR
                                           NORMAL
...........................................................
TEMPERATURE (F)
 YESTERDAY
  MAXIMUM         29     42    1990  22      7       13
  MINIMUM         15    -30    1965   5     10        7
  AVERAGE         22                 13      9       10

PRECIPITATION (IN)
  YESTERDAY        T      0.59 2007   0.08  -0.08     0.05
  MONTH TO DATE    0.77               1.18  -0.41     0.70
  SINCE DEC 1      3.05               3.75  -0.70     3.28
  SINCE JAN 1      0.77               1.18  -0.41     0.70

SNOWFALL (IN)
  YESTERDAY        T     15.8  2007   1.4   -1.4      2.0
  MONTH TO DATE   14.8               21.0   -6.2     12.8
  SINCE DEC 1     41.8               63.8  -22.0     59.7
  SINCE JUL 1     98.0               94.3    3.7     82.2
  SNOW DEPTH      23

DEGREE DAYS
 HEATING
  YESTERDAY       43                 52     -9       55
  MONTH TO DATE  887                763    124      858
  SINCE DEC 1   2252               2203     49     2529
  SINCE JUL 1   4782               4405    377     4698

 COOLING
  YESTERDAY        0                  0      0        0
  MONTH TO DATE    0                  0      0        0
  SINCE DEC 1      0                  0      0        0
  SINCE JAN 1      0                  0      0        0
...........................................................


WIND (MPH)
  RESULTANT WIND SPEED  MM   RESULTANT WIND DIRECTION  MM
  HIGHEST WIND SPEED    MM   HIGHEST WIND DIRECTION    MM
  HIGHEST GUST SPEED    31   HIGHEST GUST DIRECTION     N (360)
  AVERAGE WIND SPEED    MM


SKY COVER
  POSSIBLE SUNSHINE  MM
  AVERAGE SKY COVER  MM


WEATHER CONDITIONS
 THE FOLLOWING WEATHER WAS RECORDED YESTERDAY.
  LIGHT SNOW
  BLOWING SNOW


RELATIVE HUMIDITY (PERCENT)
 HIGHEST    MM
 LOWEST     MM
 AVERAGE    MM

..........................................................


THE MARQUETTE MI CLIMATE NORMALS FOR TODAY
                         NORMAL    RECORD    YEAR
 MAXIMUM TEMPERATURE (F)   22        46      1973
 MINIMUM TEMPERATURE (F)    5       -25      1979


SUNRISE AND SUNSET
JANUARY 16 2015.......SUNRISE   829 AM EST   SUNSET   531 PM EST
JANUARY 17 2015.......SUNRISE   829 AM EST   SUNSET   532 PM EST


-  INDICATES NEGATIVE NUMBERS.
R  INDICATES RECORD WAS SET OR TIED.
MM INDICATES DATA IS MISSING.
T  INDICATES TRACE AMOUNT.




$$
