303
CDUS43 KMQT 250510
CLIMQT

CLIMATE REPORT
NATIONAL WEATHER SERVICE MARQUETTE MI
109 AM EDT THU AUG 25 2016


...................................

...THE MARQUETTE MI CLIMATE SUMMARY FOR AUGUST 24 2016...

CLIMATE NORMAL PERIOD 1981 TO 2010
CLIMATE RECORD PERIOD 1961 TO 2016


WEATHER ITEM   OBSERVED RECORD YEAR NORMAL DEPARTURE LAST
                VALUE   VALUE       VALUE  FROM      YEAR
                                           NORMAL
...........................................................
TEMPERATURE (F)
 YESTERDAY
  MAXIMUM         74     89    1969  73      1       54
  MINIMUM         62     33    1971  52     10       47
  AVERAGE         68                 63      5       51

PRECIPITATION (IN)
  YESTERDAY        0.17   0.90 1964   0.10   0.07     0.13
  MONTH TO DATE    4.28               2.35   1.93     2.70
  SINCE JUN 1     11.31               8.03   3.28     6.89
  SINCE JAN 1     27.52              21.67   5.85    18.21

SNOWFALL (IN)
  YESTERDAY        0.0   MM      MM   0.0    0.0      0.0
  MONTH TO DATE    0.0                0.0    0.0      0.0
  SINCE JUN 1      T                  0.0    0.0      0.0
  SINCE JUL 1      T                  0.0    0.0      0.0
  SNOW DEPTH       0

DEGREE DAYS
 HEATING
  YESTERDAY        0                  4     -4       14
  MONTH TO DATE   24                 75    -51       65
  SINCE JUN 1    261                336    -75      335
  SINCE JUL 1     79                154    -75      133

 COOLING
  YESTERDAY        3                  2      1        0
  MONTH TO DATE   76                 52     24       61
  SINCE JUN 1    219                194     25      167
  SINCE JAN 1    230                206     24      169
...........................................................


WIND (MPH)
  RESULTANT WIND SPEED  MM   RESULTANT WIND DIRECTION  MM
  HIGHEST WIND SPEED    MM   HIGHEST WIND DIRECTION    MM
  HIGHEST GUST SPEED    17   HIGHEST GUST DIRECTION    SW (225)
  AVERAGE WIND SPEED    MM


SKY COVER
  POSSIBLE SUNSHINE  MM
  AVERAGE SKY COVER  MM


WEATHER CONDITIONS
 THE FOLLOWING WEATHER WAS RECORDED YESTERDAY.
  LIGHT RAIN
  FOG


RELATIVE HUMIDITY (PERCENT)
 HIGHEST    MM
 LOWEST     MM
 AVERAGE    MM

..........................................................


THE MARQUETTE MI CLIMATE NORMALS FOR TODAY
                         NORMAL    RECORD    YEAR
 MAXIMUM TEMPERATURE (F)   73        92      2013
 MINIMUM TEMPERATURE (F)   52        36      1977


SUNRISE AND SUNSET
AUGUST 25 2016........SUNRISE   702 AM EDT   SUNSET   841 PM EDT
AUGUST 26 2016........SUNRISE   703 AM EDT   SUNSET   840 PM EDT


-  INDICATES NEGATIVE NUMBERS.
R  INDICATES RECORD WAS SET OR TIED.
MM INDICATES DATA IS MISSING.
T  INDICATES TRACE AMOUNT.




$$
