228
CDUS43 KMQT 220527
CLIMQT


CLIMATE REPORT
NATIONAL WEATHER SERVICE MARQUETTE MI
126 AM EDT FRI APR 22 2016


...................................

...THE MARQUETTE MI CLIMATE SUMMARY FOR APRIL 21 2016...

CLIMATE NORMAL PERIOD 1981 TO 2010
CLIMATE RECORD PERIOD 1961 TO 2016


WEATHER ITEM   OBSERVED RECORD YEAR NORMAL DEPARTURE LAST
                VALUE   VALUE       VALUE  FROM      YEAR
                                           NORMAL
...........................................................
TEMPERATURE (F)
 YESTERDAY
  MAXIMUM         59     80    1985  51      8       41
  MINIMUM         31      9    1982  31      0       25
  AVERAGE         45                 41      4       33

PRECIPITATION (IN)
  YESTERDAY        0.02   1.15 1969   0.09  -0.07     0.05
  MONTH TO DATE    2.61               2.18   0.43     2.37
  SINCE MAR 1      5.95               5.21   0.74     3.63
  SINCE JAN 1     10.57               9.76   0.81     6.55

SNOWFALL (IN)
  YESTERDAY        0.0    9.9  2009   0.3   -0.3      0.5
  MONTH TO DATE   40.8               12.2   28.6     10.2
  SINCE MAR 1     59.6               47.1   12.5     21.5
  SINCE JUL 1    159.7              199.5  -39.8    175.5
  SNOW DEPTH       0

DEGREE DAYS
 HEATING
  YESTERDAY       20                 24     -4       32
  MONTH TO DATE  673                614     59      551
  SINCE MAR 1   1769               1877   -108     1800
  SINCE JUL 1   7536               8501   -965     9111

 COOLING
  YESTERDAY        0                  0      0        0
  MONTH TO DATE    0                  0      0        0
  SINCE MAR 1      0                  0      0        0
  SINCE JAN 1      0                  0      0        0
...........................................................


WIND (MPH)
  RESULTANT WIND SPEED  MM   RESULTANT WIND DIRECTION  MM
  HIGHEST WIND SPEED    MM   HIGHEST WIND DIRECTION    MM
  HIGHEST GUST SPEED    25   HIGHEST GUST DIRECTION     N (360)
  AVERAGE WIND SPEED    MM


SKY COVER
  POSSIBLE SUNSHINE  MM
  AVERAGE SKY COVER  MM


WEATHER CONDITIONS
 THE FOLLOWING WEATHER WAS RECORDED YESTERDAY.
  LIGHT RAIN


RELATIVE HUMIDITY (PERCENT)
 HIGHEST    MM
 LOWEST     MM
 AVERAGE    MM

..........................................................


THE MARQUETTE MI CLIMATE NORMALS FOR TODAY
                         NORMAL    RECORD    YEAR
 MAXIMUM TEMPERATURE (F)   51        92      1980
 MINIMUM TEMPERATURE (F)   31        14      1986


SUNRISE AND SUNSET
APRIL 22 2016.........SUNRISE   650 AM EDT   SUNSET   848 PM EDT
APRIL 23 2016.........SUNRISE   648 AM EDT   SUNSET   850 PM EDT


-  INDICATES NEGATIVE NUMBERS.
R  INDICATES RECORD WAS SET OR TIED.
MM INDICATES DATA IS MISSING.
T  INDICATES TRACE AMOUNT.




$$
