000
CDUS43 KMQT 042216
CLIMQT


CLIMATE REPORT
NATIONAL WEATHER SERVICE MARQUETTE MI
512 PM EST WED JAN 4 2017


...................................

...THE MARQUETTE MI CLIMATE SUMMARY FOR JANUARY 4 2017...
VALID TODAY AS OF 500 PM LOCAL TIME.

CLIMATE NORMAL PERIOD 1981 TO 2010
CLIMATE RECORD PERIOD 1961 TO 2017


WEATHER ITEM   OBSERVED RECORD YEAR NORMAL DEPARTURE LAST
                VALUE   VALUE       VALUE  FROM      YEAR
                                           NORMAL
...........................................................
TEMPERATURE (F)
 TODAY
  MAXIMUM         12     41    2007  22    -10       19
  MINIMUM          4    -16    1968   7     -3       11
  AVERAGE          8                 14     -6       15

PRECIPITATION (IN)
  TODAY            0.06   1.86 1971   0.07  -0.01     0.13
  MONTH TO DATE    0.10               0.30  -0.20     0.34
  SINCE DEC 1      2.29               2.87  -0.58     5.21
  SINCE JAN 1      0.10               0.30  -0.20     0.34

SNOWFALL (IN)
  TODAY            1.0   18.7  1971   1.3   -0.3      3.1
  MONTH TO DATE    2.2                5.3   -3.1      7.6
  SINCE DEC 1     44.2               48.1   -3.9     26.5
  SINCE JUL 1     58.4               78.6  -20.2     34.4
  SNOW DEPTH      10

DEGREE DAYS
 HEATING
  TODAY           57                 50      7       50
  MONTH TO DATE  183                200    -17      176
  SINCE DEC 1   1616               1640    -24     1286
  SINCE JUL 1   3241               3842   -601     3118

 COOLING
  TODAY            0                  0      0        0
  MONTH TO DATE    0                  0      0        0
  SINCE DEC 1      0                  0      0        0
  SINCE JAN 1      0                  0      0        0
...........................................................


WIND (MPH)
  HIGHEST WIND SPEED    MM   HIGHEST WIND DIRECTION    MM
  HIGHEST GUST SPEED    35   HIGHEST GUST DIRECTION    NW (315)
  AVERAGE WIND SPEED    MM


SKY COVER
  POSSIBLE SUNSHINE  MM
  AVERAGE SKY COVER  MM


WEATHER CONDITIONS
 THE FOLLOWING WEATHER WAS RECORDED TODAY.
  LIGHT SNOW
  BLOWING SNOW


RELATIVE HUMIDITY (PERCENT)
 HIGHEST    MM
 LOWEST     MM
 AVERAGE    MM

..........................................................


THE MARQUETTE MI CLIMATE NORMALS FOR TOMORROW
                         NORMAL    RECORD    YEAR
 MAXIMUM TEMPERATURE (F)   22        39      2007
 MINIMUM TEMPERATURE (F)    7       -20      1972


SUNRISE AND SUNSET
JANUARY  4 2017.......SUNRISE   834 AM EST   SUNSET   517 PM EST
JANUARY  5 2017.......SUNRISE   834 AM EST   SUNSET   518 PM EST


-  INDICATES NEGATIVE NUMBERS.
R  INDICATES RECORD WAS SET OR TIED.
MM INDICATES DATA IS MISSING.
T  INDICATES TRACE AMOUNT.




$$
