000
CDUS43 KMQT 220509
CLIMQT

CLIMATE REPORT
NATIONAL WEATHER SERVICE MARQUETTE MI
109 AM EDT MON SEP 22 2014


...................................

...THE MARQUETTE MI CLIMATE SUMMARY FOR SEPTEMBER 21 2014...

CLIMATE NORMAL PERIOD 1981 TO 2010
CLIMATE RECORD PERIOD 1961 TO 2014


WEATHER ITEM   OBSERVED RECORD YEAR NORMAL DEPARTURE LAST
                VALUE   VALUE       VALUE  FROM      YEAR
                                           NORMAL
...........................................................
TEMPERATURE (F)
 YESTERDAY
  MAXIMUM         52     82    1970  64    -12       50
  MINIMUM         37     29    1973  44     -7       41
  AVERAGE         45                 54     -9       46

PRECIPITATION (IN)
  YESTERDAY        0.45   1.39 2007   0.13   0.32     0.05
  MONTH TO DATE    3.60               2.49   1.11     1.92
  SINCE SEP 1      3.60               2.49   1.11     1.92
  SINCE JAN 1     30.34              24.86   5.48    29.67

SNOWFALL (IN)
  YESTERDAY        0.0   MM      MM   0.0    0.0      0.0
  MONTH TO DATE    0.0                0.0    0.0      0.0
  SINCE SEP 1      0.0                0.0    0.0      0.0
  SINCE JUL 1      T                  0.0    0.0      0.0
  SNOW DEPTH       0

DEGREE DAYS
 HEATING
  YESTERDAY       20                 11      9       19
  MONTH TO DATE  214                174     40      170
  SINCE SEP 1    214                174     40      170
  SINCE JUL 1    461                359    102      384

 COOLING
  YESTERDAY        0                  0      0        0
  MONTH TO DATE    2                 21    -19       10
  SINCE SEP 1      2                 21    -19       10
  SINCE JAN 1    149                241    -92      280
...........................................................


WIND (MPH)
  RESULTANT WIND SPEED  MM   RESULTANT WIND DIRECTION  MM
  HIGHEST WIND SPEED    MM   HIGHEST WIND DIRECTION    MM
  HIGHEST GUST SPEED    26   HIGHEST GUST DIRECTION     N (360)
  AVERAGE WIND SPEED    MM


SKY COVER
  POSSIBLE SUNSHINE  MM
  AVERAGE SKY COVER  MM


WEATHER CONDITIONS
 THE FOLLOWING WEATHER WAS RECORDED YESTERDAY.
  LIGHT RAIN
  FOG
  FOG W/VISIBILITY <= 1/4 MILE


RELATIVE HUMIDITY (PERCENT)
 HIGHEST    MM
 LOWEST     MM
 AVERAGE    MM

..........................................................


THE MARQUETTE MI CLIMATE NORMALS FOR TODAY
                         NORMAL    RECORD    YEAR
 MAXIMUM TEMPERATURE (F)   63        79      2004
 MINIMUM TEMPERATURE (F)   43        27      1974


SUNRISE AND SUNSET
SEPTEMBER 22 2014.....SUNRISE   737 AM EDT   SUNSET   748 PM EDT
SEPTEMBER 23 2014.....SUNRISE   738 AM EDT   SUNSET   746 PM EDT


-  INDICATES NEGATIVE NUMBERS.
R  INDICATES RECORD WAS SET OR TIED.
MM INDICATES DATA IS MISSING.
T  INDICATES TRACE AMOUNT.




$$
