000
CDUS43 KMQT 150535
CLIMQT


CLIMATE REPORT
NATIONAL WEATHER SERVICE MARQUETTE MI
1233 AM EST SAT NOV 15 2014


...................................

...THE MARQUETTE MI CLIMATE SUMMARY FOR NOVEMBER 14 2014...

CLIMATE NORMAL PERIOD 1981 TO 2010
CLIMATE RECORD PERIOD 1961 TO 2014


WEATHER ITEM   OBSERVED RECORD YEAR NORMAL DEPARTURE LAST
                VALUE   VALUE       VALUE  FROM      YEAR
                                           NORMAL
...........................................................
TEMPERATURE (F)
 YESTERDAY
  MAXIMUM         21     59    2001  38    -17       41
  MINIMUM          9      5    1995  24    -15       33
                               1969
  AVERAGE         15                 31    -16       37

PRECIPITATION (IN)
  YESTERDAY        0.01   0.15 1997   0.11  -0.10     0.00
  MONTH TO DATE    4.01               1.46   2.55     1.81
  SINCE SEP 1     14.60               9.02   5.58     8.21
  SINCE JAN 1     41.34              31.39   9.95    35.96

SNOWFALL (IN)
  YESTERDAY        1.2    1.6  1997   0.8    0.4      0.0
  MONTH TO DATE   38.7                8.2   30.5      6.3
  SINCE SEP 1     41.9               14.3   27.6      9.8
  SINCE JUL 1     41.9               14.3   27.6      9.8
  SNOW DEPTH      23

DEGREE DAYS
 HEATING
  YESTERDAY       50                 34     16       28
  MONTH TO DATE  511                436     75      433
  SINCE SEP 1   1496               1412     84     1320
  SINCE JUL 1   1743               1597    146     1534

 COOLING
  YESTERDAY        0                  0      0        0
  MONTH TO DATE    0                  0      0        0
  SINCE SEP 1      5                 22    -17       10
  SINCE JAN 1    152                242    -90      280
...........................................................


WIND (MPH)
  RESULTANT WIND SPEED  MM   RESULTANT WIND DIRECTION  MM
  HIGHEST WIND SPEED    MM   HIGHEST WIND DIRECTION    MM
  HIGHEST GUST SPEED    16   HIGHEST GUST DIRECTION     W (270)
  AVERAGE WIND SPEED    MM


SKY COVER
  POSSIBLE SUNSHINE  MM
  AVERAGE SKY COVER  MM


WEATHER CONDITIONS
 THE FOLLOWING WEATHER WAS RECORDED YESTERDAY.
  LIGHT SNOW


RELATIVE HUMIDITY (PERCENT)
 HIGHEST    MM
 LOWEST     MM
 AVERAGE    MM

..........................................................


THE MARQUETTE MI CLIMATE NORMALS FOR TODAY
                         NORMAL    RECORD    YEAR
 MAXIMUM TEMPERATURE (F)   38        65      2001
 MINIMUM TEMPERATURE (F)   23         3      2002


SUNRISE AND SUNSET
NOVEMBER 15 2014......SUNRISE   752 AM EST   SUNSET   517 PM EST
NOVEMBER 16 2014......SUNRISE   754 AM EST   SUNSET   516 PM EST


-  INDICATES NEGATIVE NUMBERS.
R  INDICATES RECORD WAS SET OR TIED.
MM INDICATES DATA IS MISSING.
T  INDICATES TRACE AMOUNT.




$$
