000
CDUS43 KMQT 190513
CLIMQT


CLIMATE REPORT
NATIONAL WEATHER SERVICE MARQUETTE MI
113 AM EDT TUE MAY 19 2015


...................................

...THE MARQUETTE MI CLIMATE SUMMARY FOR MAY 18 2015...

CLIMATE NORMAL PERIOD 1981 TO 2010
CLIMATE RECORD PERIOD 1961 TO 2015


WEATHER ITEM   OBSERVED RECORD YEAR NORMAL DEPARTURE LAST
                VALUE   VALUE       VALUE  FROM      YEAR
                                           NORMAL
...........................................................
TEMPERATURE (F)
 YESTERDAY
  MAXIMUM         63     87    1972  63      0       68
  MINIMUM         32     24    1981  41     -9       34
  AVERAGE         48                 52     -4       51

PRECIPITATION (IN)
  YESTERDAY        0.07   1.03 1987   0.11  -0.04      T
  MONTH TO DATE    1.52               1.65  -0.13     1.93
  SINCE MAR 1      5.28               7.69  -2.41     8.34
  SINCE JAN 1      8.20              12.24  -4.04    11.86

SNOWFALL (IN)
  YESTERDAY        0.0    T    2008   0.0    0.0      0.0
                               2002
  MONTH TO DATE    T                  1.5   -1.5      3.6
  SINCE MAR 1     24.4               50.9  -26.5     69.4
  SINCE JUL 1    178.4              203.3  -24.9    198.9
  SNOW DEPTH       0

DEGREE DAYS
 HEATING
  YESTERDAY       17                 14      3       14
  MONTH TO DATE  251                300    -49      364
  SINCE MAR 1   2313               2378    -65     2838
  SINCE JUL 1   9624               9002    622    10160

 COOLING
  YESTERDAY        0                  0      0        0
  MONTH TO DATE    2                  0      2        0
  SINCE MAR 1      2                  1      1        0
  SINCE JAN 1      2                  1      1        0
...........................................................


WIND (MPH)
  RESULTANT WIND SPEED  MM   RESULTANT WIND DIRECTION  MM
  HIGHEST WIND SPEED    MM   HIGHEST WIND DIRECTION    MM
  HIGHEST GUST SPEED    32   HIGHEST GUST DIRECTION    SW (225)
  AVERAGE WIND SPEED    MM


SKY COVER
  POSSIBLE SUNSHINE  MM
  AVERAGE SKY COVER  MM


WEATHER CONDITIONS
 THE FOLLOWING WEATHER WAS RECORDED YESTERDAY.
  LIGHT RAIN
  FOG


RELATIVE HUMIDITY (PERCENT)
 HIGHEST    MM
 LOWEST     MM
 AVERAGE    MM

..........................................................


THE MARQUETTE MI CLIMATE NORMALS FOR TODAY
                         NORMAL    RECORD    YEAR
 MAXIMUM TEMPERATURE (F)   63        90      1972
 MINIMUM TEMPERATURE (F)   41        25      2002


SUNRISE AND SUNSET
MAY 19 2015...........SUNRISE   612 AM EDT   SUNSET   922 PM EDT
MAY 20 2015...........SUNRISE   611 AM EDT   SUNSET   923 PM EDT


-  INDICATES NEGATIVE NUMBERS.
R  INDICATES RECORD WAS SET OR TIED.
MM INDICATES DATA IS MISSING.
T  INDICATES TRACE AMOUNT.




$$
