000
CDUS43 KMQT 100453
CLIMQT


CLIMATE REPORT
NATIONAL WEATHER SERVICE MARQUETTE MI
1255 AM EDT WED SEP 10 2014


...................................

...THE MARQUETTE MI CLIMATE SUMMARY FOR SEPTEMBER 9 2014...

CLIMATE NORMAL PERIOD 1981 TO 2010
CLIMATE RECORD PERIOD 1961 TO 2014


WEATHER ITEM   OBSERVED RECORD YEAR NORMAL DEPARTURE LAST
                VALUE   VALUE       VALUE  FROM      YEAR
                                           NORMAL
...........................................................
TEMPERATURE (F)
 YESTERDAY
  MAXIMUM         77     93    2002  69      8       67
  MINIMUM         55     30    1975  48      7       54
                               1967
  AVERAGE         66                 59      7       61

PRECIPITATION (IN)
  YESTERDAY        0.00   1.79 1968   0.11  -0.11     0.02
  MONTH TO DATE    0.56               1.00  -0.44     0.42
  SINCE SEP 1      0.56               1.00  -0.44     0.42
  SINCE JAN 1     27.30              23.37   3.93    28.17

SNOWFALL (IN)
  YESTERDAY        0.0   MM      MM   0.0    0.0      0.0
  MONTH TO DATE    0.0                0.0    0.0      0.0
  SINCE SEP 1      0.0                0.0    0.0      0.0
  SINCE JUL 1      T                  0.0    0.0      0.0
  SNOW DEPTH       0

DEGREE DAYS
 HEATING
  YESTERDAY        0                  8     -8        4
  MONTH TO DATE   22                 60    -38       50
  SINCE SEP 1     22                 60    -38       50
  SINCE JUL 1    269                245     24      264

 COOLING
  YESTERDAY        1                  1      0        0
  MONTH TO DATE    2                 12    -10        2
  SINCE SEP 1      2                 12    -10        2
  SINCE JAN 1    149                232    -83      272
...........................................................


WIND (MPH)
  RESULTANT WIND SPEED  MM   RESULTANT WIND DIRECTION  MM
  HIGHEST WIND SPEED    MM   HIGHEST WIND DIRECTION    MM
  HIGHEST GUST SPEED    17   HIGHEST GUST DIRECTION     S (180)
  AVERAGE WIND SPEED    MM


SKY COVER
  POSSIBLE SUNSHINE  MM
  AVERAGE SKY COVER  MM


WEATHER CONDITIONS
 THE FOLLOWING WEATHER WAS RECORDED YESTERDAY.
  NO SIGNIFICANT WEATHER WAS OBSERVED.


RELATIVE HUMIDITY (PERCENT)
 HIGHEST    MM
 LOWEST     MM
 AVERAGE    MM

..........................................................


THE MARQUETTE MI CLIMATE NORMALS FOR TODAY
                         NORMAL    RECORD    YEAR
 MAXIMUM TEMPERATURE (F)   68        83      2005
                                             2003
 MINIMUM TEMPERATURE (F)   48        27      1967


SUNRISE AND SUNSET
SEPTEMBER 10 2014.....SUNRISE   722 AM EDT   SUNSET   812 PM EDT
SEPTEMBER 11 2014.....SUNRISE   723 AM EDT   SUNSET   810 PM EDT


-  INDICATES NEGATIVE NUMBERS.
R  INDICATES RECORD WAS SET OR TIED.
MM INDICATES DATA IS MISSING.
T  INDICATES TRACE AMOUNT.

$$
