000
CDUS43 KMQT 202204
CLIMQT


CLIMATE REPORT
NATIONAL WEATHER SERVICE MARQUETTE MI
503 PM EST MON NOV 20 2017


...................................

...THE MARQUETTE MI CLIMATE SUMMARY FOR NOVEMBER 20 2017...
VALID TODAY AS OF 0500 PM LOCAL TIME.

CLIMATE NORMAL PERIOD 1981 TO 2010
CLIMATE RECORD PERIOD 1961 TO 2017


WEATHER ITEM   OBSERVED RECORD YEAR NORMAL DEPARTURE LAST
                VALUE   VALUE       VALUE  FROM      YEAR
                                           NORMAL
...........................................................
TEMPERATURE (F)
 TODAY
  MAXIMUM         33     57    1982  35     -2       22
  MINIMUM         12     -4    2014  21     -9       18
  AVERAGE         23                 28     -5       20

PRECIPITATION (IN)
  TODAY            T      1.06 2000   0.11  -0.11     0.19
  MONTH TO DATE    1.66               2.12  -0.46     0.68
  SINCE SEP 1     13.10               9.68   3.42     9.21
  SINCE JAN 1     40.43              32.05   8.38    36.98

SNOWFALL (IN)
  TODAY            T     17.0  2000   0.9   -0.9      7.1
  MONTH TO DATE   13.5               13.4    0.1      9.5
  SINCE SEP 1     22.3               19.5    2.8      9.5
  SINCE JUL 1     22.3               19.5    2.8      9.5
  SNOW DEPTH       1

DEGREE DAYS
 HEATING
  TODAY           42                 37      5       45
  MONTH TO DATE  756                649    107      425
  SINCE SEP 1   1516               1625   -109     1179
  SINCE JUL 1   1781               1810    -29     1279

 COOLING
  TODAY            0                  0      0        0
  MONTH TO DATE    0                  0      0        0
  SINCE SEP 1     52                 22     30       10
  SINCE JAN 1    145                242    -97      246
...........................................................


WIND (MPH)
  HIGHEST WIND SPEED    MM   HIGHEST WIND DIRECTION    MM
  HIGHEST GUST SPEED    21   HIGHEST GUST DIRECTION    SE (135)
  AVERAGE WIND SPEED    MM


SKY COVER
  POSSIBLE SUNSHINE  MM
  AVERAGE SKY COVER  MM


WEATHER CONDITIONS
 THE FOLLOWING WEATHER WAS RECORDED TODAY.
  LIGHT SNOW


RELATIVE HUMIDITY (PERCENT)
 HIGHEST    MM
 LOWEST     MM
 AVERAGE    MM

..........................................................


THE MARQUETTE MI CLIMATE NORMALS FOR TOMORROW
                         NORMAL    RECORD    YEAR
 MAXIMUM TEMPERATURE (F)   35        56      1990
 MINIMUM TEMPERATURE (F)   21        -4      1984


SUNRISE AND SUNSET
NOVEMBER 20 2017......SUNRISE   800 AM EST   SUNSET   512 PM EST
NOVEMBER 21 2017......SUNRISE   801 AM EST   SUNSET   511 PM EST


-  INDICATES NEGATIVE NUMBERS.
R  INDICATES RECORD WAS SET OR TIED.
MM INDICATES DATA IS MISSING.
T  INDICATES TRACE AMOUNT.




$$
