000
CDUS43 KMQT 130509
CLIMQT


CLIMATE REPORT
NATIONAL WEATHER SERVICE MARQUETTE MI
108 AM EDT MON OCT 13 2014


...................................

...THE MARQUETTE MI CLIMATE SUMMARY FOR OCTOBER 12 2014...

CLIMATE NORMAL PERIOD 1981 TO 2010
CLIMATE RECORD PERIOD 1961 TO 2014


WEATHER ITEM   OBSERVED RECORD YEAR NORMAL DEPARTURE LAST
                VALUE   VALUE       VALUE  FROM      YEAR
                                           NORMAL
...........................................................
TEMPERATURE (F)
 YESTERDAY
  MAXIMUM         59     85    1995  54      5       62
  MINIMUM         40     19    1988  36      4       48
  AVERAGE         50                 45      5       55

PRECIPITATION (IN)
  YESTERDAY        0.00   1.29 1983   0.13  -0.13     0.61
  MONTH TO DATE    1.71               1.62   0.09     2.16
  SINCE SEP 1      5.81               5.34   0.47     4.18
  SINCE JAN 1     32.55              27.71   4.84    31.93

SNOWFALL (IN)
  YESTERDAY        0.0    3.9  1979   0.1   -0.1      0.0
  MONTH TO DATE    T                  1.2   -1.2      0.0
  SINCE SEP 1      T                  1.3   -1.3      0.0
  SINCE JUL 1      T                  1.3   -1.3      0.0
  SNOW DEPTH       0

DEGREE DAYS
 HEATING
  YESTERDAY       15                 20     -5       10
  MONTH TO DATE  249                218     31      115
  SINCE SEP 1    529                515     14      366
  SINCE JUL 1    776                700     76      580

 COOLING
  YESTERDAY        0                  0      0        0
  MONTH TO DATE    0                  0      0        0
  SINCE SEP 1      5                 21    -16       10
  SINCE JAN 1    152                241    -89      280
...........................................................


WIND (MPH)
  RESULTANT WIND SPEED  MM   RESULTANT WIND DIRECTION  MM
  HIGHEST WIND SPEED    MM   HIGHEST WIND DIRECTION    MM
  HIGHEST GUST SPEED    31   HIGHEST GUST DIRECTION     S (180)
  AVERAGE WIND SPEED    MM


SKY COVER
  POSSIBLE SUNSHINE  MM
  AVERAGE SKY COVER  MM


WEATHER CONDITIONS
 THE FOLLOWING WEATHER WAS RECORDED YESTERDAY.
  NO SIGNIFICANT WEATHER WAS OBSERVED.


RELATIVE HUMIDITY (PERCENT)
 HIGHEST    MM
 LOWEST     MM
 AVERAGE    MM

..........................................................


THE MARQUETTE MI CLIMATE NORMALS FOR TODAY
                         NORMAL    RECORD    YEAR
 MAXIMUM TEMPERATURE (F)   54        77      2008
                                             1995
 MINIMUM TEMPERATURE (F)   35        18      1988


SUNRISE AND SUNSET
OCTOBER 13 2014.......SUNRISE   805 AM EDT   SUNSET   707 PM EDT
OCTOBER 14 2014.......SUNRISE   806 AM EDT   SUNSET   705 PM EDT


-  INDICATES NEGATIVE NUMBERS.
R  INDICATES RECORD WAS SET OR TIED.
MM INDICATES DATA IS MISSING.
T  INDICATES TRACE AMOUNT.

$$

TITUS
