000
CDUS43 KMQT 270502
CLIMQT

CLIMATE REPORT
NATIONAL WEATHER SERVICE MARQUETTE MI
102 AM EDT THU MAR 27 2014


...................................

...THE MARQUETTE MI CLIMATE SUMMARY FOR MARCH 26 2014...

CLIMATE NORMAL PERIOD 1981 TO 2010
CLIMATE RECORD PERIOD 1961 TO 2014


WEATHER ITEM   OBSERVED RECORD YEAR NORMAL DEPARTURE LAST
                VALUE   VALUE       VALUE  FROM      YEAR
                                           NORMAL
...........................................................
TEMPERATURE (F)
 YESTERDAY
  MAXIMUM         28     63    2007  38    -10       35
  MINIMUM         -8    -15    1965  18    -26       25
  AVERAGE         10                 28    -18       30

PRECIPITATION (IN)
  YESTERDAY        T      0.43 1964   0.10  -0.10     0.14
  MONTH TO DATE    1.34               2.53  -1.19     3.10
  SINCE MAR 1      1.34               2.53  -1.19     3.10
  SINCE JAN 1      4.86               7.08  -2.22     8.65

SNOWFALL (IN)
  YESTERDAY        0.1    5.7  1982   0.9   -0.8      1.6
  MONTH TO DATE   23.3               30.7   -7.4     46.5
  SINCE MAR 1     23.3               30.7   -7.4     46.5
  SINCE JUL 1    152.8              183.1  -30.3    180.3
  SNOW DEPTH      36

DEGREE DAYS
 HEATING
  YESTERDAY       55                 37     18       35
  MONTH TO DATE 1355               1085    270     1175
  SINCE MAR 1   1355               1085    270     1175
  SINCE JUL 1   8677               7709    968     7485

 COOLING
  YESTERDAY        0                  0      0        0
  MONTH TO DATE    0                  0      0        0
  SINCE MAR 1      0                  0      0        0
  SINCE JAN 1      0                  0      0        0
...........................................................


WIND (MPH)
  RESULTANT WIND SPEED  MM   RESULTANT WIND DIRECTION  MM
  HIGHEST WIND SPEED    MM   HIGHEST WIND DIRECTION    MM
  HIGHEST GUST SPEED    26   HIGHEST GUST DIRECTION     S (180)
  AVERAGE WIND SPEED    MM


SKY COVER
  POSSIBLE SUNSHINE  MM
  AVERAGE SKY COVER  MM


WEATHER CONDITIONS
 THE FOLLOWING WEATHER WAS RECORDED YESTERDAY.
  LIGHT SNOW


RELATIVE HUMIDITY (PERCENT)
 HIGHEST    MM
 LOWEST     MM
 AVERAGE    MM

..........................................................


THE MARQUETTE MI CLIMATE NORMALS FOR TODAY
                         NORMAL    RECORD    YEAR
 MAXIMUM TEMPERATURE (F)   39        68      1989
 MINIMUM TEMPERATURE (F)   19       -11      1965


SUNRISE AND SUNSET
MARCH 27 2014.........SUNRISE   740 AM EDT   SUNSET   812 PM EDT
MARCH 28 2014.........SUNRISE   738 AM EDT   SUNSET   814 PM EDT


-  INDICATES NEGATIVE NUMBERS.
R  INDICATES RECORD WAS SET OR TIED.
MM INDICATES DATA IS MISSING.
T  INDICATES TRACE AMOUNT.




$$
