000
CDUS43 KMQT 190517
CLIMQT

CLIMATE REPORT
NATIONAL WEATHER SERVICE MARQUETTE MI
117 AM EDT THU MAR 19 2015


...................................

...THE MARQUETTE MI CLIMATE SUMMARY FOR MARCH 18 2015...

CLIMATE NORMAL PERIOD 1981 TO 2010
CLIMATE RECORD PERIOD 1961 TO 2015


WEATHER ITEM   OBSERVED RECORD YEAR NORMAL DEPARTURE LAST
                VALUE   VALUE       VALUE  FROM      YEAR
                                           NORMAL
...........................................................
TEMPERATURE (F)
 YESTERDAY
  MAXIMUM         32     78    2012  35     -3       28
  MINIMUM         10    -12    1993  14     -4       18
  AVERAGE         21                 25     -4       23

PRECIPITATION (IN)
  YESTERDAY        0.00   1.14 1986   0.10  -0.10     0.34
  MONTH TO DATE    0.43               1.72  -1.29     0.86
  SINCE MAR 1      0.43               1.72  -1.29     0.86
  SINCE JAN 1      3.35               6.27  -2.92     4.38

SNOWFALL (IN)
  YESTERDAY        0.0   11.8  1986   1.1   -1.1      4.6
  MONTH TO DATE    2.8               22.6  -19.8     14.4
  SINCE MAR 1      2.8               22.6  -19.8     14.4
  SINCE JUL 1    156.8              175.0  -18.2    143.9
  SNOW DEPTH      19

DEGREE DAYS
 HEATING
  YESTERDAY       44                 40      4       42
  MONTH TO DATE  721                778    -57      947
  SINCE MAR 1    721                778    -57      947
  SINCE JUL 1   8032               7402    630     8269

 COOLING
  YESTERDAY        0                  0      0        0
  MONTH TO DATE    0                  0      0        0
  SINCE MAR 1      0                  0      0        0
  SINCE JAN 1      0                  0      0        0
...........................................................


WIND (MPH)
  RESULTANT WIND SPEED  MM   RESULTANT WIND DIRECTION  MM
  HIGHEST WIND SPEED    MM   HIGHEST WIND DIRECTION    MM
  HIGHEST GUST SPEED    18   HIGHEST GUST DIRECTION    NE (45)
  AVERAGE WIND SPEED    MM


SKY COVER
  POSSIBLE SUNSHINE  MM
  AVERAGE SKY COVER  MM


WEATHER CONDITIONS
 THE FOLLOWING WEATHER WAS RECORDED YESTERDAY.
  NO SIGNIFICANT WEATHER WAS OBSERVED.


RELATIVE HUMIDITY (PERCENT)
 HIGHEST    MM
 LOWEST     MM
 AVERAGE    MM

..........................................................


THE MARQUETTE MI CLIMATE NORMALS FOR TODAY
                         NORMAL    RECORD    YEAR
 MAXIMUM TEMPERATURE (F)   36        78      2012
 MINIMUM TEMPERATURE (F)   15       -11      1989


SUNRISE AND SUNSET
MARCH 19 2015.........SUNRISE   756 AM EDT   SUNSET   801 PM EDT
MARCH 20 2015.........SUNRISE   754 AM EDT   SUNSET   803 PM EDT


-  INDICATES NEGATIVE NUMBERS.
R  INDICATES RECORD WAS SET OR TIED.
MM INDICATES DATA IS MISSING.
T  INDICATES TRACE AMOUNT.




$$
