000
CDUS43 KMQT 060523
CLIMQT


CLIMATE REPORT
NATIONAL WEATHER SERVICE MARQUETTE MI
123 AM EDT TUE JUN 6 2017


...................................

...THE MARQUETTE MI CLIMATE SUMMARY FOR JUNE 5 2017...

CLIMATE NORMAL PERIOD 1981 TO 2010
CLIMATE RECORD PERIOD 1961 TO 2017


WEATHER ITEM   OBSERVED RECORD YEAR NORMAL DEPARTURE LAST
                VALUE   VALUE       VALUE  FROM      YEAR
                                           NORMAL
...........................................................
TEMPERATURE (F)
 YESTERDAY
  MAXIMUM         64     90    1988  69     -5       62
  MINIMUM         48     32    1998  46      2       50
                               1989
  AVERAGE         56                 57     -1       56

PRECIPITATION (IN)
  YESTERDAY        0.00   1.62 1971   0.11  -0.11     0.08
  MONTH TO DATE    0.24               0.53  -0.29     1.63
  SINCE JUN 1      0.24               0.53  -0.29     1.63
  SINCE JAN 1     15.08              14.17   0.91    17.84

SNOWFALL (IN)
  YESTERDAY        0.0   MM      MM   0.0    0.0      0.0
  MONTH TO DATE    0.0                0.0    0.0       T
  SINCE JUN 1      0.0                0.0    0.0       T
  SINCE JUL 1    154.0              203.3  -49.3    160.9
  SNOW DEPTH       0

DEGREE DAYS
 HEATING
  YESTERDAY        9                  8      1        9
  MONTH TO DATE   35                 45    -10       34
  SINCE JUN 1     35                 45    -10       34
  SINCE JUL 1   8268               9197   -929     8238

 COOLING
  YESTERDAY        0                  1     -1        0
  MONTH TO DATE    0                  5     -5        0
  SINCE JUN 1      0                  5     -5        0
  SINCE JAN 1      0                 17    -17       11
...........................................................


WIND (MPH)
  RESULTANT WIND SPEED  MM   RESULTANT WIND DIRECTION  MM
  HIGHEST WIND SPEED    MM   HIGHEST WIND DIRECTION    MM
  HIGHEST GUST SPEED    20   HIGHEST GUST DIRECTION     W (270)
  AVERAGE WIND SPEED    MM


SKY COVER
  POSSIBLE SUNSHINE  MM
  AVERAGE SKY COVER  MM


WEATHER CONDITIONS
 THE FOLLOWING WEATHER WAS RECORDED YESTERDAY.
  FOG


RELATIVE HUMIDITY (PERCENT)
 HIGHEST    MM
 LOWEST     MM
 AVERAGE    MM

..........................................................


THE MARQUETTE MI CLIMATE NORMALS FOR TODAY
                         NORMAL    RECORD    YEAR
 MAXIMUM TEMPERATURE (F)   69        93      1988
 MINIMUM TEMPERATURE (F)   47        32      2009


SUNRISE AND SUNSET
JUNE  6 2017..........SUNRISE   558 AM EDT   SUNSET   940 PM EDT
JUNE  7 2017..........SUNRISE   558 AM EDT   SUNSET   941 PM EDT


-  INDICATES NEGATIVE NUMBERS.
R  INDICATES RECORD WAS SET OR TIED.
MM INDICATES DATA IS MISSING.
T  INDICATES TRACE AMOUNT.




$$
