000
CDUS43 KMQT 220504
CLIMQT

CLIMATE REPORT
NATIONAL WEATHER SERVICE MARQUETTE MI
1203 AM EST WED NOV 22 2017


...................................

...THE MARQUETTE MI CLIMATE SUMMARY FOR NOVEMBER 21 2017...

CLIMATE NORMAL PERIOD 1981 TO 2010
CLIMATE RECORD PERIOD 1961 TO 2017


WEATHER ITEM   OBSERVED RECORD YEAR NORMAL DEPARTURE LAST
                VALUE   VALUE       VALUE  FROM      YEAR
                                           NORMAL
...........................................................
TEMPERATURE (F)
 YESTERDAY
  MAXIMUM         37     56    1990  35      2       28
  MINIMUM         18     -4    1984  21     -3       11
  AVERAGE         28                 28      0       20

PRECIPITATION (IN)
  YESTERDAY        0.06   0.84 1992   0.10  -0.04      T
  MONTH TO DATE    1.72               2.22  -0.50     0.68
  SINCE SEP 1     13.16               9.78   3.38     9.21
  SINCE JAN 1     40.49              32.15   8.34    36.98

SNOWFALL (IN)
  YESTERDAY        2.0    7.2  1975   1.0    1.0       T
  MONTH TO DATE   15.5               14.4    1.1      9.5
  SINCE SEP 1     24.3               20.5    3.8      9.5
  SINCE JUL 1     24.3               20.5    3.8      9.5
  SNOW DEPTH       1

DEGREE DAYS
 HEATING
  YESTERDAY       37                 37      0       45
  MONTH TO DATE  792                686    106      470
  SINCE SEP 1   1552               1662   -110     1224
  SINCE JUL 1   1817               1847    -30     1324

 COOLING
  YESTERDAY        0                  0      0        0
  MONTH TO DATE    0                  0      0        0
  SINCE SEP 1     52                 22     30       10
  SINCE JAN 1    145                242    -97      246
...........................................................


WIND (MPH)
  RESULTANT WIND SPEED  MM   RESULTANT WIND DIRECTION  MM
  HIGHEST WIND SPEED    MM   HIGHEST WIND DIRECTION    MM
  HIGHEST GUST SPEED    34   HIGHEST GUST DIRECTION     W (270)
  AVERAGE WIND SPEED    MM


SKY COVER
  POSSIBLE SUNSHINE  MM
  AVERAGE SKY COVER  MM


WEATHER CONDITIONS
 THE FOLLOWING WEATHER WAS RECORDED YESTERDAY.
  HEAVY SNOW
  SNOW
  LIGHT SNOW


RELATIVE HUMIDITY (PERCENT)
 HIGHEST    MM
 LOWEST     MM
 AVERAGE    MM

..........................................................


THE MARQUETTE MI CLIMATE NORMALS FOR TODAY
                         NORMAL    RECORD    YEAR
 MAXIMUM TEMPERATURE (F)   34        58      2012
 MINIMUM TEMPERATURE (F)   20        -2      1978


SUNRISE AND SUNSET
NOVEMBER 22 2017......SUNRISE   802 AM EST   SUNSET   510 PM EST
NOVEMBER 23 2017......SUNRISE   804 AM EST   SUNSET   509 PM EST


-  INDICATES NEGATIVE NUMBERS.
R  INDICATES RECORD WAS SET OR TIED.
MM INDICATES DATA IS MISSING.
T  INDICATES TRACE AMOUNT.




$$
