000
CDUS43 KMQT 310512
CLIMQT

CLIMATE REPORT
NATIONAL WEATHER SERVICE MARQUETTE MI
111 AM EDT MON MAR 31 2014


...................................

...THE MARQUETTE MI CLIMATE SUMMARY FOR MARCH 30 2014...

CLIMATE NORMAL PERIOD 1981 TO 2010
CLIMATE RECORD PERIOD 1961 TO 2014


WEATHER ITEM   OBSERVED RECORD YEAR NORMAL DEPARTURE LAST
                VALUE   VALUE       VALUE  FROM      YEAR
                                           NORMAL
...........................................................
TEMPERATURE (F)
 YESTERDAY
  MAXIMUM         48     57    2006  40      8       39
                               2005
                               1993
  MINIMUM         25     -7    1969  20      5       22
  AVERAGE         37                 30      7       31

PRECIPITATION (IN)
  YESTERDAY        0.00   0.61 1976   0.10  -0.10     0.13
  MONTH TO DATE    1.94               2.93  -0.99     3.23
  SINCE MAR 1      1.94               2.93  -0.99     3.23
  SINCE JAN 1      5.46               7.48  -2.02     8.78

SNOWFALL (IN)
  YESTERDAY        0.0    2.3  1972   0.8   -0.8      0.2
  MONTH TO DATE   30.0               34.1   -4.1     46.7
  SINCE MAR 1     30.0               34.1   -4.1     46.7
  SINCE JUL 1    159.5              186.5  -27.0    180.5
  SNOW DEPTH      37

DEGREE DAYS
 HEATING
  YESTERDAY       28                 35     -7       34
  MONTH TO DATE 1497               1228    269     1313
  SINCE MAR 1   1497               1228    269     1313
  SINCE JUL 1   8819               7852    967     7623

 COOLING
  YESTERDAY        0                  0      0        0
  MONTH TO DATE    0                  0      0        0
  SINCE MAR 1      0                  0      0        0
  SINCE JAN 1      0                  0      0        0
...........................................................


WIND (MPH)
  RESULTANT WIND SPEED  MM   RESULTANT WIND DIRECTION  MM
  HIGHEST WIND SPEED    MM   HIGHEST WIND DIRECTION    MM
  HIGHEST GUST SPEED    33   HIGHEST GUST DIRECTION    SW (225)
  AVERAGE WIND SPEED    MM


SKY COVER
  POSSIBLE SUNSHINE  MM
  AVERAGE SKY COVER  MM


WEATHER CONDITIONS
 THE FOLLOWING WEATHER WAS RECORDED YESTERDAY.
  NO SIGNIFICANT WEATHER WAS OBSERVED.


RELATIVE HUMIDITY (PERCENT)
 HIGHEST    MM
 LOWEST     MM
 AVERAGE    MM

..........................................................


THE MARQUETTE MI CLIMATE NORMALS FOR TODAY
                         NORMAL    RECORD    YEAR
 MAXIMUM TEMPERATURE (F)   40        70      2010
 MINIMUM TEMPERATURE (F)   20        -8      1975


SUNRISE AND SUNSET
MARCH 31 2014.........SUNRISE   732 AM EDT   SUNSET   818 PM EDT
APRIL  1 2014.........SUNRISE   730 AM EDT   SUNSET   819 PM EDT


-  INDICATES NEGATIVE NUMBERS.
R  INDICATES RECORD WAS SET OR TIED.
MM INDICATES DATA IS MISSING.
T  INDICATES TRACE AMOUNT.




$$
