000
CDUS43 KMQT 280504
CLIMQT

CLIMATE REPORT
NATIONAL WEATHER SERVICE MARQUETTE MI
103 AM EDT FRI MAR 28 2014


...................................

...THE MARQUETTE MI CLIMATE SUMMARY FOR MARCH 27 2014...

CLIMATE NORMAL PERIOD 1981 TO 2010
CLIMATE RECORD PERIOD 1961 TO 2014


WEATHER ITEM   OBSERVED RECORD YEAR NORMAL DEPARTURE LAST
                VALUE   VALUE       VALUE  FROM      YEAR
                                           NORMAL
...........................................................
TEMPERATURE (F)
 YESTERDAY
  MAXIMUM         35     68    1989  39     -4       39
  MINIMUM         22    -11    1965  19      3       22
  AVERAGE         29                 28      1       31

PRECIPITATION (IN)
  YESTERDAY        0.58   0.90 1991   0.10   0.48     0.00
  MONTH TO DATE    1.92               2.63  -0.71     3.10
  SINCE MAR 1      1.92               2.63  -0.71     3.10
  SINCE JAN 1      5.44               7.18  -1.74     8.65

SNOWFALL (IN)
  YESTERDAY        6.5    7.5  2000   0.9    5.6      0.0
  MONTH TO DATE   29.8               31.6   -1.8     46.5
  SINCE MAR 1     29.8               31.6   -1.8     46.5
  SINCE JUL 1    159.3              184.0  -24.7    180.3
  SNOW DEPTH      36

DEGREE DAYS
 HEATING
  YESTERDAY       36                 36      0       34
  MONTH TO DATE 1391               1121    270     1209
  SINCE MAR 1   1391               1121    270     1209
  SINCE JUL 1   8713               7745    968     7519

 COOLING
  YESTERDAY        0                  0      0        0
  MONTH TO DATE    0                  0      0        0
  SINCE MAR 1      0                  0      0        0
  SINCE JAN 1      0                  0      0        0
...........................................................


WIND (MPH)
  RESULTANT WIND SPEED  MM   RESULTANT WIND DIRECTION  MM
  HIGHEST WIND SPEED    MM   HIGHEST WIND DIRECTION    MM
  HIGHEST GUST SPEED    27   HIGHEST GUST DIRECTION    SW (225)
  AVERAGE WIND SPEED    MM


SKY COVER
  POSSIBLE SUNSHINE  MM
  AVERAGE SKY COVER  MM


WEATHER CONDITIONS
 THE FOLLOWING WEATHER WAS RECORDED YESTERDAY.
  MIXED PRECIP
  LT FREEZING RAIN
  SNOW


RELATIVE HUMIDITY (PERCENT)
 HIGHEST    MM
 LOWEST     MM
 AVERAGE    MM

..........................................................


THE MARQUETTE MI CLIMATE NORMALS FOR TODAY
                         NORMAL    RECORD    YEAR
 MAXIMUM TEMPERATURE (F)   39        68      1986
 MINIMUM TEMPERATURE (F)   19       -10      1966


SUNRISE AND SUNSET
MARCH 28 2014.........SUNRISE   738 AM EDT   SUNSET   814 PM EDT
MARCH 29 2014.........SUNRISE   736 AM EDT   SUNSET   815 PM EDT


-  INDICATES NEGATIVE NUMBERS.
R  INDICATES RECORD WAS SET OR TIED.
MM INDICATES DATA IS MISSING.
T  INDICATES TRACE AMOUNT.




$$
