000
CDUS43 KMQT 172215
CLIMQT


CLIMATE REPORT
NATIONAL WEATHER SERVICE MARQUETTE MI
514 PM EST TUE FEB 17 2015


...................................

...THE MARQUETTE MI CLIMATE SUMMARY FOR FEBRUARY 17 2015...
VALID TODAY AS OF 0500 PM LOCAL TIME.

CLIMATE NORMAL PERIOD 1981 TO 2010
CLIMATE RECORD PERIOD 1961 TO 2015


WEATHER ITEM   OBSERVED RECORD YEAR NORMAL DEPARTURE LAST
                VALUE   VALUE       VALUE  FROM      YEAR
                                           NORMAL
...........................................................
TEMPERATURE (F)
 TODAY
  MAXIMUM          6     61    1981  26    -20       18
  MINIMUM         -6    -34    1979   5    -11       -8
  AVERAGE          0                 16    -16        5

PRECIPITATION (IN)
  TODAY            T      0.56 2008   0.07  -0.07     0.12
  MONTH TO DATE    1.54               1.24   0.30     0.61
  SINCE DEC 1      5.07               6.22  -1.15     5.37
  SINCE JAN 1      2.79               3.65  -0.86     2.79

SNOWFALL (IN)
  TODAY            0.2    9.4  1999   1.3   -1.1      2.3
  MONTH TO DATE   36.8               21.6   15.2     12.7
  SINCE DEC 1     93.9              107.6  -13.7     98.8
  SINCE JUL 1    150.1              138.1   12.0    121.3
  SNOW DEPTH      33

DEGREE DAYS
 HEATING
  TODAY           65                 49     16       60
  MONTH TO DATE 1000                861    139     1039
  SINCE DEC 1   4034               3896    138     4537
  SINCE JUL 1   6564               6098    466     6706

 COOLING
  TODAY            0                  0      0        0
  MONTH TO DATE    0                  0      0        0
  SINCE DEC 1      0                  0      0        0
  SINCE JAN 1      0                  0      0        0
...........................................................


WIND (MPH)
  HIGHEST WIND SPEED    MM   HIGHEST WIND DIRECTION    MM
  HIGHEST GUST SPEED    19   HIGHEST GUST DIRECTION    NW (315)
  AVERAGE WIND SPEED    MM


SKY COVER
  POSSIBLE SUNSHINE  MM
  AVERAGE SKY COVER  MM


WEATHER CONDITIONS
 THE FOLLOWING WEATHER WAS RECORDED TODAY.
  LIGHT SNOW


RELATIVE HUMIDITY (PERCENT)
 HIGHEST    MM
 LOWEST     MM
 AVERAGE    MM

..........................................................


THE MARQUETTE MI CLIMATE NORMALS FOR TOMORROW
                         NORMAL    RECORD    YEAR
 MAXIMUM TEMPERATURE (F)   26        52      1997
 MINIMUM TEMPERATURE (F)    6       -21      1996


SUNRISE AND SUNSET
FEBRUARY 17 2015......SUNRISE   751 AM EST   SUNSET   618 PM EST
FEBRUARY 18 2015......SUNRISE   749 AM EST   SUNSET   620 PM EST


-  INDICATES NEGATIVE NUMBERS.
R  INDICATES RECORD WAS SET OR TIED.
MM INDICATES DATA IS MISSING.
T  INDICATES TRACE AMOUNT.




$$
