000
CDUS43 KMQT 080529
CLIMQT


CLIMATE REPORT
NATIONAL WEATHER SERVICE MARQUETTE MI
129 AM EDT FRI AUG 8 2014


...................................

...THE MARQUETTE MI CLIMATE SUMMARY FOR AUGUST 7 2014...

CLIMATE NORMAL PERIOD 1981 TO 2010
CLIMATE RECORD PERIOD 1961 TO 2014


WEATHER ITEM   OBSERVED RECORD YEAR NORMAL DEPARTURE LAST
                VALUE   VALUE       VALUE  FROM      YEAR
                                           NORMAL
...........................................................
TEMPERATURE (F)
 YESTERDAY
  MAXIMUM         76     95    2001  76      0       66
  MINIMUM         47     38    1990  54     -7       47
  AVERAGE         62                 65     -3       57

PRECIPITATION (IN)
  YESTERDAY        0.00   0.65 1990   0.10  -0.10     0.07
  MONTH TO DATE    0.00               0.68  -0.68     0.34
  SINCE JUN 1      9.81               6.36   3.45     8.43
  SINCE JAN 1     22.27              20.00   2.27    25.77

SNOWFALL (IN)
  YESTERDAY        0.0   MM      MM   0.0    0.0      0.0
  MONTH TO DATE    0.0                0.0    0.0      0.0
  SINCE JUN 1      T                  0.0    0.0      0.0
  SINCE JUL 1      T                  0.0    0.0      0.0
  SNOW DEPTH       0

DEGREE DAYS
 HEATING
  YESTERDAY        3                  3      0        8
  MONTH TO DATE   20                 21     -1       37
  SINCE JUN 1    304                282     22      347
  SINCE JUL 1    141                100     41      149

 COOLING
  YESTERDAY        0                  2     -2        0
  MONTH TO DATE    0                 18    -18        2
  SINCE JUN 1     96                160    -64      169
  SINCE JAN 1    116                172    -56      182
...........................................................


WIND (MPH)
  RESULTANT WIND SPEED  MM   RESULTANT WIND DIRECTION  MM
  HIGHEST WIND SPEED    MM   HIGHEST WIND DIRECTION    MM
  HIGHEST GUST SPEED    13   HIGHEST GUST DIRECTION    SE (135)
  AVERAGE WIND SPEED    MM


SKY COVER
  POSSIBLE SUNSHINE  MM
  AVERAGE SKY COVER  MM


WEATHER CONDITIONS
 THE FOLLOWING WEATHER WAS RECORDED YESTERDAY.
  NO SIGNIFICANT WEATHER WAS OBSERVED.


RELATIVE HUMIDITY (PERCENT)
 HIGHEST    MM
 LOWEST     MM
 AVERAGE    MM

..........................................................


THE MARQUETTE MI CLIMATE NORMALS FOR TODAY
                         NORMAL    RECORD    YEAR
 MAXIMUM TEMPERATURE (F)   76        91      2005
 MINIMUM TEMPERATURE (F)   54        40      1964


SUNRISE AND SUNSET
AUGUST  8 2014........SUNRISE   640 AM EDT   SUNSET   911 PM EDT
AUGUST  9 2014........SUNRISE   641 AM EDT   SUNSET   910 PM EDT


-  INDICATES NEGATIVE NUMBERS.
R  INDICATES RECORD WAS SET OR TIED.
MM INDICATES DATA IS MISSING.
T  INDICATES TRACE AMOUNT.




$$
