000
CDUS43 KMQT 092116
CLIMQT


CLIMATE REPORT
NATIONAL WEATHER SERVICE MARQUETTE MI
516 PM EDT TUE AUG 9 2016


...................................

...THE MARQUETTE MI CLIMATE SUMMARY FOR AUGUST 9 2016...
VALID TODAY AS OF 0500 PM LOCAL TIME.

CLIMATE NORMAL PERIOD 1981 TO 2010
CLIMATE RECORD PERIOD 1961 TO 2016


WEATHER ITEM   OBSERVED RECORD YEAR NORMAL DEPARTURE LAST
                VALUE   VALUE       VALUE  FROM      YEAR
                                           NORMAL
...........................................................
TEMPERATURE (F)
 TODAY
  MAXIMUM         85     87    1998  75     10       79
  MINIMUM         64     35    1964  54     10       60
  AVERAGE         75                 65     10       70

PRECIPITATION (IN)
  TODAY            0.00   1.30 2009   0.10  -0.10     0.71
  MONTH TO DATE    0.04               0.88  -0.84     1.51
  SINCE JUN 1      7.07               6.56   0.51     5.70
  SINCE JAN 1     23.28              20.20   3.08    17.02

SNOWFALL (IN)
  TODAY            0.0   MM      MM   0.0    0.0      0.0
  MONTH TO DATE    0.0                0.0    0.0      0.0
  SINCE JUN 1      T                  0.0    0.0      0.0
  SINCE JUL 1      T                  0.0    0.0      0.0
  SNOW DEPTH       0

DEGREE DAYS
 HEATING
  TODAY            0                  3     -3        0
  MONTH TO DATE    0                 27    -27       26
  SINCE JUN 1    237                288    -51      296
  SINCE JUL 1     55                106    -51       94

 COOLING
  TODAY           10                  2      8        5
  MONTH TO DATE   45                 22     23       10
  SINCE JUN 1    188                164     24      116
  SINCE JAN 1    199                176     23      118
...........................................................


WIND (MPH)
  HIGHEST WIND SPEED    MM   HIGHEST WIND DIRECTION    MM
  HIGHEST GUST SPEED    26   HIGHEST GUST DIRECTION    SW (225)
  AVERAGE WIND SPEED    MM


SKY COVER
  POSSIBLE SUNSHINE  MM
  AVERAGE SKY COVER  MM


WEATHER CONDITIONS
 THE FOLLOWING WEATHER WAS RECORDED TODAY.
  NO SIGNIFICANT WEATHER WAS OBSERVED.


RELATIVE HUMIDITY (PERCENT)
 HIGHEST    MM
 LOWEST     MM
 AVERAGE    MM

..........................................................


THE MARQUETTE MI CLIMATE NORMALS FOR TOMORROW
                         NORMAL    RECORD    YEAR
 MAXIMUM TEMPERATURE (F)   75        87      1995
 MINIMUM TEMPERATURE (F)   54        36      1972


SUNRISE AND SUNSET
AUGUST  9 2016........SUNRISE   642 AM EDT   SUNSET   909 PM EDT
AUGUST 10 2016........SUNRISE   643 AM EDT   SUNSET   907 PM EDT


-  INDICATES NEGATIVE NUMBERS.
R  INDICATES RECORD WAS SET OR TIED.
MM INDICATES DATA IS MISSING.
T  INDICATES TRACE AMOUNT.




$$
