000
CDUS43 KMQT 312203
CLIMQT


CLIMATE REPORT
NATIONAL WEATHER SERVICE MARQUETTE MI
503 PM EST SUN DEC 31 2017


...................................

...THE MARQUETTE MI CLIMATE SUMMARY FOR DECEMBER 31 2017...
VALID TODAY AS OF 0500 PM LOCAL TIME.

CLIMATE NORMAL PERIOD 1981 TO 2010
CLIMATE RECORD PERIOD 1961 TO 2017


WEATHER ITEM   OBSERVED RECORD YEAR NORMAL DEPARTURE LAST
                VALUE   VALUE       VALUE  FROM      YEAR
                                           NORMAL
...........................................................
TEMPERATURE (F)
 TODAY
  MAXIMUM        -12     45    1965  23    -35       26
  MINIMUM          3    -18    1967   7     -4       15
  AVERAGE         -4                 15    -19       21

PRECIPITATION (IN)
  TODAY            T      0.56 1981   0.07  -0.07     0.04
  MONTH TO DATE    2.14               2.57  -0.43     2.19
  SINCE DEC 1      2.14               2.57  -0.43     2.19
  SINCE JAN 1     42.71              35.68   7.03    40.27

SNOWFALL (IN)
  TODAY            0.1    8.1  1996   1.4   -1.3      2.2
  MONTH TO DATE   37.9               42.8   -4.9     42.0
  SINCE DEC 1     37.9               42.8   -4.9     42.0
  SINCE JUL 1     62.9               73.3  -10.4     56.2
  SNOW DEPTH      10

DEGREE DAYS
 HEATING
  TODAY           69                 50     19       44
  MONTH TO DATE 1579               1440    139     1433
  SINCE DEC 1   1579               1440    139     1433
  SINCE JUL 1   3706               3642     64     3058

 COOLING
  TODAY            0                  0      0        0
  MONTH TO DATE    0                  0      0        0
  SINCE DEC 1      0                  0      0        0
  SINCE JAN 1    145                242    -97      246
...........................................................


WIND (MPH)
  HIGHEST WIND SPEED    MM   HIGHEST WIND DIRECTION    MM
  HIGHEST GUST SPEED    18   HIGHEST GUST DIRECTION     W (270)
  AVERAGE WIND SPEED    MM


SKY COVER
  POSSIBLE SUNSHINE  MM
  AVERAGE SKY COVER  MM


WEATHER CONDITIONS
 THE FOLLOWING WEATHER WAS RECORDED TODAY.
  LIGHT SNOW


RELATIVE HUMIDITY (PERCENT)
 HIGHEST    MM
 LOWEST     MM
 AVERAGE    MM

..........................................................


THE MARQUETTE MI CLIMATE NORMALS FOR TOMORROW
                         NORMAL    RECORD    YEAR
 MAXIMUM TEMPERATURE (F)   23        36      1992
 MINIMUM TEMPERATURE (F)    7       -19      1974


SUNRISE AND SUNSET
DECEMBER 31 2017......SUNRISE   834 AM EST   SUNSET   513 PM EST
JANUARY  1 2018.......SUNRISE   834 AM EST   SUNSET   514 PM EST


-  INDICATES NEGATIVE NUMBERS.
R  INDICATES RECORD WAS SET OR TIED.
MM INDICATES DATA IS MISSING.
T  INDICATES TRACE AMOUNT.




$$
