000
CDUS43 KMQT 052112
CLIMQT


CLIMATE REPORT
NATIONAL WEATHER SERVICE MARQUETTE MI
511 PM EDT MON SEP 5 2016


...................................

...THE MARQUETTE MI CLIMATE SUMMARY FOR SEPTEMBER 5 2016...
VALID TODAY AS OF 0500 PM LOCAL TIME.

CLIMATE NORMAL PERIOD 1981 TO 2010
CLIMATE RECORD PERIOD 1961 TO 2016


WEATHER ITEM   OBSERVED RECORD YEAR NORMAL DEPARTURE LAST
                VALUE   VALUE       VALUE  FROM      YEAR
                                           NORMAL
...........................................................
TEMPERATURE (F)
 TODAY
  MAXIMUM         80     88    2007  70     10       85
                               1998
  MINIMUM         60     32    1984  50     10       62
                               1962
  AVERAGE         70                 60     10       74

PRECIPITATION (IN)
  TODAY            T      0.71 1983   0.11  -0.11     0.00
  MONTH TO DATE    0.05               0.54  -0.49     0.31
  SINCE SEP 1      0.05               0.54  -0.49     0.31
  SINCE JAN 1     27.82              22.91   4.91    18.52

SNOWFALL (IN)
  TODAY            0.0   MM      MM   0.0    0.0      0.0
  MONTH TO DATE    0.0                0.0    0.0      0.0
  SINCE SEP 1      0.0                0.0    0.0      0.0
  SINCE JUL 1      T                  0.0    0.0      0.0
  SNOW DEPTH       0

DEGREE DAYS
 HEATING
  TODAY            0                  7     -7        0
  MONTH TO DATE   18                 31    -13        0
  SINCE SEP 1     18                 31    -13        0
  SINCE JUL 1    118                216    -98      168

 COOLING
  TODAY            5                  1      4        9
  MONTH TO DATE    6                  8     -2       25
  SINCE SEP 1      6                  8     -2       25
  SINCE JAN 1    242                228     14      207
...........................................................


WIND (MPH)
  HIGHEST WIND SPEED    MM   HIGHEST WIND DIRECTION    MM
  HIGHEST GUST SPEED    25   HIGHEST GUST DIRECTION     S (180)
  AVERAGE WIND SPEED    MM


SKY COVER
  POSSIBLE SUNSHINE  MM
  AVERAGE SKY COVER  MM


WEATHER CONDITIONS
 THE FOLLOWING WEATHER WAS RECORDED TODAY.
  LIGHT RAIN


RELATIVE HUMIDITY (PERCENT)
 HIGHEST    MM
 LOWEST     MM
 AVERAGE    MM

..........................................................


THE MARQUETTE MI CLIMATE NORMALS FOR TOMORROW
                         NORMAL    RECORD    YEAR
 MAXIMUM TEMPERATURE (F)   70        88      1996
                                             1978
 MINIMUM TEMPERATURE (F)   49        32      1962


SUNRISE AND SUNSET
SEPTEMBER  5 2016.....SUNRISE   716 AM EDT   SUNSET   820 PM EDT
SEPTEMBER  6 2016.....SUNRISE   717 AM EDT   SUNSET   819 PM EDT


-  INDICATES NEGATIVE NUMBERS.
R  INDICATES RECORD WAS SET OR TIED.
MM INDICATES DATA IS MISSING.
T  INDICATES TRACE AMOUNT.




$$
