663
CDUS43 KMQT 250526
CLIMQT


CLIMATE REPORT
NATIONAL WEATHER SERVICE MARQUETTE MI
1224 AM EST FRI NOV 25 2016


...................................

...THE MARQUETTE MI CLIMATE SUMMARY FOR NOVEMBER 24 2016...

CLIMATE NORMAL PERIOD 1981 TO 2010
CLIMATE RECORD PERIOD 1961 TO 2016


WEATHER ITEM   OBSERVED RECORD YEAR NORMAL DEPARTURE LAST
                VALUE   VALUE       VALUE  FROM      YEAR
                                           NORMAL
...........................................................
TEMPERATURE (F)
 YESTERDAY
  MAXIMUM         34     55    1984  33      1       33
  MINIMUM         31      0    1995  19     12       26
  AVERAGE         33                 26      7       30

PRECIPITATION (IN)
  YESTERDAY        0.20   1.08 1991   0.10   0.10      T
  MONTH TO DATE    1.03               2.54  -1.51     1.56
  SINCE SEP 1      9.56              10.10  -0.54     6.10
  SINCE JAN 1     37.33              32.47   4.86    24.31

SNOWFALL (IN)
  YESTERDAY        2.3   13.2  1991   1.1    1.2       T
  MONTH TO DATE   14.1               17.6   -3.5      2.6
  SINCE SEP 1     14.1               23.7   -9.6      3.8
  SINCE JUL 1     14.1               23.7   -9.6      3.8
  SNOW DEPTH       5

DEGREE DAYS
 HEATING
  YESTERDAY       32                 39     -7       35
  MONTH TO DATE  583                801   -218      612
  SINCE SEP 1   1337               1777   -440     1430
  SINCE JUL 1   1437               1962   -525     1598

 COOLING
  YESTERDAY        0                  0      0        0
  MONTH TO DATE    0                  0      0        0
  SINCE SEP 1     10                 22    -12       68
  SINCE JAN 1    246                242      4      250
...........................................................


WIND (MPH)
  RESULTANT WIND SPEED  MM   RESULTANT WIND DIRECTION  MM
  HIGHEST WIND SPEED    MM   HIGHEST WIND DIRECTION    MM
  HIGHEST GUST SPEED    10   HIGHEST GUST DIRECTION    NE (45)
  AVERAGE WIND SPEED    MM


SKY COVER
  POSSIBLE SUNSHINE  MM
  AVERAGE SKY COVER  MM


WEATHER CONDITIONS
 THE FOLLOWING WEATHER WAS RECORDED YESTERDAY.
  LIGHT RAIN
  LT FREEZING RAIN
  LIGHT SNOW
  FOG


RELATIVE HUMIDITY (PERCENT)
 HIGHEST    MM
 LOWEST     MM
 AVERAGE    MM

..........................................................


THE MARQUETTE MI CLIMATE NORMALS FOR TODAY
                         NORMAL    RECORD    YEAR
 MAXIMUM TEMPERATURE (F)   33        56      1984
 MINIMUM TEMPERATURE (F)   19        -4      2005
                                             1985


SUNRISE AND SUNSET
NOVEMBER 25 2016......SUNRISE   807 AM EST   SUNSET   508 PM EST
NOVEMBER 26 2016......SUNRISE   808 AM EST   SUNSET   507 PM EST


-  INDICATES NEGATIVE NUMBERS.
R  INDICATES RECORD WAS SET OR TIED.
MM INDICATES DATA IS MISSING.
T  INDICATES TRACE AMOUNT.




$$
