000
CDUS43 KMQT 270521
CLIMQT


CLIMATE REPORT
NATIONAL WEATHER SERVICE MARQUETTE MI
1221 AM EST SUN NOV 27 2016


...................................

...THE MARQUETTE MI CLIMATE SUMMARY FOR NOVEMBER 26 2016...

CLIMATE NORMAL PERIOD 1981 TO 2010
CLIMATE RECORD PERIOD 1961 TO 2016


WEATHER ITEM   OBSERVED RECORD YEAR NORMAL DEPARTURE LAST
                VALUE   VALUE       VALUE  FROM      YEAR
                                           NORMAL
...........................................................
TEMPERATURE (F)
 YESTERDAY
  MAXIMUM         39     48    1984  33      6       40
  MINIMUM         23     -8    2005  19      4       26
  AVERAGE         31                 26      5       33

PRECIPITATION (IN)
  YESTERDAY        T      1.20 1965   0.10  -0.10     0.55
  MONTH TO DATE    1.04               2.75  -1.71     2.11
  SINCE SEP 1      9.57              10.31  -0.74     6.65
  SINCE JAN 1     37.34              32.68   4.66    24.86

SNOWFALL (IN)
  YESTERDAY        T      9.2  2001   1.1   -1.1      3.7
  MONTH TO DATE   14.2               19.8   -5.6      6.3
  SINCE SEP 1     14.2               25.9  -11.7      7.5
  SINCE JUL 1     14.2               25.9  -11.7      7.5
  SNOW DEPTH       2

DEGREE DAYS
 HEATING
  YESTERDAY       34                 39     -5       32
  MONTH TO DATE  650                879   -229      674
  SINCE SEP 1   1404               1855   -451     1492
  SINCE JUL 1   1504               2040   -536     1660

 COOLING
  YESTERDAY        0                  0      0        0
  MONTH TO DATE    0                  0      0        0
  SINCE SEP 1     10                 22    -12       68
  SINCE JAN 1    246                242      4      250
...........................................................


WIND (MPH)
  RESULTANT WIND SPEED  MM   RESULTANT WIND DIRECTION  MM
  HIGHEST WIND SPEED    MM   HIGHEST WIND DIRECTION    MM
  HIGHEST GUST SPEED    15   HIGHEST GUST DIRECTION     W (270)
  AVERAGE WIND SPEED    MM


SKY COVER
  POSSIBLE SUNSHINE  MM
  AVERAGE SKY COVER  MM


WEATHER CONDITIONS
 THE FOLLOWING WEATHER WAS RECORDED YESTERDAY.
  LIGHT SNOW


RELATIVE HUMIDITY (PERCENT)
 HIGHEST    MM
 LOWEST     MM
 AVERAGE    MM

..........................................................


THE MARQUETTE MI CLIMATE NORMALS FOR TODAY
                         NORMAL    RECORD    YEAR
 MAXIMUM TEMPERATURE (F)   32        53      1998
 MINIMUM TEMPERATURE (F)   18        -4      2014


SUNRISE AND SUNSET
NOVEMBER 27 2016......SUNRISE   809 AM EST   SUNSET   507 PM EST
NOVEMBER 28 2016......SUNRISE   810 AM EST   SUNSET   506 PM EST


-  INDICATES NEGATIVE NUMBERS.
R  INDICATES RECORD WAS SET OR TIED.
MM INDICATES DATA IS MISSING.
T  INDICATES TRACE AMOUNT.




$$
