000
CDUS43 KMQT 310510
CLIMQT


CLIMATE REPORT
NATIONAL WEATHER SERVICE MARQUETTE MI
110 AM EDT MON JUL 31 2017


...................................

...THE MARQUETTE MI CLIMATE SUMMARY FOR JULY 30 2017...

CLIMATE NORMAL PERIOD 1981 TO 2010
CLIMATE RECORD PERIOD 1961 TO 2017


WEATHER ITEM   OBSERVED RECORD YEAR NORMAL DEPARTURE LAST
                VALUE   VALUE       VALUE  FROM      YEAR
                                           NORMAL
...........................................................
TEMPERATURE (F)
 YESTERDAY
  MAXIMUM         86     97    1999  76     10       78
                               1975
  MINIMUM         56     39    1978  55      1       49
  AVERAGE         71                 65      6       64

PRECIPITATION (IN)
  YESTERDAY        T      1.78 1979   0.09  -0.09     0.00
  MONTH TO DATE    1.96               2.74  -0.78     3.49
  SINCE JUN 1      7.93               5.58   2.35     7.03
  SINCE JAN 1     22.77              19.22   3.55    23.24

SNOWFALL (IN)
  YESTERDAY        0.0   MM      MM   0.0    0.0      0.0
  MONTH TO DATE    T                  0.0    0.0       T
  SINCE JUN 1      T                  0.0    0.0       T
  SINCE JUL 1      T                  0.0    0.0       T
  SNOW DEPTH       0

DEGREE DAYS
 HEATING
  YESTERDAY        0                  3     -3        1
  MONTH TO DATE   79                 76      3       53
  SINCE JUN 1    220                258    -38      235
  SINCE JUL 1     79                 76      3       53

 COOLING
  YESTERDAY        6                  3      3        0
  MONTH TO DATE   49                 90    -41      102
  SINCE JUN 1     70                138    -68      143
  SINCE JAN 1     70                150    -80      154
...........................................................


WIND (MPH)
  RESULTANT WIND SPEED  MM   RESULTANT WIND DIRECTION  MM
  HIGHEST WIND SPEED    MM   HIGHEST WIND DIRECTION    MM
  HIGHEST GUST SPEED    19   HIGHEST GUST DIRECTION    NW (315)
  AVERAGE WIND SPEED    MM


SKY COVER
  POSSIBLE SUNSHINE  MM
  AVERAGE SKY COVER  MM


WEATHER CONDITIONS
 THE FOLLOWING WEATHER WAS RECORDED YESTERDAY.
  THUNDERSTORM
  LIGHT RAIN


RELATIVE HUMIDITY (PERCENT)
 HIGHEST    MM
 LOWEST     MM
 AVERAGE    MM

..........................................................


THE MARQUETTE MI CLIMATE NORMALS FOR TODAY
                         NORMAL    RECORD    YEAR
 MAXIMUM TEMPERATURE (F)   76        96      2006
 MINIMUM TEMPERATURE (F)   55        40      1962


SUNRISE AND SUNSET
JULY 31 2017..........SUNRISE   630 AM EDT   SUNSET   922 PM EDT
AUGUST  1 2017........SUNRISE   631 AM EDT   SUNSET   921 PM EDT


-  INDICATES NEGATIVE NUMBERS.
R  INDICATES RECORD WAS SET OR TIED.
MM INDICATES DATA IS MISSING.
T  INDICATES TRACE AMOUNT.




$$
