000
CDUS43 KMQT 190524
CLIMQT


CLIMATE REPORT
NATIONAL WEATHER SERVICE MARQUETTE MI
122 AM EDT SAT JUL 19 2014


...................................

...THE MARQUETTE MI CLIMATE SUMMARY FOR JULY 18 2014...

CLIMATE NORMAL PERIOD 1981 TO 2010
CLIMATE RECORD PERIOD 1961 TO 2014


WEATHER ITEM   OBSERVED RECORD YEAR NORMAL DEPARTURE LAST
                VALUE   VALUE       VALUE  FROM      YEAR
                                           NORMAL
...........................................................
TEMPERATURE (F)
 YESTERDAY
  MAXIMUM         78     92    1966  77      1       85
  MINIMUM         51     41    2000  55     -4       66
  AVERAGE         65                 66     -1       76

PRECIPITATION (IN)
  YESTERDAY        0.00   1.54 1996   0.09  -0.09     1.46
  MONTH TO DATE    3.22               1.61   1.61     2.38
  SINCE JUN 1      8.85               4.45   4.40     5.69
  SINCE JAN 1     21.31              18.09   3.22    23.03

SNOWFALL (IN)
  YESTERDAY        0.0   MM      MM   0.0    0.0      0.0
  MONTH TO DATE    T                  0.0    0.0      0.0
  SINCE JUN 1      T                  0.0    0.0      0.0
  SINCE JUL 1      T                  0.0    0.0      0.0
  SNOW DEPTH       0

DEGREE DAYS
 HEATING
  YESTERDAY        0                  2     -2        0
  MONTH TO DATE   78                 48     30       30
  SINCE JUN 1    241                230     11      228
  SINCE JUL 1     78                 48     30       30

 COOLING
  YESTERDAY        0                  3     -3       11
  MONTH TO DATE   14                 54    -40      118
  SINCE JUN 1     68                102    -34      157
  SINCE JAN 1     88                114    -26      170
...........................................................


WIND (MPH)
  RESULTANT WIND SPEED  MM   RESULTANT WIND DIRECTION  MM
  HIGHEST WIND SPEED    MM   HIGHEST WIND DIRECTION    MM
  HIGHEST GUST SPEED    22   HIGHEST GUST DIRECTION    SW (225)
  AVERAGE WIND SPEED    MM


SKY COVER
  POSSIBLE SUNSHINE  MM
  AVERAGE SKY COVER  MM


WEATHER CONDITIONS
 THE FOLLOWING WEATHER WAS RECORDED YESTERDAY.
  NO SIGNIFICANT WEATHER WAS OBSERVED.


RELATIVE HUMIDITY (PERCENT)
 HIGHEST    MM
 LOWEST     MM
 AVERAGE    MM

..........................................................


THE MARQUETTE MI CLIMATE NORMALS FOR TODAY
                         NORMAL    RECORD    YEAR
 MAXIMUM TEMPERATURE (F)   77        99      1977
 MINIMUM TEMPERATURE (F)   55        36      2000


SUNRISE AND SUNSET
JULY 19 2014..........SUNRISE   616 AM EDT   SUNSET   936 PM EDT
JULY 20 2014..........SUNRISE   617 AM EDT   SUNSET   935 PM EDT


-  INDICATES NEGATIVE NUMBERS.
R  INDICATES RECORD WAS SET OR TIED.
MM INDICATES DATA IS MISSING.
T  INDICATES TRACE AMOUNT.

$$

TITUS
