000
CDUS43 KMQT 050518
CLIMQT


CLIMATE REPORT
NATIONAL WEATHER SERVICE MARQUETTE MI
1217 AM EST SUN MAR 5 2017


...................................

...THE MARQUETTE MI CLIMATE SUMMARY FOR MARCH 4 2017...

CLIMATE NORMAL PERIOD 1981 TO 2010
CLIMATE RECORD PERIOD 1961 TO 2017


WEATHER ITEM   OBSERVED RECORD YEAR NORMAL DEPARTURE LAST
                VALUE   VALUE       VALUE  FROM      YEAR
                                           NORMAL
...........................................................
TEMPERATURE (F)
 YESTERDAY
  MAXIMUM         32     53    2000  31      1       35
  MINIMUM        -13    -15    1996   9    -22       -2
  AVERAGE         10                 20    -10       17

PRECIPITATION (IN)
  YESTERDAY        0.00   1.14 1985   0.09  -0.09     0.02
  MONTH TO DATE    0.56               0.37   0.19     0.02
  SINCE MAR 1      0.56               0.37   0.19     0.02
  SINCE JAN 1      5.14               4.92   0.22     4.64

SNOWFALL (IN)
  YESTERDAY        0.0   21.1  1985   1.3   -1.3      1.0
  MONTH TO DATE    7.9                5.3    2.6      1.0
  SINCE MAR 1      7.9                5.3    2.6      1.0
  SINCE JUL 1    129.0              157.7  -28.7    101.1
  SNOW DEPTH      15

DEGREE DAYS
 HEATING
  YESTERDAY       55                 45     10       48
  MONTH TO DATE  211                182     29      221
  SINCE MAR 1    211                182     29      221
  SINCE JUL 1   5895               6806   -911     5988

 COOLING
  YESTERDAY        0                  0      0        0
  MONTH TO DATE    0                  0      0        0
  SINCE MAR 1      0                  0      0        0
  SINCE JAN 1      0                  0      0        0
...........................................................


WIND (MPH)
  RESULTANT WIND SPEED  MM   RESULTANT WIND DIRECTION  MM
  HIGHEST WIND SPEED    MM   HIGHEST WIND DIRECTION    MM
  HIGHEST GUST SPEED    22   HIGHEST GUST DIRECTION    SE (135)
  AVERAGE WIND SPEED    MM


SKY COVER
  POSSIBLE SUNSHINE  MM
  AVERAGE SKY COVER  MM


WEATHER CONDITIONS
 THE FOLLOWING WEATHER WAS RECORDED YESTERDAY.
  NO SIGNIFICANT WEATHER WAS OBSERVED.


RELATIVE HUMIDITY (PERCENT)
 HIGHEST    MM
 LOWEST     MM
 AVERAGE    MM

..........................................................


THE MARQUETTE MI CLIMATE NORMALS FOR TODAY
                         NORMAL    RECORD    YEAR
 MAXIMUM TEMPERATURE (F)   31        53      2000
 MINIMUM TEMPERATURE (F)    9       -17      2015
                                             2003


SUNRISE AND SUNSET
MARCH  5 2017.........SUNRISE   722 AM EST   SUNSET   642 PM EST
MARCH  6 2017.........SUNRISE   720 AM EST   SUNSET   644 PM EST


-  INDICATES NEGATIVE NUMBERS.
R  INDICATES RECORD WAS SET OR TIED.
MM INDICATES DATA IS MISSING.
T  INDICATES TRACE AMOUNT.




$$
