000
CDUS43 KMQT 140541
CLIMQT


CLIMATE REPORT
NATIONAL WEATHER SERVICE MARQUETTE MI
139 AM EDT WED SEP 14 2016


...................................

...THE MARQUETTE MI CLIMATE SUMMARY FOR SEPTEMBER 13 2016...

CLIMATE NORMAL PERIOD 1981 TO 2010
CLIMATE RECORD PERIOD 1961 TO 2016


WEATHER ITEM   OBSERVED RECORD YEAR NORMAL DEPARTURE LAST
                VALUE   VALUE       VALUE  FROM      YEAR
                                           NORMAL
...........................................................
TEMPERATURE (F)
 YESTERDAY
  MAXIMUM         66     83    2004  67     -1       71
  MINIMUM         52     28    1963  47      5       38
  AVERAGE         59                 57      2       55

PRECIPITATION (IN)
  YESTERDAY        0.07   1.59 1993   0.12  -0.05     0.00
  MONTH TO DATE    3.37               1.48   1.89     1.32
  SINCE SEP 1      3.37               1.48   1.89     1.32
  SINCE JAN 1     31.14              23.85   7.29    19.53

SNOWFALL (IN)
  YESTERDAY        0.0   MM      MM   0.0    0.0      0.0
  MONTH TO DATE    0.0                0.0    0.0      0.0
  SINCE SEP 1      0.0                0.0    0.0      0.0
  SINCE JUL 1      T                  0.0    0.0      0.0
  SNOW DEPTH       0

DEGREE DAYS
 HEATING
  YESTERDAY        6                  9     -3       10
  MONTH TO DATE   50                 93    -43       63
  SINCE SEP 1     50                 93    -43       63
  SINCE JUL 1    150                278   -128      231

 COOLING
  YESTERDAY        0                  1     -1        0
  MONTH TO DATE   10                 16     -6       44
  SINCE SEP 1     10                 16     -6       44
  SINCE JAN 1    246                236     10      226
...........................................................


WIND (MPH)
  RESULTANT WIND SPEED  MM   RESULTANT WIND DIRECTION  MM
  HIGHEST WIND SPEED    MM   HIGHEST WIND DIRECTION    MM
  HIGHEST GUST SPEED    18   HIGHEST GUST DIRECTION     N (360)
  AVERAGE WIND SPEED    MM


SKY COVER
  POSSIBLE SUNSHINE  MM
  AVERAGE SKY COVER  MM


WEATHER CONDITIONS
 THE FOLLOWING WEATHER WAS RECORDED YESTERDAY.
  LIGHT RAIN


RELATIVE HUMIDITY (PERCENT)
 HIGHEST    MM
 LOWEST     MM
 AVERAGE    MM

..........................................................


THE MARQUETTE MI CLIMATE NORMALS FOR TODAY
                         NORMAL    RECORD    YEAR
 MAXIMUM TEMPERATURE (F)   67        81      1997
 MINIMUM TEMPERATURE (F)   47        29      1975


SUNRISE AND SUNSET
SEPTEMBER 14 2016.....SUNRISE   727 AM EDT   SUNSET   803 PM EDT
SEPTEMBER 15 2016.....SUNRISE   729 AM EDT   SUNSET   801 PM EDT


-  INDICATES NEGATIVE NUMBERS.
R  INDICATES RECORD WAS SET OR TIED.
MM INDICATES DATA IS MISSING.
T  INDICATES TRACE AMOUNT.


$$

TITUS
