000
CDUS43 KMQT 120519
CLIMQT

CLIMATE REPORT
NATIONAL WEATHER SERVICE MARQUETTE MI
118 AM EDT SAT JUL 12 2014


...................................

...THE MARQUETTE MI CLIMATE SUMMARY FOR JULY 11 2014...

CLIMATE NORMAL PERIOD 1981 TO 2010
CLIMATE RECORD PERIOD 1961 TO 2014


WEATHER ITEM   OBSERVED RECORD YEAR NORMAL DEPARTURE LAST
                VALUE   VALUE       VALUE  FROM      YEAR
                                           NORMAL
...........................................................
TEMPERATURE (F)
 YESTERDAY
  MAXIMUM         76     93    1983  77     -1       78
  MINIMUM         56     40    1992  55      1       49
  AVERAGE         66                 66      0       64

PRECIPITATION (IN)
  YESTERDAY        T      1.88 1982   0.09  -0.09     0.00
  MONTH TO DATE    2.38               0.98   1.40     0.76
  SINCE JUN 1      8.01               3.82   4.19     4.07
  SINCE JAN 1     20.47              17.46   3.01    21.41

SNOWFALL (IN)
  YESTERDAY        0.0   MM      MM   0.0    0.0      0.0
  MONTH TO DATE    0.0                0.0    0.0      0.0
  SINCE JUN 1      0.0                0.0    0.0      0.0
  SINCE JUL 1      0.0                0.0    0.0      0.0
  SNOW DEPTH       0

DEGREE DAYS
 HEATING
  YESTERDAY        0                  3     -3        1
  MONTH TO DATE   42                 33      9       30
  SINCE JUN 1    205                215    -10      228
  SINCE JUL 1     42                 33      9       30

 COOLING
  YESTERDAY        1                  3     -2        0
  MONTH TO DATE   10                 33    -23       35
  SINCE JUN 1     64                 81    -17       74
  SINCE JAN 1     84                 93     -9       87
...........................................................


WIND (MPH)
  RESULTANT WIND SPEED  MM   RESULTANT WIND DIRECTION  MM
  HIGHEST WIND SPEED    MM   HIGHEST WIND DIRECTION    MM
  HIGHEST GUST SPEED    30   HIGHEST GUST DIRECTION     S (180)
  AVERAGE WIND SPEED    MM


SKY COVER
  POSSIBLE SUNSHINE  MM
  AVERAGE SKY COVER  MM


WEATHER CONDITIONS
 THE FOLLOWING WEATHER WAS RECORDED YESTERDAY.
  LIGHT RAIN


RELATIVE HUMIDITY (PERCENT)
 HIGHEST    MM
 LOWEST     MM
 AVERAGE    MM

..........................................................


THE MARQUETTE MI CLIMATE NORMALS FOR TODAY
                         NORMAL    RECORD    YEAR
 MAXIMUM TEMPERATURE (F)   77        91      1966
 MINIMUM TEMPERATURE (F)   55        43      1988


SUNRISE AND SUNSET
JULY 12 2014..........SUNRISE   609 AM EDT   SUNSET   942 PM EDT
JULY 13 2014..........SUNRISE   610 AM EDT   SUNSET   941 PM EDT


-  INDICATES NEGATIVE NUMBERS.
R  INDICATES RECORD WAS SET OR TIED.
MM INDICATES DATA IS MISSING.
T  INDICATES TRACE AMOUNT.




$$
