000
CDUS43 KMQT 292214
CLIMQT


CLIMATE REPORT
NATIONAL WEATHER SERVICE MARQUETTE MI
513 PM EST WED NOV 29 2017


...................................

...THE MARQUETTE MI CLIMATE SUMMARY FOR NOVEMBER 29 2017...
VALID TODAY AS OF 0500 PM LOCAL TIME.

CLIMATE NORMAL PERIOD 1981 TO 2010
CLIMATE RECORD PERIOD 1961 TO 2017


WEATHER ITEM   OBSERVED RECORD YEAR NORMAL DEPARTURE LAST
                VALUE   VALUE       VALUE  FROM      YEAR
                                           NORMAL
...........................................................
TEMPERATURE (F)
 TODAY
  MAXIMUM         33     55    1998  31      2       43
  MINIMUM         19    -13    1976  17      2       34
  AVERAGE         26                 24      2       39

PRECIPITATION (IN)
  TODAY            T      0.52 1991   0.10  -0.10     0.34
                               1987
  MONTH TO DATE    1.80               3.07  -1.27     1.68
  SINCE SEP 1     13.24              10.63   2.61    10.21
  SINCE JAN 1     40.57              33.00   7.57    37.98

SNOWFALL (IN)
  TODAY            T      5.2  1999   1.2   -1.2       T
  MONTH TO DATE   16.1               23.2   -7.1     14.2
  SINCE SEP 1     24.9               29.3   -4.4     14.2
  SINCE JUL 1     24.9               29.3   -4.4     14.2
  SNOW DEPTH       0

DEGREE DAYS
 HEATING
  TODAY           39                 41     -2       26
  MONTH TO DATE 1068               1000     68      736
  SINCE SEP 1   1828               1976   -148     1490
  SINCE JUL 1   2093               2161    -68     1590

 COOLING
  TODAY            0                  0      0        0
  MONTH TO DATE    0                  0      0        0
  SINCE SEP 1     52                 22     30       10
  SINCE JAN 1    145                242    -97      246
...........................................................


WIND (MPH)
  HIGHEST WIND SPEED    MM   HIGHEST WIND DIRECTION    MM
  HIGHEST GUST SPEED    28   HIGHEST GUST DIRECTION    NW (315)
  AVERAGE WIND SPEED    MM


SKY COVER
  POSSIBLE SUNSHINE  MM
  AVERAGE SKY COVER  MM


WEATHER CONDITIONS
 THE FOLLOWING WEATHER WAS RECORDED TODAY.
  LIGHT SNOW


RELATIVE HUMIDITY (PERCENT)
 HIGHEST    MM
 LOWEST     MM
 AVERAGE    MM

..........................................................


THE MARQUETTE MI CLIMATE NORMALS FOR TOMORROW
                         NORMAL    RECORD    YEAR
 MAXIMUM TEMPERATURE (F)   31        57      1998
 MINIMUM TEMPERATURE (F)   17       -10      1976


SUNRISE AND SUNSET
NOVEMBER 29 2017......SUNRISE   811 AM EST   SUNSET   506 PM EST
NOVEMBER 30 2017......SUNRISE   813 AM EST   SUNSET   505 PM EST


-  INDICATES NEGATIVE NUMBERS.
R  INDICATES RECORD WAS SET OR TIED.
MM INDICATES DATA IS MISSING.
T  INDICATES TRACE AMOUNT.




$$
