000
CDUS43 KMQT 172112
CLIMQT


CLIMATE REPORT
NATIONAL WEATHER SERVICE MARQUETTE MI
511 PM EDT THU JUL 17 2014


...................................

...THE MARQUETTE MI CLIMATE SUMMARY FOR JULY 17 2014...
VALID TODAY AS OF 0500 PM LOCAL TIME.

CLIMATE NORMAL PERIOD 1981 TO 2010
CLIMATE RECORD PERIOD 1961 TO 2014


WEATHER ITEM   OBSERVED RECORD YEAR NORMAL DEPARTURE LAST
                VALUE   VALUE       VALUE  FROM      YEAR
                                           NORMAL
...........................................................
TEMPERATURE (F)
 TODAY
  MAXIMUM         75     95    2005  77     -2       91
                               1986
  MINIMUM         45     40    1979  55    -10       68
                               1971
  AVERAGE         60                 66     -6       80

PRECIPITATION (IN)
  TODAY            0.00   1.20 2008   0.09  -0.09     0.16
  MONTH TO DATE    3.22               1.52   1.70     0.92
  SINCE JUN 1      8.85               4.36   4.49     4.23
  SINCE JAN 1     21.31              18.00   3.31    21.57

SNOWFALL (IN)
  TODAY            0.0   MM      MM   0.0    0.0      0.0
  MONTH TO DATE    T                  0.0    0.0      0.0
  SINCE JUN 1      T                  0.0    0.0      0.0
  SINCE JUL 1      T                  0.0    0.0      0.0
  SNOW DEPTH       0

DEGREE DAYS
 HEATING
  TODAY            5                  2      3        0
  MONTH TO DATE   78                 46     32       30
  SINCE JUN 1    241                228     13      228
  SINCE JUL 1     78                 46     32       30

 COOLING
  TODAY            0                  3     -3       15
  MONTH TO DATE   14                 51    -37      107
  SINCE JUN 1     68                 99    -31      146
  SINCE JAN 1     88                111    -23      159
...........................................................


WIND (MPH)
  HIGHEST WIND SPEED    MM   HIGHEST WIND DIRECTION    MM
  HIGHEST GUST SPEED    13   HIGHEST GUST DIRECTION     W (270)
  AVERAGE WIND SPEED    MM


SKY COVER
  POSSIBLE SUNSHINE  MM
  AVERAGE SKY COVER  MM


WEATHER CONDITIONS
 THE FOLLOWING WEATHER WAS RECORDED TODAY.
  NO SIGNIFICANT WEATHER WAS OBSERVED.


RELATIVE HUMIDITY (PERCENT)
 HIGHEST    MM
 LOWEST     MM
 AVERAGE    MM

..........................................................


THE MARQUETTE MI CLIMATE NORMALS FOR TOMORROW
                         NORMAL    RECORD    YEAR
 MAXIMUM TEMPERATURE (F)   77        92      1966
 MINIMUM TEMPERATURE (F)   55        41      2000


SUNRISE AND SUNSET
JULY 17 2014..........SUNRISE   614 AM EDT   SUNSET   938 PM EDT
JULY 18 2014..........SUNRISE   615 AM EDT   SUNSET   937 PM EDT


-  INDICATES NEGATIVE NUMBERS.
R  INDICATES RECORD WAS SET OR TIED.
MM INDICATES DATA IS MISSING.
T  INDICATES TRACE AMOUNT.




$$
