000
CDUS43 KMQT 280529
CLIMQT


CLIMATE REPORT
NATIONAL WEATHER SERVICE MARQUETTE MI
1226 AM EST SUN JAN 28 2018


...................................

...THE MARQUETTE MI CLIMATE SUMMARY FOR JANUARY 27 2018...

CLIMATE NORMAL PERIOD 1981 TO 2010
CLIMATE RECORD PERIOD 1961 TO 2018


WEATHER ITEM   OBSERVED RECORD YEAR NORMAL DEPARTURE LAST
                VALUE   VALUE       VALUE  FROM      YEAR
                                           NORMAL
...........................................................
TEMPERATURE (F)
 YESTERDAY
  MAXIMUM         37     49    2006  22     15       28
  MINIMUM         20    -20    2009   4     16       16
  AVERAGE         29                 13     16       22

PRECIPITATION (IN)
  YESTERDAY        T      1.27 1996   0.07  -0.07     0.06
  MONTH TO DATE    2.61               2.10   0.51     1.52
  SINCE DEC 1      4.75               4.67   0.08     3.71
  SINCE JAN 1      2.61               2.10   0.51     1.52

SNOWFALL (IN)
  YESTERDAY        0.1   15.4  1996   1.4   -1.3      2.1
  MONTH TO DATE   33.3               37.8   -4.5     21.6
  SINCE DEC 1     71.3               80.6   -9.3     63.6
  SINCE JUL 1     96.3              111.1  -14.8     77.8
  SNOW DEPTH      18

DEGREE DAYS
 HEATING
  YESTERDAY       36                 52    -16       43
  MONTH TO DATE 1350               1387    -37     1228
  SINCE DEC 1   2929               2827    102     2661
  SINCE JUL 1   5056               5029     27     4286

 COOLING
  YESTERDAY        0                  0      0        0
  MONTH TO DATE    0                  0      0        0
  SINCE DEC 1      0                  0      0        0
  SINCE JAN 1      0                  0      0        0
...........................................................


WIND (MPH)
  HIGHEST WIND SPEED    MM   HIGHEST WIND DIRECTION    MM
  HIGHEST GUST SPEED    31   HIGHEST GUST DIRECTION     W (270)
  AVERAGE WIND SPEED    MM


SKY COVER
  POSSIBLE SUNSHINE  MM
  AVERAGE SKY COVER  MM


WEATHER CONDITIONS
 THE FOLLOWING WEATHER WAS RECORDED YESTERDAY.
  LIGHT SNOW


RELATIVE HUMIDITY (PERCENT)
 HIGHEST    MM
 LOWEST     MM
 AVERAGE    MM

..........................................................


THE MARQUETTE MI CLIMATE NORMALS FOR TODAY
                         NORMAL    RECORD    YEAR
 MAXIMUM TEMPERATURE (F)   22        43      1989
 MINIMUM TEMPERATURE (F)    4       -17      2014
                                             1965


SUNRISE AND SUNSET
JANUARY 28 2018.......SUNRISE   819 AM EST   SUNSET   548 PM EST
JANUARY 29 2018.......SUNRISE   817 AM EST   SUNSET   550 PM EST


-  INDICATES NEGATIVE NUMBERS.
R  INDICATES RECORD WAS SET OR TIED.
MM INDICATES DATA IS MISSING.
T  INDICATES TRACE AMOUNT.




$$
JLA
