000
CDUS43 KMQT 250515
CLIMQT


CLIMATE REPORT
NATIONAL WEATHER SERVICE MARQUETTE MI
112 AM EDT MON MAY 25 2015


...................................

...THE MARQUETTE MI CLIMATE SUMMARY FOR MAY 24 2015...

CLIMATE NORMAL PERIOD 1981 TO 2010
CLIMATE RECORD PERIOD 1961 TO 2015


WEATHER ITEM   OBSERVED RECORD YEAR NORMAL DEPARTURE LAST
                VALUE   VALUE       VALUE  FROM      YEAR
                                           NORMAL
...........................................................
TEMPERATURE (F)
 YESTERDAY
  MAXIMUM         75     91    2010  65     10       77
  MINIMUM         50     29    2013  42      8       43
  AVERAGE         63                 54      9       60

PRECIPITATION (IN)
  YESTERDAY        T      1.40 1999   0.11  -0.11     0.00
  MONTH TO DATE    1.56               2.29  -0.73     2.48
  SINCE MAR 1      5.32               8.33  -3.01     8.89
  SINCE JAN 1      8.24              12.88  -4.64    12.41

SNOWFALL (IN)
  YESTERDAY        0.0    0.1  2002   0.0    0.0      0.0
  MONTH TO DATE    0.3                1.5   -1.2      3.6
  SINCE MAR 1     24.7               50.9  -26.2     69.4
  SINCE JUL 1    178.7              203.3  -24.6    198.9
  SNOW DEPTH       0

DEGREE DAYS
 HEATING
  YESTERDAY        2                 12    -10        5
  MONTH TO DATE  346                375    -29      416
  SINCE MAR 1   2408               2453    -45     2890
  SINCE JUL 1   9719               9077    642    10212

 COOLING
  YESTERDAY        0                  1     -1        0
  MONTH TO DATE    2                  4     -2        0
  SINCE MAR 1      2                  5     -3        0
  SINCE JAN 1      2                  5     -3        0
...........................................................


WIND (MPH)
  RESULTANT WIND SPEED  MM   RESULTANT WIND DIRECTION  MM
  HIGHEST WIND SPEED    MM   HIGHEST WIND DIRECTION    MM
  HIGHEST GUST SPEED    17   HIGHEST GUST DIRECTION     W (270)
  AVERAGE WIND SPEED    MM


SKY COVER
  POSSIBLE SUNSHINE  MM
  AVERAGE SKY COVER  MM


WEATHER CONDITIONS
 THE FOLLOWING WEATHER WAS RECORDED YESTERDAY.
  LIGHT RAIN


RELATIVE HUMIDITY (PERCENT)
 HIGHEST    MM
 LOWEST     MM
 AVERAGE    MM

..........................................................


THE MARQUETTE MI CLIMATE NORMALS FOR TODAY
                         NORMAL    RECORD    YEAR
 MAXIMUM TEMPERATURE (F)   65        88      2010
 MINIMUM TEMPERATURE (F)   43        28      2002


SUNRISE AND SUNSET
MAY 25 2015...........SUNRISE   606 AM EDT   SUNSET   929 PM EDT
MAY 26 2015...........SUNRISE   605 AM EDT   SUNSET   930 PM EDT


-  INDICATES NEGATIVE NUMBERS.
R  INDICATES RECORD WAS SET OR TIED.
MM INDICATES DATA IS MISSING.
T  INDICATES TRACE AMOUNT.



$$

TITUS
