000
CDUS43 KMQT 010517
CLIMQT


CLIMATE REPORT
NATIONAL WEATHER SERVICE MARQUETTE MI
117 AM EDT WED OCT 1 2014


...................................

...THE MARQUETTE MI CLIMATE SUMMARY FOR SEPTEMBER 30 2014...

CLIMATE NORMAL PERIOD 1981 TO 2010
CLIMATE RECORD PERIOD 1961 TO 2014


WEATHER ITEM   OBSERVED RECORD YEAR NORMAL DEPARTURE LAST
                VALUE   VALUE       VALUE  FROM      YEAR
                                           NORMAL
...........................................................
TEMPERATURE (F)
 YESTERDAY
  MAXIMUM         46     80    2000  59    -13       69
  MINIMUM         38     24    1993  40     -2       47
  AVERAGE         42                 50     -8       58

PRECIPITATION (IN)
  YESTERDAY        T      1.11 1985   0.13  -0.13     0.00
  MONTH TO DATE    4.10               3.72   0.38     2.02
  SINCE SEP 1      4.10               3.72   0.38     2.02
  SINCE JAN 1     30.84              26.09   4.75    29.77

SNOWFALL (IN)
  YESTERDAY        0.0    0.1  2003   0.1   -0.1      0.0
  MONTH TO DATE    0.0                0.1   -0.1      0.0
  SINCE SEP 1      0.0                0.1   -0.1      0.0
  SINCE JUL 1      T                  0.1   -0.1      0.0
  SNOW DEPTH       0

DEGREE DAYS
 HEATING
  YESTERDAY       23                 15      8        7
  MONTH TO DATE  280                297    -17      251
  SINCE SEP 1    280                297    -17      251
  SINCE JUL 1    527                482     45      465

 COOLING
  YESTERDAY        0                  0      0        0
  MONTH TO DATE    5                 21    -16       10
  SINCE SEP 1      5                 21    -16       10
  SINCE JAN 1    152                241    -89      280
...........................................................

WIND (MPH)
  RESULTANT WIND SPEED  MM   RESULTANT WIND DIRECTION  MM
  HIGHEST WIND SPEED    MM   HIGHEST WIND DIRECTION    MM
  HIGHEST GUST SPEED    17   HIGHEST GUST DIRECTION    NE (45)
  AVERAGE WIND SPEED    MM

SKY COVER
  POSSIBLE SUNSHINE  MM
  AVERAGE SKY COVER  MM

WEATHER CONDITIONS
 THE FOLLOWING WEATHER WAS RECORDED YESTERDAY.
  LIGHT RAIN

RELATIVE HUMIDITY (PERCENT)
 HIGHEST    MM
 LOWEST     MM
 AVERAGE    MM
..........................................................


THE MARQUETTE MI CLIMATE NORMALS FOR TODAY
                         NORMAL    RECORD    YEAR
 MAXIMUM TEMPERATURE (F)   59        83      1976
 MINIMUM TEMPERATURE (F)   40        26      2009


SUNRISE AND SUNSET
OCTOBER  1 2014.......SUNRISE   749 AM EDT   SUNSET   730 PM EDT
OCTOBER  2 2014.......SUNRISE   750 AM EDT   SUNSET   728 PM EDT


-  INDICATES NEGATIVE NUMBERS.
R  INDICATES RECORD WAS SET OR TIED.
MM INDICATES DATA IS MISSING.
T  INDICATES TRACE AMOUNT.




$$
