000
CDUS43 KMQT 222103
CLIMQT


CLIMATE REPORT
NATIONAL WEATHER SERVICE MARQUETTE MI
502 PM EDT FRI JUL 22 2016


...................................

...THE MARQUETTE MI CLIMATE SUMMARY FOR JULY 22 2016...
VALID TODAY AS OF 0500 PM LOCAL TIME.

CLIMATE NORMAL PERIOD 1981 TO 2010
CLIMATE RECORD PERIOD 1961 TO 2016


WEATHER ITEM   OBSERVED RECORD YEAR NORMAL DEPARTURE LAST
                VALUE   VALUE       VALUE  FROM      YEAR
                                           NORMAL
...........................................................
TEMPERATURE (F)
 TODAY
  MAXIMUM         88     90    1999  77     11       73
  MINIMUM         63     40    1981  55      8       47
  AVERAGE         76                 66     10       60

PRECIPITATION (IN)
  TODAY            0.00   1.45 1972   0.10  -0.10     0.00
  MONTH TO DATE    3.01               1.99   1.02     1.66
  SINCE JUN 1      6.55               4.83   1.72     4.15
  SINCE JAN 1     22.76              18.47   4.29    15.47

SNOWFALL (IN)
  TODAY            0.0   MM      MM   0.0    0.0      0.0
  MONTH TO DATE    T                  0.0    0.0      0.0
  SINCE JUN 1      T                  0.0    0.0      0.0
  SINCE JUL 1      T                  0.0    0.0      0.0
  SNOW DEPTH       0

DEGREE DAYS
 HEATING
  TODAY            0                  2     -2        5
  MONTH TO DATE   50                 56     -6       68
  SINCE JUN 1    232                238     -6      270
  SINCE JUL 1     50                 56     -6       68

 COOLING
  TODAY           11                  3      8        0
  MONTH TO DATE   68                 66      2       46
  SINCE JUN 1    109                114     -5       46
  SINCE JAN 1    120                126     -6       48
...........................................................


WIND (MPH)
  HIGHEST WIND SPEED    MM   HIGHEST WIND DIRECTION    MM
  HIGHEST GUST SPEED    28   HIGHEST GUST DIRECTION     W (270)
  AVERAGE WIND SPEED    MM


SKY COVER
  POSSIBLE SUNSHINE  MM
  AVERAGE SKY COVER  MM


WEATHER CONDITIONS
 THE FOLLOWING WEATHER WAS RECORDED TODAY.
  NO SIGNIFICANT WEATHER WAS OBSERVED.


RELATIVE HUMIDITY (PERCENT)
 HIGHEST    MM
 LOWEST     MM
 AVERAGE    MM

..........................................................


THE MARQUETTE MI CLIMATE NORMALS FOR TOMORROW
                         NORMAL    RECORD    YEAR
 MAXIMUM TEMPERATURE (F)   77        90      1964
 MINIMUM TEMPERATURE (F)   55        38      1985


SUNRISE AND SUNSET
JULY 22 2016..........SUNRISE   620 AM EDT   SUNSET   933 PM EDT
JULY 23 2016..........SUNRISE   621 AM EDT   SUNSET   932 PM EDT


-  INDICATES NEGATIVE NUMBERS.
R  INDICATES RECORD WAS SET OR TIED.
MM INDICATES DATA IS MISSING.
T  INDICATES TRACE AMOUNT.




$$
