000
CDUS43 KMQT 290519
CLIMQT


CLIMATE REPORT
NATIONAL WEATHER SERVICE MARQUETTE MI
1216 AM EST FRI JAN 29 2016


...................................

...THE MARQUETTE MI CLIMATE SUMMARY FOR JANUARY 28 2016...

CLIMATE NORMAL PERIOD 1981 TO 2010
CLIMATE RECORD PERIOD 1961 TO 2016


WEATHER ITEM   OBSERVED RECORD YEAR NORMAL DEPARTURE LAST
                VALUE   VALUE       VALUE  FROM      YEAR
                                           NORMAL
...........................................................
TEMPERATURE (F)
 YESTERDAY
  MAXIMUM         30     43    1989  22      8       27
  MINIMUM         10    -17    2014   4      6       20
                               1965
  AVERAGE         20                 13      7       24

PRECIPITATION (IN)
  YESTERDAY        0.15   0.41 1970   0.08   0.07      T
  MONTH TO DATE    1.91               2.18  -0.27     0.99
  SINCE DEC 1      6.78               4.75   2.03     3.27
  SINCE JAN 1      1.91               2.18  -0.27     0.99

SNOWFALL (IN)
  YESTERDAY        5.8    8.4  1994   1.4    4.4       T
  MONTH TO DATE   35.9               39.2   -3.3     23.8
  SINCE DEC 1     54.8               82.0  -27.2     50.8
  SINCE JUL 1     62.7              112.5  -49.8    107.0
  SNOW DEPTH      15

DEGREE DAYS
 HEATING
  YESTERDAY       45                 52     -7       41
  MONTH TO DATE 1359               1439    -80     1516
  SINCE DEC 1   2469               2879   -410     2881
  SINCE JUL 1   4301               5081   -780     5411

 COOLING
  YESTERDAY        0                  0      0        0
  MONTH TO DATE    0                  0      0        0
  SINCE DEC 1      0                  0      0        0
  SINCE JAN 1      0                  0      0        0
...........................................................

WIND (MPH)
  RESULTANT WIND SPEED  MM   RESULTANT WIND DIRECTION  MM
  HIGHEST WIND SPEED    MM   HIGHEST WIND DIRECTION    MM
  HIGHEST GUST SPEED    35   HIGHEST GUST DIRECTION     N (360)
  AVERAGE WIND SPEED    MM

SKY COVER
  POSSIBLE SUNSHINE  MM
  AVERAGE SKY COVER  MM

WEATHER CONDITIONS
 THE FOLLOWING WEATHER WAS RECORDED YESTERDAY.
  SNOW
  LIGHT SNOW
  BLOWING SNOW

RELATIVE HUMIDITY (PERCENT)
 HIGHEST    MM
 LOWEST     MM
 AVERAGE    MM
..........................................................


THE MARQUETTE MI CLIMATE NORMALS FOR TODAY
                         NORMAL    RECORD    YEAR
 MAXIMUM TEMPERATURE (F)   22        43      2001
 MINIMUM TEMPERATURE (F)    4       -26      1965


SUNRISE AND SUNSET
JANUARY 29 2016.......SUNRISE   818 AM EST   SUNSET   549 PM EST
JANUARY 30 2016.......SUNRISE   817 AM EST   SUNSET   551 PM EST


-  INDICATES NEGATIVE NUMBERS.
R  INDICATES RECORD WAS SET OR TIED.
MM INDICATES DATA IS MISSING.
T  INDICATES TRACE AMOUNT.




$$
