000
CDUS43 KMQT 240505
CLIMQT


CLIMATE REPORT
NATIONAL WEATHER SERVICE MARQUETTE MI
105 AM EDT SUN SEP 24 2017


...................................

...THE MARQUETTE MI CLIMATE SUMMARY FOR SEPTEMBER 23 2017...

CLIMATE NORMAL PERIOD 1981 TO 2010
CLIMATE RECORD PERIOD 1961 TO 2017


WEATHER ITEM   OBSERVED RECORD YEAR NORMAL DEPARTURE LAST
                VALUE   VALUE       VALUE  FROM      YEAR
                                           NORMAL
...........................................................
TEMPERATURE (F)
 YESTERDAY
  MAXIMUM         88R    82    2004  63     25       62
  MINIMUM         67     22    1974  43     24       46
  AVERAGE         78                 53     25       54

PRECIPITATION (IN)
  YESTERDAY        0.00   2.14 2010   0.14  -0.14     0.00
  MONTH TO DATE    2.63               2.76  -0.13     4.69
  SINCE SEP 1      2.63               2.76  -0.13     4.69
  SINCE JAN 1     29.96              25.13   4.83    32.46

SNOWFALL (IN)
  YESTERDAY        0.0    0.3  1989   0.0    0.0      0.0
  MONTH TO DATE    T                  0.0    0.0      0.0
  SINCE SEP 1      T                  0.0    0.0      0.0
  SINCE JUL 1      T                  0.0    0.0       T
  SNOW DEPTH       0

DEGREE DAYS
 HEATING
  YESTERDAY        0                 12    -12       11
  MONTH TO DATE  150                198    -48      102
  SINCE SEP 1    150                198    -48      102
  SINCE JUL 1    415                383     32      202

 COOLING
  YESTERDAY       13                  0     13        0
  MONTH TO DATE   34                 21     13       10
  SINCE SEP 1     34                 21     13       10
  SINCE JAN 1    127                241   -114      246
...........................................................


WIND (MPH)
  RESULTANT WIND SPEED  MM   RESULTANT WIND DIRECTION  MM
  HIGHEST WIND SPEED    MM   HIGHEST WIND DIRECTION    MM
  HIGHEST GUST SPEED    24   HIGHEST GUST DIRECTION     W (270)
  AVERAGE WIND SPEED    MM


SKY COVER
  POSSIBLE SUNSHINE  MM
  AVERAGE SKY COVER  MM


WEATHER CONDITIONS
 THE FOLLOWING WEATHER WAS RECORDED YESTERDAY.
  NO SIGNIFICANT WEATHER WAS OBSERVED.


RELATIVE HUMIDITY (PERCENT)
 HIGHEST    MM
 LOWEST     MM
 AVERAGE    MM

..........................................................


THE MARQUETTE MI CLIMATE NORMALS FOR TODAY
                         NORMAL    RECORD    YEAR
 MAXIMUM TEMPERATURE (F)   62        84      2007
 MINIMUM TEMPERATURE (F)   43        25      1989


SUNRISE AND SUNSET
SEPTEMBER 24 2017.....SUNRISE   740 AM EDT   SUNSET   743 PM EDT
SEPTEMBER 25 2017.....SUNRISE   741 AM EDT   SUNSET   741 PM EDT


-  INDICATES NEGATIVE NUMBERS.
R  INDICATES RECORD WAS SET OR TIED.
MM INDICATES DATA IS MISSING.
T  INDICATES TRACE AMOUNT.




$$
