000
CDUS43 KMQT 010502
CLIMQT

CLIMATE REPORT
NATIONAL WEATHER SERVICE MARQUETTE MI
102 AM EDT THU JUN 1 2017


...................................

...THE MARQUETTE MI CLIMATE SUMMARY FOR MAY 31 2017...

CLIMATE NORMAL PERIOD 1981 TO 2010
CLIMATE RECORD PERIOD 1961 TO 2017


WEATHER ITEM   OBSERVED RECORD YEAR NORMAL DEPARTURE LAST
                VALUE   VALUE       VALUE  FROM      YEAR
                                           NORMAL
...........................................................
TEMPERATURE (F)
 YESTERDAY
  MAXIMUM         56     88    1988  67    -11       62
  MINIMUM         38     29    2009  45     -7       40
  AVERAGE         47                 56     -9       51

PRECIPITATION (IN)
  YESTERDAY        0.02   1.89 2004   0.11  -0.09      T
  MONTH TO DATE    3.02               3.05  -0.03     4.42
  SINCE MAR 1     10.26               9.09   1.17    11.59
  SINCE JAN 1     14.84              13.64   1.20    16.21

SNOWFALL (IN)
  YESTERDAY        0.0   MM      MM   0.0    0.0      0.0
  MONTH TO DATE    0.9                1.5   -0.6      1.1
  SINCE MAR 1     32.9               50.9  -18.0     60.8
  SINCE JUL 1    154.0              203.3  -49.3    160.9
  SNOW DEPTH       0

DEGREE DAYS
 HEATING
  YESTERDAY       18                 10      8       14
  MONTH TO DATE  549                450     99      414
  SINCE MAR 1   2549               2528     21     2437
  SINCE JUL 1   8233               9152   -919     8204

 COOLING
  YESTERDAY        0                  1     -1        0
  MONTH TO DATE    0                 11    -11       11
  SINCE MAR 1      0                 12    -12       11
  SINCE JAN 1      0                 12    -12       11
...........................................................


WIND (MPH)
  RESULTANT WIND SPEED  MM   RESULTANT WIND DIRECTION  MM
  HIGHEST WIND SPEED    MM   HIGHEST WIND DIRECTION    MM
  HIGHEST GUST SPEED    25   HIGHEST GUST DIRECTION    NW (315)
  AVERAGE WIND SPEED    MM


SKY COVER
  POSSIBLE SUNSHINE  MM
  AVERAGE SKY COVER  MM


WEATHER CONDITIONS
 THE FOLLOWING WEATHER WAS RECORDED YESTERDAY.
  LIGHT RAIN


RELATIVE HUMIDITY (PERCENT)
 HIGHEST    MM
 LOWEST     MM
 AVERAGE    MM

..........................................................


THE MARQUETTE MI CLIMATE NORMALS FOR TODAY
                         NORMAL    RECORD    YEAR
 MAXIMUM TEMPERATURE (F)   67        88      1988
 MINIMUM TEMPERATURE (F)   45        26      1964


SUNRISE AND SUNSET
JUNE  1 2017..........SUNRISE   601 AM EDT   SUNSET   936 PM EDT
JUNE  2 2017..........SUNRISE   600 AM EDT   SUNSET   937 PM EDT


-  INDICATES NEGATIVE NUMBERS.
R  INDICATES RECORD WAS SET OR TIED.
MM INDICATES DATA IS MISSING.
T  INDICATES TRACE AMOUNT.




$$
