000
CDUS43 KMQT 200504
CLIMQT


CLIMATE REPORT
NATIONAL WEATHER SERVICE MARQUETTE MI
1203 AM EST TUE FEB 20 2018


...................................

...THE MARQUETTE MI CLIMATE SUMMARY FOR FEBRUARY 19 2018...

CLIMATE NORMAL PERIOD 1981 TO 2010
CLIMATE RECORD PERIOD 1961 TO 2018


WEATHER ITEM   OBSERVED RECORD YEAR NORMAL DEPARTURE LAST
                VALUE   VALUE       VALUE  FROM      YEAR
                                           NORMAL
...........................................................
TEMPERATURE (F)
 YESTERDAY
  MAXIMUM         29     46    1988  27      2       44
  MINIMUM         16    -25    2015   6     10       28
  AVERAGE         23                 16      7       36

PRECIPITATION (IN)
  YESTERDAY        0.28   0.94 2013   0.07   0.21     0.00
  MONTH TO DATE    0.54               1.39  -0.85     1.22
  SINCE DEC 1      5.40               6.37  -0.97     5.15
  SINCE JAN 1      3.26               3.80  -0.54     2.96

SNOWFALL (IN)
  YESTERDAY        1.8   12.4  2013   1.3    0.5      0.0
  MONTH TO DATE    6.2               24.2  -18.0     20.0
  SINCE DEC 1     81.0              110.2  -29.2     92.2
  SINCE JUL 1    106.0              140.7  -34.7    106.4
  SNOW DEPTH      18

DEGREE DAYS
 HEATING
  YESTERDAY       42                 49     -7       29
  MONTH TO DATE 1015                959     56      869
  SINCE DEC 1   4144               3994    150     3733
  SINCE JUL 1   6271               6196     75     5358

 COOLING
  YESTERDAY        0                  0      0        0
  MONTH TO DATE    0                  0      0        0
  SINCE DEC 1      0                  0      0        0
  SINCE JAN 1      0                  0      0        0
...........................................................


WIND (MPH)
  RESULTANT WIND SPEED  MM   RESULTANT WIND DIRECTION  MM
  HIGHEST WIND SPEED    MM   HIGHEST WIND DIRECTION    MM
  HIGHEST GUST SPEED    23   HIGHEST GUST DIRECTION    NE (45)
  AVERAGE WIND SPEED    MM


SKY COVER
  POSSIBLE SUNSHINE  MM
  AVERAGE SKY COVER  MM


WEATHER CONDITIONS
 THE FOLLOWING WEATHER WAS RECORDED YESTERDAY.
  MIXED PRECIP
  LT FREEZING RAIN
  SNOW
  LIGHT SNOW
  SLEET
  FOG
  FOG W/VISIBILITY <= 1/4 MILE


RELATIVE HUMIDITY (PERCENT)
 HIGHEST    MM
 LOWEST     MM
 AVERAGE    MM

..........................................................


THE MARQUETTE MI CLIMATE NORMALS FOR TODAY
                         NORMAL    RECORD    YEAR
 MAXIMUM TEMPERATURE (F)   27        44      2017
                                             2003
 MINIMUM TEMPERATURE (F)    6       -26      2015


SUNRISE AND SUNSET
FEBRUARY 20 2018......SUNRISE   745 AM EST   SUNSET   623 PM EST
FEBRUARY 21 2018......SUNRISE   744 AM EST   SUNSET   624 PM EST


-  INDICATES NEGATIVE NUMBERS.
R  INDICATES RECORD WAS SET OR TIED.
MM INDICATES DATA IS MISSING.
T  INDICATES TRACE AMOUNT.




$$
