000
CDUS43 KMQT 060510
CLIMQT


CLIMATE REPORT
NATIONAL WEATHER SERVICE MARQUETTE MI
108 AM EDT MON JUL 6 2015


...................................

...THE MARQUETTE MI CLIMATE SUMMARY FOR JULY 5 2015...

CLIMATE NORMAL PERIOD 1981 TO 2010
CLIMATE RECORD PERIOD 1961 TO 2015


WEATHER ITEM   OBSERVED RECORD YEAR NORMAL DEPARTURE LAST
                VALUE   VALUE       VALUE  FROM      YEAR
                                           NORMAL
...........................................................
TEMPERATURE (F)
 YESTERDAY
  MAXIMUM         82     94    1988  76      6       81
  MINIMUM         57     34    1967  54      3       56
  AVERAGE         70                 65      5       69

PRECIPITATION (IN)
  YESTERDAY        0.00   1.59 2010   0.09  -0.09     0.03
  MONTH TO DATE    T                  0.44  -0.44     0.07
  SINCE JUN 1      2.49               3.28  -0.79     5.70
  SINCE JAN 1     13.81              16.92  -3.11    18.16

SNOWFALL (IN)
  YESTERDAY        0.0   MM      MM   0.0    0.0      0.0
  MONTH TO DATE    0.0                0.0    0.0      0.0
  SINCE JUN 1      0.0                0.0    0.0      0.0
  SINCE JUL 1      0.0                0.0    0.0      0.0
  SNOW DEPTH       0

DEGREE DAYS
 HEATING
  YESTERDAY        0                  3     -3        0
  MONTH TO DATE   22                 15      7       16
  SINCE JUN 1    224                197     27      179
  SINCE JUL 1     22                 15      7       16

 COOLING
  YESTERDAY        5                  3      2        4
  MONTH TO DATE    5                 15    -10        4
  SINCE JUN 1      5                 63    -58       58
  SINCE JAN 1      7                 75    -68       78
...........................................................


WIND (MPH)
  HIGHEST WIND SPEED    MM   HIGHEST WIND DIRECTION    MM
  HIGHEST GUST SPEED    24   HIGHEST GUST DIRECTION    SW (225)
  AVERAGE WIND SPEED    MM


SKY COVER
  POSSIBLE SUNSHINE  MM
  AVERAGE SKY COVER  MM


WEATHER CONDITIONS
 THE FOLLOWING WEATHER WAS RECORDED YESTERDAY.
  NO SIGNIFICANT WEATHER WAS OBSERVED.


RELATIVE HUMIDITY (PERCENT)
 HIGHEST    MM
 LOWEST     MM
 AVERAGE    MM

..........................................................


THE MARQUETTE MI CLIMATE NORMALS FOR TODAY
                         NORMAL    RECORD    YEAR
 MAXIMUM TEMPERATURE (F)   76        98      1988
 MINIMUM TEMPERATURE (F)   54        36      1965


SUNRISE AND SUNSET
JULY  6 2015..........SUNRISE   604 AM EDT   SUNSET   945 PM EDT
JULY  7 2015..........SUNRISE   605 AM EDT   SUNSET   945 PM EDT


-  INDICATES NEGATIVE NUMBERS.
R  INDICATES RECORD WAS SET OR TIED.
MM INDICATES DATA IS MISSING.
T  INDICATES TRACE AMOUNT.




$$
