000
CDUS43 KMQT 290531
CLIMQT


CLIMATE REPORT
NATIONAL WEATHER SERVICE MARQUETTE MI
130 AM EDT FRI AUG 29 2014


...................................

...THE MARQUETTE MI CLIMATE SUMMARY FOR AUGUST 28 2014...

CLIMATE NORMAL PERIOD 1981 TO 2010
CLIMATE RECORD PERIOD 1961 TO 2014


WEATHER ITEM   OBSERVED RECORD YEAR NORMAL DEPARTURE LAST
                VALUE   VALUE       VALUE  FROM      YEAR
                                           NORMAL
...........................................................
TEMPERATURE (F)
 YESTERDAY
  MAXIMUM         69     91    1991  72     -3       83
                               1973
  MINIMUM         42     36    1982  52    -10       59
                               1968
  AVERAGE         56                 62     -6       71

PRECIPITATION (IN)
  YESTERDAY        0.00   1.40 1975   0.10  -0.10     0.00
  MONTH TO DATE    4.03               2.74   1.29     1.59
  SINCE JUN 1     13.84               8.42   5.42     9.68
  SINCE JAN 1     26.30              22.06   4.24    27.02

SNOWFALL (IN)
  YESTERDAY        0.0   MM      MM   0.0    0.0      0.0
  MONTH TO DATE    0.0                0.0    0.0      0.0
  SINCE JUN 1      T                  0.0    0.0      0.0
  SINCE JUL 1      T                  0.0    0.0      0.0
  SNOW DEPTH       0

DEGREE DAYS
 HEATING
  YESTERDAY        9                  4      5        0
  MONTH TO DATE  116                 91     25      102
  SINCE JUN 1    400                352     48      412
  SINCE JUL 1    237                170     67      214

 COOLING
  YESTERDAY        0                  2     -2        6
  MONTH TO DATE   31                 60    -29       76
  SINCE JUN 1    127                202    -75      243
  SINCE JAN 1    147                214    -67      256
...........................................................


WIND (MPH)
  RESULTANT WIND SPEED  MM   RESULTANT WIND DIRECTION  MM
  HIGHEST WIND SPEED    MM   HIGHEST WIND DIRECTION    MM
  HIGHEST GUST SPEED    14   HIGHEST GUST DIRECTION    NE (45)
  AVERAGE WIND SPEED    MM


SKY COVER
  POSSIBLE SUNSHINE  MM
  AVERAGE SKY COVER  MM


WEATHER CONDITIONS
 THE FOLLOWING WEATHER WAS RECORDED YESTERDAY.
  NO SIGNIFICANT WEATHER WAS OBSERVED.


RELATIVE HUMIDITY (PERCENT)
 HIGHEST    MM
 LOWEST     MM
 AVERAGE    MM

..........................................................


THE MARQUETTE MI CLIMATE NORMALS FOR TODAY
                         NORMAL    RECORD    YEAR
 MAXIMUM TEMPERATURE (F)   72        90      1991
                                             1969
 MINIMUM TEMPERATURE (F)   51        34      1976


SUNRISE AND SUNSET
AUGUST 29 2014........SUNRISE   706 AM EDT   SUNSET   835 PM EDT
AUGUST 30 2014........SUNRISE   708 AM EDT   SUNSET   833 PM EDT


-  INDICATES NEGATIVE NUMBERS.
R  INDICATES RECORD WAS SET OR TIED.
MM INDICATES DATA IS MISSING.
T  INDICATES TRACE AMOUNT.




$$
