000
CDUS43 KMQT 190839
CLIMQT


CLIMATE REPORT
NATIONAL WEATHER SERVICE MARQUETTE MI
439 AM EDT TUE SEP 19 2017


...................................

...THE MARQUETTE MI CLIMATE SUMMARY FOR SEPTEMBER 18 2017...

CLIMATE NORMAL PERIOD 1981 TO 2010
CLIMATE RECORD PERIOD 1961 TO 2017


WEATHER ITEM   OBSERVED RECORD YEAR NORMAL DEPARTURE LAST
                VALUE   VALUE       VALUE  FROM      YEAR
                                           NORMAL
...........................................................
TEMPERATURE (F)
 YESTERDAY
  MAXIMUM         64     86    2000  65     -1       73
  MINIMUM         40     30    1974  45     -5       56
  AVERAGE         52                 55     -3       65

PRECIPITATION (IN)
  YESTERDAY        0.08   0.50 1992   0.13  -0.05     0.00
  MONTH TO DATE    1.65               2.11  -0.46     4.65
  SINCE SEP 1      1.65               2.11  -0.46     4.65
  SINCE JAN 1     28.98              24.48   4.50    32.42

SNOWFALL (IN)
  YESTERDAY        0.0   MM      MM   0.0    0.0      0.0
  MONTH TO DATE    0.0                0.0    0.0      0.0
  SINCE SEP 1      0.0                0.0    0.0      0.0
  SINCE JUL 1      T                  0.0    0.0       T
  SNOW DEPTH       0

DEGREE DAYS
 HEATING
  YESTERDAY       13                 10      3        0
  MONTH TO DATE  144                141      3       69
  SINCE SEP 1    144                141      3       69
  SINCE JUL 1    409                326     83      169

 COOLING
  YESTERDAY        0                  1     -1        0
  MONTH TO DATE   14                 21     -7       10
  SINCE SEP 1     14                 21     -7       10
  SINCE JAN 1    107                241   -134      246
...........................................................


WIND (MPH)
  RESULTANT WIND SPEED  MM   RESULTANT WIND DIRECTION  MM
  HIGHEST WIND SPEED    MM   HIGHEST WIND DIRECTION    MM
  HIGHEST GUST SPEED    11   HIGHEST GUST DIRECTION    NE (45)
  AVERAGE WIND SPEED    MM


SKY COVER
  POSSIBLE SUNSHINE  MM
  AVERAGE SKY COVER  MM


WEATHER CONDITIONS
 THE FOLLOWING WEATHER WAS RECORDED YESTERDAY.
  LIGHT RAIN


RELATIVE HUMIDITY (PERCENT)
 HIGHEST    MM
 LOWEST     MM
 AVERAGE    MM

..........................................................


THE MARQUETTE MI CLIMATE NORMALS FOR TODAY
                         NORMAL    RECORD    YEAR
 MAXIMUM TEMPERATURE (F)   65        83      1985
 MINIMUM TEMPERATURE (F)   45        27      1993


SUNRISE AND SUNSET
SEPTEMBER 19 2017.....SUNRISE   734 AM EDT   SUNSET   753 PM EDT
SEPTEMBER 20 2017.....SUNRISE   735 AM EDT   SUNSET   751 PM EDT


-  INDICATES NEGATIVE NUMBERS.
R  INDICATES RECORD WAS SET OR TIED.
MM INDICATES DATA IS MISSING.
T  INDICATES TRACE AMOUNT.




$$
