000
CDUS43 KMQT 260519
CLIMQT

CLIMATE REPORT
NATIONAL WEATHER SERVICE MARQUETTE MI
118 AM EDT WED APR 26 2017


...................................

...THE MARQUETTE MI CLIMATE SUMMARY FOR APRIL 25 2017...

CLIMATE NORMAL PERIOD 1981 TO 2010
CLIMATE RECORD PERIOD 1961 TO 2017


WEATHER ITEM   OBSERVED RECORD YEAR NORMAL DEPARTURE LAST
                VALUE   VALUE       VALUE  FROM      YEAR
                                           NORMAL
...........................................................
TEMPERATURE (F)
 YESTERDAY
  MAXIMUM         71     89    1990  53     18       34
  MINIMUM         43      9    1972  33     10       31
  AVERAGE         57                 43     14       33

PRECIPITATION (IN)
  YESTERDAY        T      1.05 2016   0.09  -0.09     1.05
  MONTH TO DATE    3.94               2.54   1.40     3.80
  SINCE MAR 1      5.78               5.57   0.21     7.14
  SINCE JAN 1     10.36              10.12   0.24    11.76

SNOWFALL (IN)
  YESTERDAY        0.0    1.5  2013   0.3   -0.3      0.0
  MONTH TO DATE   11.6               13.4   -1.8     40.9
  SINCE MAR 1     31.5               48.3  -16.8     59.7
  SINCE JUL 1    152.6              200.7  -48.1    159.8
  SNOW DEPTH       0

DEGREE DAYS
 HEATING
  YESTERDAY        8                 23    -15       32
  MONTH TO DATE  604                707   -103      793
  SINCE MAR 1   1856               1970   -114     1889
  SINCE JUL 1   7540               8594  -1054     7656

 COOLING
  YESTERDAY        0                  0      0        0
  MONTH TO DATE    0                  0      0        0
  SINCE MAR 1      0                  0      0        0
  SINCE JAN 1      0                  0      0        0
...........................................................


WIND (MPH)
  RESULTANT WIND SPEED  MM   RESULTANT WIND DIRECTION  MM
  HIGHEST WIND SPEED    MM   HIGHEST WIND DIRECTION    MM
  HIGHEST GUST SPEED    21   HIGHEST GUST DIRECTION     S (180)
  AVERAGE WIND SPEED    MM


SKY COVER
  POSSIBLE SUNSHINE  MM
  AVERAGE SKY COVER  MM


WEATHER CONDITIONS
 THE FOLLOWING WEATHER WAS RECORDED YESTERDAY.
  LIGHT RAIN


RELATIVE HUMIDITY (PERCENT)
 HIGHEST    MM
 LOWEST     MM
 AVERAGE    MM

..........................................................


THE MARQUETTE MI CLIMATE NORMALS FOR TODAY
                         NORMAL    RECORD    YEAR
 MAXIMUM TEMPERATURE (F)   53        85      1990
 MINIMUM TEMPERATURE (F)   33        19      1993


SUNRISE AND SUNSET
APRIL 26 2017.........SUNRISE   643 AM EDT   SUNSET   853 PM EDT
APRIL 27 2017.........SUNRISE   642 AM EDT   SUNSET   855 PM EDT


-  INDICATES NEGATIVE NUMBERS.
R  INDICATES RECORD WAS SET OR TIED.
MM INDICATES DATA IS MISSING.
T  INDICATES TRACE AMOUNT.




$$
