000
CDUS43 KMQT 180558
CLIMQT


CLIMATE REPORT
NATIONAL WEATHER SERVICE MARQUETTE MI
1258 AM EST THU DEC 18 2014


...................................

...THE MARQUETTE MI CLIMATE SUMMARY FOR DECEMBER 17 2014...

CLIMATE NORMAL PERIOD 1981 TO 2010
CLIMATE RECORD PERIOD 1961 TO 2014


WEATHER ITEM   OBSERVED RECORD YEAR NORMAL DEPARTURE LAST
                VALUE   VALUE       VALUE  FROM      YEAR
                                           NORMAL
...........................................................
TEMPERATURE (F)
 YESTERDAY
  MAXIMUM         24     38    1977  25     -1       23
  MINIMUM         21    -19    1973  11     10        6
  AVERAGE         23                 18      5       15

PRECIPITATION (IN)
  YESTERDAY        0.25   0.51 1981   0.08   0.17     0.04
  MONTH TO DATE    0.81               1.50  -0.69     1.40
  SINCE DEC 1      0.81               1.50  -0.69     1.40
  SINCE JAN 1     43.36              34.61   8.75    38.58

SNOWFALL (IN)
  YESTERDAY        3.5   11.5  1981   1.4    2.1      1.2
  MONTH TO DATE   10.3               23.2  -12.9     18.6
  SINCE DEC 1     10.3               23.2  -12.9     18.6
  SINCE JUL 1     66.5               53.7   12.8     41.1
  SNOW DEPTH      12

DEGREE DAYS
 HEATING
  YESTERDAY       42                 47     -5       50
  MONTH TO DATE  723                758    -35      920
  SINCE DEC 1    723                758    -35      920
  SINCE JUL 1   3253               2960    293     3089

 COOLING
  YESTERDAY        0                  0      0        0
  MONTH TO DATE    0                  0      0        0
  SINCE DEC 1      0                  0      0        0
  SINCE JAN 1    152                242    -90      280
...........................................................


WIND (MPH)
  RESULTANT WIND SPEED  MM   RESULTANT WIND DIRECTION  MM
  HIGHEST WIND SPEED    MM   HIGHEST WIND DIRECTION    MM
  HIGHEST GUST SPEED    26   HIGHEST GUST DIRECTION    NW (315)
  AVERAGE WIND SPEED    MM


SKY COVER
  POSSIBLE SUNSHINE  MM
  AVERAGE SKY COVER  MM


WEATHER CONDITIONS
 THE FOLLOWING WEATHER WAS RECORDED YESTERDAY.
  LIGHT SNOW


RELATIVE HUMIDITY (PERCENT)
 HIGHEST    MM
 LOWEST     MM
 AVERAGE    MM

..........................................................


THE MARQUETTE MI CLIMATE NORMALS FOR TODAY
                         NORMAL    RECORD    YEAR
 MAXIMUM TEMPERATURE (F)   25        45      1997
 MINIMUM TEMPERATURE (F)   10       -19      1983


SUNRISE AND SUNSET
DECEMBER 18 2014......SUNRISE   829 AM EST   SUNSET   504 PM EST
DECEMBER 19 2014......SUNRISE   830 AM EST   SUNSET   505 PM EST


-  INDICATES NEGATIVE NUMBERS.
R  INDICATES RECORD WAS SET OR TIED.
MM INDICATES DATA IS MISSING.
T  INDICATES TRACE AMOUNT.




$$
