000
CDUS43 KMQT 300505
CLIMQT


CLIMATE REPORT
NATIONAL WEATHER SERVICE MARQUETTE MI
104 AM EDT WED JUL 30 2014


...................................

...THE MARQUETTE MI CLIMATE SUMMARY FOR JULY 29 2014...

CLIMATE NORMAL PERIOD 1981 TO 2010
CLIMATE RECORD PERIOD 1961 TO 2014


WEATHER ITEM   OBSERVED RECORD YEAR NORMAL DEPARTURE LAST
                VALUE   VALUE       VALUE  FROM      YEAR
                                           NORMAL
...........................................................
TEMPERATURE (F)
 YESTERDAY
  MAXIMUM         67     94    1988  76     -9       71
  MINIMUM         54     40    1971  55     -1       48
  AVERAGE         61                 65     -4       60

PRECIPITATION (IN)
  YESTERDAY        T      0.65 1982   0.10  -0.10      T
  MONTH TO DATE    4.15               2.65   1.50     4.76
  SINCE JUN 1      9.78               5.49   4.29     8.07
  SINCE JAN 1     22.24              19.13   3.11    25.41

SNOWFALL (IN)
  YESTERDAY        0.0   MM      MM   0.0    0.0      0.0
  MONTH TO DATE    T                  0.0    0.0      0.0
  SINCE JUN 1      T                  0.0    0.0      0.0
  SINCE JUL 1      T                  0.0    0.0      0.0
  SNOW DEPTH       0

DEGREE DAYS
 HEATING
  YESTERDAY        4                  3      1        5
  MONTH TO DATE  112                 73     39      110
  SINCE JUN 1    275                255     20      308
  SINCE JUL 1    112                 73     39      110

 COOLING
  YESTERDAY        0                  3     -3        0
  MONTH TO DATE   42                 87    -45      127
  SINCE JUN 1     96                135    -39      166
  SINCE JAN 1    116                147    -31      179
...........................................................


WIND (MPH)
  HIGHEST WIND SPEED    MM   HIGHEST WIND DIRECTION    MM
  HIGHEST GUST SPEED    18   HIGHEST GUST DIRECTION    NW (315)
  AVERAGE WIND SPEED    MM


SKY COVER
  POSSIBLE SUNSHINE  MM
  AVERAGE SKY COVER  MM


WEATHER CONDITIONS
 THE FOLLOWING WEATHER WAS RECORDED YESTERDAY.
  LIGHT RAIN


RELATIVE HUMIDITY (PERCENT)
 HIGHEST    MM
 LOWEST     MM
 AVERAGE    MM

..........................................................


THE MARQUETTE MI CLIMATE NORMALS FOR TODAY
                         NORMAL    RECORD    YEAR
 MAXIMUM TEMPERATURE (F)   76        97      1999
                                             1975
 MINIMUM TEMPERATURE (F)   55        39      1978


SUNRISE AND SUNSET
JULY 30 2014..........SUNRISE   629 AM EDT   SUNSET   924 PM EDT
JULY 31 2014..........SUNRISE   630 AM EDT   SUNSET   923 PM EDT


-  INDICATES NEGATIVE NUMBERS.
R  INDICATES RECORD WAS SET OR TIED.
MM INDICATES DATA IS MISSING.
T  INDICATES TRACE AMOUNT.




$$
