000
CDUS43 KMQT 300525
CLIMQT


CLIMATE REPORT
NATIONAL WEATHER SERVICE MARQUETTE MI
1224 AM EST FRI JAN 30 2015


...................................

...THE MARQUETTE MI CLIMATE SUMMARY FOR JANUARY 29 2015...

CLIMATE NORMAL PERIOD 1981 TO 2010
CLIMATE RECORD PERIOD 1961 TO 2015


WEATHER ITEM   OBSERVED RECORD YEAR NORMAL DEPARTURE LAST
                VALUE   VALUE       VALUE  FROM      YEAR
                                           NORMAL
...........................................................
TEMPERATURE (F)
 YESTERDAY
  MAXIMUM         MM     43    2001  22     MM       17
  MINIMUM         MM    -26    1965   4     MM       -4
  AVERAGE         MM                 13     MM        7

PRECIPITATION (IN)
  YESTERDAY       MM      0.58 2006   0.08  MM        0.00
  MONTH TO DATE    0.99               2.26  -1.27     1.92
  SINCE DEC 1      3.27               4.83  -1.56     4.50
  SINCE JAN 1      0.99               2.26  -1.27     1.92

SNOWFALL (IN)
  YESTERDAY       MM     11.2  1975   1.3   MM        0.0
  MONTH TO DATE   23.8               40.5  -16.7     35.7
  SINCE DEC 1     50.8               83.3  -32.5     82.6
  SINCE JUL 1    107.0              113.8   -6.8    105.1
  SNOW DEPTH      MM

DEGREE DAYS
 HEATING
  YESTERDAY       MM                 52     MM       58
  MONTH TO DATE 1516               1491     25     1712
  SINCE DEC 1   2881               2931    -50     3383
  SINCE JUL 1   5411               5133    278     5552

 COOLING
  YESTERDAY       MM                  0     MM        0
  MONTH TO DATE    0                  0      0        0
  SINCE DEC 1      0                  0      0        0
  SINCE JAN 1      0                  0      0        0
...........................................................


WIND (MPH)
  RESULTANT WIND SPEED  MM   RESULTANT WIND DIRECTION  MM
  HIGHEST WIND SPEED    MM   HIGHEST WIND DIRECTION    MM
  HIGHEST GUST SPEED    MM   HIGHEST GUST DIRECTION    MM
  AVERAGE WIND SPEED    MM


SKY COVER
  POSSIBLE SUNSHINE  MM
  AVERAGE SKY COVER  MM


WEATHER CONDITIONS
 THE FOLLOWING WEATHER WAS RECORDED YESTERDAY.
  NO SIGNIFICANT WEATHER WAS OBSERVED.


RELATIVE HUMIDITY (PERCENT)
 HIGHEST    MM
 LOWEST     MM
 AVERAGE    MM

..........................................................


THE MARQUETTE MI CLIMATE NORMALS FOR TODAY
                         NORMAL    RECORD    YEAR
 MAXIMUM TEMPERATURE (F)   22        41      1989
 MINIMUM TEMPERATURE (F)    4       -25      1963


SUNRISE AND SUNSET
JANUARY 30 2015.......SUNRISE   817 AM EST   SUNSET   551 PM EST
JANUARY 31 2015.......SUNRISE   815 AM EST   SUNSET   552 PM EST


-  INDICATES NEGATIVE NUMBERS.
R  INDICATES RECORD WAS SET OR TIED.
MM INDICATES DATA IS MISSING.
T  INDICATES TRACE AMOUNT.




$$
