072
CXUS54 KEWX 011011
CF6UVA
PRELIMINARY LOCAL CLIMATOLOGICAL DATA (WS FORM: F-6)
STATION: UVALDE
MONTH: JUNE
YEAR: 2020
LATITUDE: 29 12 N
LONGITUDE: 99 44 W
TEMPERATURE IN F: :PCPN: SNOW: WIND :SUNSHINE: SKY :PK WND
================================================================================
1 2 3 4 5 6A 6B 7 8 9 10 11 12 13 14 15 16 17 18
12Z AVG MX 2MIN
DY MAX MIN AVG DEP HDD CDD WTR SNW DPTH SPD SPD DIR MIN PSBL S-S WX SPD DR
================================================================================
1 82 67 75 M 0 10 0.05 M M 6.4 13 130 M M 0 17 130
2 87 67 77 M 0 12 0.02 M M 5.8 13 130 M M 0 1 18 130
3 90 72 81 M 0 16 0.00 M M 7.1 12 150 M M 0 17 120
4 92 71 82 M 0 17 0.00 M M 5.6 12 130 M M 0 16 140
5 92 70 81 M 0 16 0.00 M M 6.2 12 140 M M 0 1 21 140
6 93 69 81 M 0 16 0.00 M M 5.1 10 130 M M 0 18 130
7 97 68 83 M 0 18 0.00 M M 3.6 9 230 M M 0 16 230
8 100 71 86 M 0 21 0.00 M M 7.0 12 140 M M 0 21 140
9 102 74 88 M 0 23 0.00 M M 5.8 12 360 M M 0 M M
10 93 69 81 M 0 16 0.00 M M 10.8 18 60 M M 0 22 70
11 95 64 80 M 0 15 0.00 M M 7.0 12 90 M M 0 20 90
12 93 63 78 M 0 13 0.00 M M 7.6 14 70 M M 0 21 70
13 93 64 79 M 0 14 0.00 M M 6.8 12 100 M M 0 21 120
14 91 60 76 M 0 11 0.00 M M 5.8 13 110 M M 0 8 17 80
15 90 66 78 M 0 13 0.00 M M 7.7 16 100 M M 0 22 120
16 93 73 83 M 0 18 0.00 M M 10.2 20 120 M M 0 24 120
17 95 73 84 M 0 19 0.00 M M 10.5 18 160 M M 0 23 160
18 87 68 78 M 0 13 0.03 M M 9.0 17 150 M M 0 3 25 150
19 94 75 85 M 0 20 0.00 M M 10.0 15 120 M M 0 23 130
20 94 75 85 M 0 20 0.00 M M 9.0 13 130 M M 0 18 130
21 96 74 85 M 0 20 0.00 M M 9.1 14 130 M M 0 17 110
22 98 72 85 M 0 20 0.00 M M 9.9 17 140 M M 0 24 140
23 88 68 78 M 0 13 0.36 M M 5.6 15 20 M M 0 3 24 20
24 94 67 81 M 0 16 0.00 M M 5.0 16 110 M M 0 22 110
25 95 70 83 M 0 18 0.00 M M 7.0 16 130 M M 0 25 130
26 87 71 79 M 0 14 0.10 M M 10.0 21 120 M M 0 18 28 120
27 89 75 82 M 0 17 0.00 M M 11.4 17 150 M M 0 18 32 130
28 92 76 84 M 0 19 0.00 M M 10.5 17 140 M M 0 1 22 140
29 90 75 83 M 0 18 0.00 M M 9.2 12 110 M M 0 20 120
30 96 75 86 M 0 21 0.00 M M 10.4 15 140 M M 0 21 140
================================================================================
SM 2778 2102 0 497 0.56 M 235.1 M 0
================================================================================
AV 92.6 70.1 7.8 FASTST M M 0 MAX(MPH)
MISC ----> # 21 120 # 32 130
================================================================================
NOTES:
# LAST OF SEVERAL OCCURRENCES
COLUMN 17 PEAK WIND IN M.P.H.
PRELIMINARY LOCAL CLIMATOLOGICAL DATA (WS FORM: F-6) , PAGE 2
STATION: UVALDE
MONTH: JUNE
YEAR: 2020
LATITUDE: 29 12 N
LONGITUDE: 99 44 W
[TEMPERATURE DATA] [PRECIPITATION DATA] SYMBOLS USED IN COLUMN 16
AVERAGE MONTHLY: 81.3 TOTAL FOR MONTH: 0.56 1 = FOG OR MIST
DPTR FM NORMAL: M DPTR FM NORMAL: M 2 = FOG REDUCING VISIBILITY
HIGHEST: 102 ON 9 GRTST 24HR 0.36 ON 23-23 TO 1/4 MILE OR LESS
LOWEST: 60 ON 14 3 = THUNDER
SNOW, ICE PELLETS, HAIL 4 = ICE PELLETS
TOTAL MONTH: M 5 = HAIL
GRTST 24HR M ON M 6 = FREEZING RAIN OR DRIZZLE
GRTST DEPTH: M ON M 7 = DUSTSTORM OR SANDSTORM:
VSBY 1/2 MILE OR LESS
8 = SMOKE OR HAZE
[NO. OF DAYS WITH] [WEATHER - DAYS WITH] 9 = BLOWING SNOW
X = TORNADO
MAX 32 OR BELOW: 0 0.01 INCH OR MORE: 5
MAX 90 OR ABOVE: 24 0.10 INCH OR MORE: 2
MIN 32 OR BELOW: 0 0.50 INCH OR MORE: 0
MIN 0 OR BELOW: 0 1.00 INCH OR MORE: 0
[HDD (BASE 65) ]
TOTAL THIS MO. 0 CLEAR (SCALE 0-3) 30
DPTR FM NORMAL M PTCLDY (SCALE 4-7) 0
TOTAL FM JUL 1 1281 CLOUDY (SCALE 8-10) 0
DPTR FM NORMAL M
[CDD (BASE 65) ]
TOTAL THIS MO. 497
DPTR FM NORMAL M [PRESSURE DATA]
TOTAL FM JAN 1 1165 HIGHEST SLP M ON M
DPTR FM NORMAL M LOWEST SLP M ON M
[REMARKS]
#FINAL-06-20#