000
CXUS55 KBOI 251002
CF6BOI
PRELIMINARY LOCAL CLIMATOLOGICAL DATA (WS FORM: F-6)
STATION: BOISE ID
MONTH: APRIL
YEAR: 2024
LATITUDE: 43 34 N
LONGITUDE: 116 13 W
TEMPERATURE IN F: :PCPN: SNOW: WIND :SUNSHINE: SKY :PK WND
================================================================================
1 2 3 4 5 6A 6B 7 8 9 10 11 12 13 14 15 16 17 18
12Z AVG MX 2MIN
DY MAX MIN AVG DEP HDD CDD WTR SNW DPTH SPD SPD DIR MIN PSBL S-S WX SPD DR
================================================================================
1 64 34 49 1 16 0 0.00 0.0 0 8.2 24 300 M M 0 34 300
2 71 39 55 7 10 0 0.00 0.0 0 4.8 15 120 M M 0 20 120
3 70 44 57 9 8 0 0.12 0.0 0 10.1 29 300 M M 5 13 39 270
4 52 37 45 -3 20 0 1.09 0.0 0 9.4 24 300 M M 10 13 32 290
5 39 33 36 -13 29 0 1.05 2.1 2 7.1 15 330 M M 10 1 18 270
6 46 33 40 -9 25 0 0.07 T 2 4.9 15 250 M M 10 20 270
7 53 36 45 -4 20 0 0.00 0.0 0 6.5 26 350 M M 6 35 340
8 55 31 43 -6 22 0 0.00 0.0 0 5.0 16 310 M M 0 23 330
9 66 40 53 4 12 0 0.00 0.0 0 5.1 14 270 M M 4 20 260
10 63 38 51 1 14 0 0.00 0.0 0 4.9 13 320 M M 0 17 330
11 75 42 59 9 6 0 0.00 0.0 0 10.4 22 130 M M 1 29 140
12 79 54 67 17 0 2 0.01 0.0 0 12.1 30 280 M M 2 43 270
13 81 48 65 15 0 0 0.00 0.0 0 8.6 21 90 M M 0 27 90
14 71 52 62 12 3 0 0.00 0.0 0 12.2 28 160 M M 2 36 160
15 64 45 55 5 10 0 T 0.0 0 10.6 23 290 M M 3 31 290
16 58 39 49 -2 16 0 0.00 0.0 0 10.0 22 320 M M 4 32 330
17 54 35 45 -6 20 0 0.00 0.0 0 14.2 28 310 M M 2 36 310
18 58 31 45 -6 20 0 0.00 0.0 0 6.7 21 140 M M 0 28 140
19 64 35 50 -2 15 0 0.00 0.0 0 6.0 16 140 M M 0 22 150
20 72 38 55 3 10 0 0.00 0.0 0 7.9 16 140 M M 0 21 170
21 62 46 54 2 11 0 0.00 0.0 0 11.0 23 330 M M 1 30 330
22 64 34 49 -3 16 0 0.00 0.0 0 5.5 15 300 M M 0 21 300
23 73 39 56 3 9 0 0.00 0.0 0 4.8 10 140 M M 0 14 150
24 74 48 61 8 4 0 0.00 0.0 0 7.9 18 310 M M 2 8 25 300
================================================================================
SM 1528 951 316 2 2.34 2.1 193.9 M 62
================================================================================
AV 63.7 39.6 8.1 FASTST M M 3 MAX(MPH)
MISC ----> 30 280 43 270
================================================================================
NOTES:
# LAST OF SEVERAL OCCURRENCES
COLUMN 17 PEAK WIND IN M.P.H.
PRELIMINARY LOCAL CLIMATOLOGICAL DATA (WS FORM: F-6) , PAGE 2
STATION: BOISE ID
MONTH: APRIL
YEAR: 2024
LATITUDE: 43 34 N
LONGITUDE: 116 13 W
[TEMPERATURE DATA] [PRECIPITATION DATA] SYMBOLS USED IN COLUMN 16
AVERAGE MONTHLY: 51.6 TOTAL FOR MONTH: 2.34 1 = FOG OR MIST
DPTR FM NORMAL: 1.5 DPTR FM NORMAL: 1.34 2 = FOG REDUCING VISIBILITY
HIGHEST: 81 ON 13 GRTST 24HR 1.23 ON 4- 5 TO 1/4 MILE OR LESS
LOWEST: 31 ON 18, 8 3 = THUNDER
SNOW, ICE PELLETS, HAIL 4 = ICE PELLETS
TOTAL MONTH: 2.1 INCHES 5 = HAIL
GRTST 24HR 2.1 ON 5- 5 6 = FREEZING RAIN OR DRIZZLE
GRTST DEPTH: 2 ON 6, 5 7 = DUSTSTORM OR SANDSTORM:
VSBY 1/2 MILE OR LESS
8 = SMOKE OR HAZE
[NO. OF DAYS WITH] [WEATHER - DAYS WITH] 9 = BLOWING SNOW
X = TORNADO
MAX 32 OR BELOW: 0 0.01 INCH OR MORE: 5
MAX 90 OR ABOVE: 0 0.10 INCH OR MORE: 3
MIN 32 OR BELOW: 2 0.50 INCH OR MORE: 2
MIN 0 OR BELOW: 0 1.00 INCH OR MORE: 2
[HDD (BASE 65) ]
TOTAL THIS MO. 316 CLEAR (SCALE 0-3) 16
DPTR FM NORMAL -40 PTCLDY (SCALE 4-7) 5
TOTAL FM JUL 1 4453 CLOUDY (SCALE 8-10) 3
DPTR FM NORMAL -537
[CDD (BASE 65) ]
TOTAL THIS MO. 2
DPTR FM NORMAL 2 [PRESSURE DATA]
TOTAL FM JAN 1 2 HIGHEST SLP M ON M
DPTR FM NORMAL 2 LOWEST SLP 29.48 ON 4
[REMARKS]