000
CXUS53 KLMK 250710
CF6BWG
PRELIMINARY LOCAL CLIMATOLOGICAL DATA (WS FORM: F-6)
STATION: BOWLING GREEN KY
MONTH: APRIL
YEAR: 2024
LATITUDE: 36 58 N
LONGITUDE: 86 26 W
TEMPERATURE IN F: :PCPN: SNOW: WIND :SUNSHINE: SKY :PK WND
================================================================================
1 2 3 4 5 6A 6B 7 8 9 10 11 12 13 14 15 16 17 18
12Z AVG MX 2MIN
DY MAX MIN AVG DEP HDD CDD WTR SNW DPTH SPD SPD DIR MIN PSBL S-S WX SPD DR
================================================================================
1 78 68 73 19 0 8 0.00 0.0 0 10.8 21 200 M M 9 28 210
2 75 50 63 8 2 0 1.65 0.0 0 13.3 26 260 M M 9 138 43 250
3 57 44 51 -4 14 0 0.03 0.0 0 13.0 30 270 M M 8 3 45 280
4 50 40 45 -10 20 0 T 0.0 0 9.3 22 270 M M 9 33 270
5 51 35 43 -13 22 0 0.00 0.0 0 4.6 13 280 M M 6 19 290
6 61 32 47 -9 18 0 0.00 0.0 0 3.3 12 100 M M 0 16 60
7 77 37 57 1 8 0 T 0.0 0 8.9 20 190 M M 2 26 180
8 75 56 66 9 0 1 0.02 0.0 0 9.6 18 200 M M 4 3 25 210
9 68 58 63 6 2 0 0.22 0.0 0 8.1 18 190 M M 8 1 25 180
10 70 58 64 7 1 0 0.18 0.0 0 6.7 16 160 M M 9 1 23 170
11 65 54 60 2 5 0 0.80 0.0 0 6.1 17 310 M M 9 13 31 290
12 65 49 57 -1 8 0 0.03 0.0 0 10.8 25 300 M M 3 39 280
13 74 40 57 -1 8 0 0.00 0.0 0 4.6 15 230 M M 0 20 240
14 85 53 69 10 0 4 0.00 0.0 0 10.5 25 230 M M 0 39 220
15 85 63 74 15 0 9 0.00 0.0 0 7.6 16 230 M M 0 24 210
16 86 67 77 18 0 12 T 0.0 0 11.1 24 180 M M 3 34 180
17 84 67 76 16 0 11 0.08 0.0 0 12.7 23 220 M M 5 35 200
18 85 61 73 13 0 8 0.04 0.0 0 6.7 21 230 M M 4 13 30 210
19 70 56 63 3 2 0 0.04 0.0 0 5.1 12 310 M M 9 13 20 310
20 65 49 57 -3 8 0 T 0.0 0 5.1 13 300 M M 2 23 20
21 59 42 51 -10 14 0 0.00 0.0 0 5.4 16 290 M M 2 24 300
22 65 36 51 -10 14 0 0.00 0.0 0 2.2 13 210 M M 0 18 190
23 75 41 58 -3 7 0 T 0.0 0 9.3 23 220 M M 2 31 190
24 74 53 64 2 1 0 T 0.0 0 4.5 12 290 M M 3 19 290
================================================================================
SM 1699 1209 154 53 3.09 0.0 189.3 M 106
================================================================================
AV 70.8 50.4 7.9 FASTST M M 4 MAX(MPH)
MISC ----> 30 270 45 280
================================================================================
NOTES:
# LAST OF SEVERAL OCCURRENCES
COLUMN 17 PEAK WIND IN M.P.H.
PRELIMINARY LOCAL CLIMATOLOGICAL DATA (WS FORM: F-6) , PAGE 2
STATION: BOWLING GREEN KY
MONTH: APRIL
YEAR: 2024
LATITUDE: 36 58 N
LONGITUDE: 86 26 W
[TEMPERATURE DATA] [PRECIPITATION DATA] SYMBOLS USED IN COLUMN 16
AVERAGE MONTHLY: 60.6 TOTAL FOR MONTH: 3.09 1 = FOG OR MIST
DPTR FM NORMAL: 2.5 DPTR FM NORMAL: -0.68 2 = FOG REDUCING VISIBILITY
HIGHEST: 86 ON 16 GRTST 24HR 1.65 ON 2- 2 TO 1/4 MILE OR LESS
LOWEST: 32 ON 6 3 = THUNDER
SNOW, ICE PELLETS, HAIL 4 = ICE PELLETS
TOTAL MONTH: 0.0 INCH 5 = HAIL
GRTST 24HR 0.0 6 = FREEZING RAIN OR DRIZZLE
GRTST DEPTH: 0 7 = DUSTSTORM OR SANDSTORM:
VSBY 1/2 MILE OR LESS
8 = SMOKE OR HAZE
[NO. OF DAYS WITH] [WEATHER - DAYS WITH] 9 = BLOWING SNOW
X = TORNADO
MAX 32 OR BELOW: 0 0.01 INCH OR MORE: 10
MAX 90 OR ABOVE: 0 0.10 INCH OR MORE: 4
MIN 32 OR BELOW: 1 0.50 INCH OR MORE: 2
MIN 0 OR BELOW: 0 1.00 INCH OR MORE: 1
[HDD (BASE 65) ]
TOTAL THIS MO. 154 CLEAR (SCALE 0-3) 10
DPTR FM NORMAL -39 PTCLDY (SCALE 4-7) 7
TOTAL FM JUL 1 3159 CLOUDY (SCALE 8-10) 7
DPTR FM NORMAL -549
[CDD (BASE 65) ]
TOTAL THIS MO. 53
DPTR FM NORMAL 24 [PRESSURE DATA]
TOTAL FM JAN 1 65 HIGHEST SLP M ON M
DPTR FM NORMAL 28 LOWEST SLP 29.40 ON 11
[REMARKS]