000
CXUS54 KLZK 281230
CF6LZK
PRELIMINARY LOCAL CLIMATOLOGICAL DATA (WS FORM: F-6)
STATION: NORTH LITTLE ROCK
MONTH: MARCH
YEAR: 2024
LATITUDE: 34 50 N
LONGITUDE: 92 16 W
TEMPERATURE IN F: :PCPN: SNOW: WIND :SUNSHINE: SKY :PK WND
================================================================================
1 2 3 4 5 6A 6B 7 8 9 10 11 12 13 14 15 16 17 18
12Z AVG MX 2MIN
DY MAX MIN AVG DEP HDD CDD WTR SNW DPTH SPD SPD DIR MIN PSBL S-S WX SPD DR
================================================================================
1 51 38 45 -3 20 0 0.02 0.0 0 M M M M M M M M
2 67 37 52 3 13 0 0.00 0.0 0 M M M M M M 12 M M
3 72 52 62 13 3 0 T 0.0 0 M M M M M M M M
4 77 60 69 20 0 4 0.25 0.0 0 M M M M M M 3 M M
5 75 59 67 17 0 2 0.00 0.0 0 M M M M M M M M
6 66 52 59 9 6 0 0.00 0.0 0 M M M M M M M M
7 61 53 57 7 8 0 0.43 0.0 0 M M M M M M M M
8 61 55 58 8 7 0 0.79 0.0 0 M M M M M M M M
9 59 43 51 0 14 0 0.09 0.0 0 M M M M M M M M
10 62 39 51 0 14 0 0.00 0.0 0 M M M M M M M M
11 67 44 56 4 9 0 0.00 0.0 0 M M M M M M M M
12 71 48 60 8 5 0 0.00 0.0 0 M M M M M M M M
13 76 58 67 15 0 2 0.00 0.0 0 M M M M M M M M
14 75 60 68 16 0 3 2.48 0.0 0 M M M M M M 3 M M
15 61 49 55 2 10 0 0.27 0.0 0 M M M M M M 3 M M
16 67 47 57 4 8 0 T 0.0 0 M M M M M M M M
17 62 49 56 3 9 0 0.00 0.0 0 M M M M M M M M
18 51 37 44 -10 21 0 0.00 0.0 0 M M M M M M M M
19 64 32 48 -6 17 0 0.00 0.0 0 M M M M M M M M
20 74 49 62 8 3 0 0.00 0.0 0 M M M M M M M M
21 64 47 56 2 9 0 T 0.0 0 M M M M M M M M
22 63 52 58 3 7 0 T 0.0 0 M M M M M M M M
23 59 43 51 -4 14 0 0.00 0.0 0 M M M M M M M M
24 62 42 52 -4 13 0 T 0.0 0 M M M M M M M M
25 65 61 63 7 2 0 0.92 0.0 0 M M M M M M M M
26 55 37 46 -10 19 0 0.00 0.0 0 M M M M M M M M
27 60 35 48 -8 17 0 0.00 0.0 0 M M M M M M M M
================================================================================
SM 1747 1278 248 11 5.25 0.0 M M M
================================================================================
AV 64.7 47.3 M FASTST M M M MAX(MPH)
MISC ----> M M M M
================================================================================
NOTES:
# LAST OF SEVERAL OCCURRENCES
COLUMN 17 PEAK WIND IN M.P.H.
PRELIMINARY LOCAL CLIMATOLOGICAL DATA (WS FORM: F-6) , PAGE 2
STATION: NORTH LITTLE ROCK
MONTH: MARCH
YEAR: 2024
LATITUDE: 34 50 N
LONGITUDE: 92 16 W
[TEMPERATURE DATA] [PRECIPITATION DATA] SYMBOLS USED IN COLUMN 16
AVERAGE MONTHLY: 56.0 TOTAL FOR MONTH: 5.25 1 = FOG OR MIST
DPTR FM NORMAL: 3.6 DPTR FM NORMAL: 0.78 2 = FOG REDUCING VISIBILITY
HIGHEST: 77 ON 4 GRTST 24HR 2.48 ON 14-14 TO 1/4 MILE OR LESS
LOWEST: 32 ON 19 3 = THUNDER
SNOW, ICE PELLETS, HAIL 4 = ICE PELLETS
TOTAL MONTH: T 5 = HAIL
GRTST 24HR 0.0 6 = FREEZING RAIN OR DRIZZLE
GRTST DEPTH: 0 7 = DUSTSTORM OR SANDSTORM:
VSBY 1/2 MILE OR LESS
8 = SMOKE OR HAZE
[NO. OF DAYS WITH] [WEATHER - DAYS WITH] 9 = BLOWING SNOW
X = TORNADO
MAX 32 OR BELOW: 0 0.01 INCH OR MORE: 8
MAX 90 OR ABOVE: 0 0.10 INCH OR MORE: 6
MIN 32 OR BELOW: 1 0.50 INCH OR MORE: 3
MIN 0 OR BELOW: 0 1.00 INCH OR MORE: 1
[HDD (BASE 65) ]
TOTAL THIS MO. 248 CLEAR (SCALE 0-3) 0
DPTR FM NORMAL -103 PTCLDY (SCALE 4-7) 0
TOTAL FM JUL 1 2488 CLOUDY (SCALE 8-10) 27
DPTR FM NORMAL -436
[CDD (BASE 65) ]
TOTAL THIS MO. 11
DPTR FM NORMAL 4 [PRESSURE DATA]
TOTAL FM JAN 1 19 HIGHEST SLP M ON M
DPTR FM NORMAL 11 LOWEST SLP M ON M
[REMARKS]