000
CXUS54 KFWD 180734
CF6PRX
PRELIMINARY LOCAL CLIMATOLOGICAL DATA (WS FORM: F-6)
STATION: PARIS
MONTH: APRIL
YEAR: 2024
LATITUDE: 33 37 N
LONGITUDE: 95 27 W
TEMPERATURE IN F: :PCPN: SNOW: WIND :SUNSHINE: SKY :PK WND
================================================================================
1 2 3 4 5 6A 6B 7 8 9 10 11 12 13 14 15 16 17 18
12Z AVG MX 2MIN
DY MAX MIN AVG DEP HDD CDD WTR SNW DPTH SPD SPD DIR MIN PSBL S-S WX SPD DR
================================================================================
1 79 68 74 14 0 9 0.08 M M 11.4 18 140 M M 9 13 46 210
2 69 44 57 -3 8 0 0.14 M M 14.0 31 210 M M 5 1 46 210
3 67 43 55 -6 10 0 0.00 M M 11.1 22 320 M M 0 33 320
4 76 40 58 -3 7 0 0.00 M M 5.7 13 340 M M 0 M M
5 80 49 65 4 0 0 0.00 M M 9.5 15 120 M M 0 M M
6 79 55 67 6 0 2 0.00 M M 14.5 23 160 M M 2 32 180
7 78 57 68 6 0 3 0.00 M M 10.4 17 220 M M 4 22 220
8 80 49 65 3 0 0 0.07 M M 7.4 18 120 M M 5 13 22 120
9 65 59 62 0 3 0 1.33 M M 12.9 25 120 M M 8 13 40 90
10 64 54 59 -3 6 0 0.13 M M 10.9 24 340 M M 9 1 33 350
11 71 49 60 -3 5 0 0.00 M M 12.9 20 310 M M 0 31 320
12 79 44 62 -1 3 0 0.00 M M 5.7 10 170 M M 0 M M
13 82 54 68 5 0 3 0.00 M M 12.0 24 190 M M 0 32 180
14 81 59 70 6 0 5 0.00 M M 11.5 18 180 M M 5 23 220
15 74 63 69 5 0 4 0.00 M M 9.0 18 140 M M 6 M M
16 77 68 73 9 0 8 0.00 M M 9.2 18 180 M M 4 1 25 180
17 84 64 74 10 0 9 0.00 M M 7.6 13 170 M M 4 128 M M
================================================================================
SM 1285 919 42 43 1.75 M 175.6 M 61
================================================================================
AV 75.6 54.1 10.3 FASTST M M 4 MAX(MPH)
MISC ----> 31 210 # 46 210
================================================================================
NOTES:
# LAST OF SEVERAL OCCURRENCES
COLUMN 17 PEAK WIND IN M.P.H.
PRELIMINARY LOCAL CLIMATOLOGICAL DATA (WS FORM: F-6) , PAGE 2
STATION: PARIS
MONTH: APRIL
YEAR: 2024
LATITUDE: 33 37 N
LONGITUDE: 95 27 W
[TEMPERATURE DATA] [PRECIPITATION DATA] SYMBOLS USED IN COLUMN 16
AVERAGE MONTHLY: 64.8 TOTAL FOR MONTH: 1.75 1 = FOG OR MIST
DPTR FM NORMAL: 2.6 DPTR FM NORMAL: -0.05 2 = FOG REDUCING VISIBILITY
HIGHEST: 84 ON 17 GRTST 24HR 1.40 ON 8- 9 TO 1/4 MILE OR LESS
LOWEST: 40 ON 4 3 = THUNDER
SNOW, ICE PELLETS, HAIL 4 = ICE PELLETS
TOTAL MONTH: M 5 = HAIL
GRTST 24HR M ON M 6 = FREEZING RAIN OR DRIZZLE
GRTST DEPTH: M ON M 7 = DUSTSTORM OR SANDSTORM:
VSBY 1/2 MILE OR LESS
8 = SMOKE OR HAZE
[NO. OF DAYS WITH] [WEATHER - DAYS WITH] 9 = BLOWING SNOW
X = TORNADO
MAX 32 OR BELOW: 0 0.01 INCH OR MORE: 5
MAX 90 OR ABOVE: 0 0.10 INCH OR MORE: 3
MIN 32 OR BELOW: 0 0.50 INCH OR MORE: 1
MIN 0 OR BELOW: 0 1.00 INCH OR MORE: 1
[HDD (BASE 65) ]
TOTAL THIS MO. 42 CLEAR (SCALE 0-3) 7
DPTR FM NORMAL -44 PTCLDY (SCALE 4-7) 7
TOTAL FM JUL 1 2251 CLOUDY (SCALE 8-10) 3
DPTR FM NORMAL -389
[CDD (BASE 65) ]
TOTAL THIS MO. 43
DPTR FM NORMAL 4 [PRESSURE DATA]
TOTAL FM JAN 1 102 HIGHEST SLP M ON M
DPTR FM NORMAL 37 LOWEST SLP M ON M
[REMARKS]