000
CXUS56 KMTR 230900
CF6WVI
PRELIMINARY LOCAL CLIMATOLOGICAL DATA (WS FORM: F-6)
STATION: WATSONVILLE AIRPORT
MONTH: APRIL
YEAR: 2024
LATITUDE: 36 55 N
LONGITUDE: 121 47 W
TEMPERATURE IN F: :PCPN: SNOW: WIND :SUNSHINE: SKY :PK WND
================================================================================
1 2 3 4 5 6A 6B 7 8 9 10 11 12 13 14 15 16 17 18
12Z AVG MX 2MIN
DY MAX MIN AVG DEP HDD CDD WTR SNW DPTH SPD SPD DIR MIN PSBL S-S WX SPD DR
================================================================================
1 66 43 55 1 10 0 0.00 M M M M M M M M M M
2 69 43 56 2 9 0 0.00 M M 3.8 12 250 M M 3 17 220
3 57 47 52 -3 13 0 0.00 M M 5.5 15 280 M M 9 22 300
4 52 38 45 -10 20 0 1.13 M M 6.7 24 250 M M 8 13 35 260
5 M M M M M M 0.01 M M 6.3 21 260 M M 3 29 270
6 58 M M M M M 0.00 M M 5.1 15 250 M M 1 22 260
7 65 39 52 -3 13 0 0.00 M M 5.0 15 250 M M 2 23 280
8 65 41 53 -2 12 0 0.00 M M 4.1 9 210 M M 0 13 200
9 69 43 56 1 9 0 0.00 M M 3.7 9 210 M M 0 13 190
10 77 42 60 5 5 0 0.00 M M 2.5 9 180 M M 0 12 150
11 75 47 61 6 4 0 0.00 M M 3.5 10 150 M M 0 14 130
12 58 48 53 -2 12 0 0.00 M M 6.9 24 220 M M 9 12 32 220
13 55 46 51 -4 14 0 0.99 M M 8.1 18 260 M M 10 1 27 260
14 60 47 54 -1 11 0 0.22 M M 3.8 18 270 M M 8 1 23 250
15 62 46 54 -2 11 0 0.00 M M 3.5 12 260 M M 4 17 260
16 71 43 57 1 8 0 0.00 M M 2.8 12 260 M M 0 16 270
17 77 48 63 7 2 0 0.00 M M 2.6 10 170 M M 0 13 280
18 63 48 56 0 9 0 0.00 M M 4.0 13 220 M M 3 12 17 210
19 62 47 55 -1 10 0 0.00 M M 4.1 14 270 M M 5 19 230
20 66 47 57 1 8 0 0.00 M M 3.1 9 220 M M 4 1 15 230
21 72 46 59 3 6 0 0.00 M M 3.9 12 150 M M 0 14 150
22 59 48 54 -2 11 0 0.00 M M 5.4 13 290 M M 8 12 18 280
================================================================================
SM 1358 897 197 0 2.35 M 94.4 M 77
================================================================================
AV 64.7 44.9 4.5 FASTST M M 4 MAX(MPH)
MISC ----> # 24 250 35 260
================================================================================
NOTES:
# LAST OF SEVERAL OCCURRENCES
COLUMN 17 PEAK WIND IN M.P.H.
PRELIMINARY LOCAL CLIMATOLOGICAL DATA (WS FORM: F-6) , PAGE 2
STATION: WATSONVILLE AIRPORT
MONTH: APRIL
YEAR: 2024
LATITUDE: 36 55 N
LONGITUDE: 121 47 W
[TEMPERATURE DATA] [PRECIPITATION DATA] SYMBOLS USED IN COLUMN 16
AVERAGE MONTHLY: 54.8 TOTAL FOR MONTH: 2.35 1 = FOG OR MIST
DPTR FM NORMAL: -0.5 DPTR FM NORMAL: 1.28 2 = FOG REDUCING VISIBILITY
HIGHEST: 77 ON 17,10 GRTST 24HR 1.14 ON 4- 5 TO 1/4 MILE OR LESS
LOWEST: 38 ON 4 3 = THUNDER
SNOW, ICE PELLETS, HAIL 4 = ICE PELLETS
TOTAL MONTH: M 5 = HAIL
GRTST 24HR M ON M 6 = FREEZING RAIN OR DRIZZLE
GRTST DEPTH: M ON M 7 = DUSTSTORM OR SANDSTORM:
VSBY 1/2 MILE OR LESS
8 = SMOKE OR HAZE
[NO. OF DAYS WITH] [WEATHER - DAYS WITH] 9 = BLOWING SNOW
X = TORNADO
MAX 32 OR BELOW: 0 0.01 INCH OR MORE: 4
MAX 90 OR ABOVE: 0 0.10 INCH OR MORE: 3
MIN 32 OR BELOW: 0 0.50 INCH OR MORE: 2
MIN 0 OR BELOW: 0 1.00 INCH OR MORE: 1
[HDD (BASE 65) ]
TOTAL THIS MO. 197 CLEAR (SCALE 0-3) 11
DPTR FM NORMAL -19 PTCLDY (SCALE 4-7) 5
TOTAL FM JUL 1 2219 CLOUDY (SCALE 8-10) 6
DPTR FM NORMAL -332
[CDD (BASE 65) ]
TOTAL THIS MO. 0
DPTR FM NORMAL 0 [PRESSURE DATA]
TOTAL FM JAN 1 0 HIGHEST SLP M ON M
DPTR FM NORMAL -1 LOWEST SLP 29.71 ON 4
[REMARKS]