000
CXUS51 KPBZ 011433
CLMPIT
CLIMATE REPORT
NATIONAL WEATHER SERVICE PITTSBURGH PA
933 AM EST FRI MAR 01 2024
...................................
...THE PITTSBURGH PA CLIMATE SUMMARY FOR THE MONTH OF FEBRUARY 2024...
CLIMATE NORMAL PERIOD 1991 TO 2020
CLIMATE RECORD PERIOD 1871 TO 2024
WEATHER OBSERVED NORMAL DEPART LAST YEAR`S
VALUE DATE(S) VALUE FROM VALUE DATE(S)
NORMAL
................................................................
TEMPERATURE (F)
RECORD
HIGH 78 02/20/2018
LOW -20 02/10/1899
HIGHEST 66 02/27 62 4 71 02/15
LOWEST 18 02/18 4 14 5 02/03
02/19
02/25
02/04
AVG. MAXIMUM 50.0 39.6 10.4 51.0
AVG. MINIMUM 29.0 23.2 5.8 28.4
MEAN 39.5 31.4 8.1 39.7
DAYS MAX >= 90 0 0.0 0.0 0
DAYS MAX <= 32 1 8.2 -7.2 2
DAYS MIN <= 32 21 23.0 -2.0 19
DAYS MIN <= 0 0 0.7 -0.7 0
PRECIPITATION (INCHES)
RECORD
MAXIMUM 7.04 2018
MINIMUM 0.51 1969
TOTALS 1.76 2.62 -0.86 1.54
DAILY AVG. 0.06 NAN NAN 0.06
DAYS >= .01 9 13.9 -4.9 11
DAYS >= .10 4 6.5 -2.5 3
DAYS >= .50 2 1.6 0.4 1
DAYS >= 1.00 0 0.2 -0.2 0
GREATEST
24 HR. TOTAL 0.69 02/28 TO 02/28 0.63
SNOWFALL (INCHES)
RECORDS
TOTAL 48.7 2010
24 HR TOTAL 16.1 MM
TOTALS 4.2 11.7 -7.5 0.2
SINCE 7/1 MM 35.5 MM MM
SNOWDEPTH AVG. MM 0
DAYS >= TRACE 7 9.3 -2.3 5
DAYS >= 1.0 1 3.9 -2.9 0
GREATEST
24 HR TOTAL 3.3 MM
DEGREE DAYS
HEATING TOTAL 731 941 -210 703
SINCE 7/1 3343 4231 -888 MM
COOLING TOTAL 0 0 0 0
SINCE 1/1 0 0 0 MM
................................................................
WIND (MPH)
AVERAGE WIND SPEED 7.7
HIGHEST WIND SPEED/DIRECTION 40/290 DATE 02/15
HIGHEST GUST SPEED/DIRECTION 60/290 DATE 02/15
SKY COVER
AVERAGE SKY COVER 0.58
AVERAGE RH (PERCENT) 59
WEATHER CONDITIONS. NUMBER OF DAYS WITH
THUNDERSTORM 2 MIXED PRECIP 0
HEAVY RAIN 1 RAIN 3
LIGHT RAIN 6 FREEZING RAIN 0
LT FREEZING RAIN 0 HAIL 0
HEAVY SNOW 0 SNOW 1
LIGHT SNOW 7 SLEET 0
FOG 7 FOG W/VIS <= 1/4 MILE 0
HAZE 1
- INDICATES NEGATIVE NUMBERS.
R INDICATES RECORD WAS SET OR TIED.
MM INDICATES DATA IS MISSING.
T INDICATES TRACE AMOUNT.
$$