000
CXCA52 TJSJ 010446
CLMSJU
CLIMATE REPORT
NATIONAL WEATHER SERVICE SAN JUAN PR
1246 AM AST FRI MAR 01 2024
...................................
...THE SAN JUAN AREA/PR CLIMATE SUMMARY FOR THE MONTH OF FEBRUARY 2024...
CLIMATE NORMAL PERIOD: 1991 TO 2020
CLIMATE RECORD PERIOD: 1898 TO 2024
WEATHER OBSERVED NORMAL DEPART LAST YEAR`S
VALUE DATE(S) VALUE FROM VALUE
NORMAL
..............................................................
TEMPERATURE (F)
RECORD
HIGH 96 02/27/1983
LOW 62 02/07/1968
02/06/1968
02/05/1968
HIGHEST 91 02/05 88 3 86
LOWEST 70 02/08 66 4 70
AVG. MAXIMUM 84.8 83.8 1.0 83.7
AVG. MINIMUM 73.5 71.8 1.7 73.0
MEAN 79.2 77.8 1.4 78.4
DAYS MAX >= 90 3 0.8 2.2 0
DAYS MAX <= 32 0 0.0 0.0 0
DAYS MIN <= 32 0 0.0 0.0 0
DAYS MIN <= 0 0 0.0 0.0 0
PRECIPITATION (INCHES)
RECORD
MAXIMUM 11.70 2022
MINIMUM 0.05 1941
TOTALS MM 2.58 MM 2.58
DAILY AVG. 0.20 NAN NAN 0.09
DAYS >= .01 19 15.3 3.7 MM
DAYS >= .10 10 6.6 3.4 MM
DAYS >= .50 3 1.3 1.7 MM
DAYS >= 1.00 1 0.3 0.7 MM
GREATEST
24 HR. TOTAL MM
STORM TOTAL 1.96
DEGREE DAYS
HEATING TOTAL 0 0 0 0
SINCE 7/1 0
COOLING TOTAL 418 358 60 382
SINCE 1/1 893
FREEZE DATES
..............................................................
WIND (MPH)
AVERAGE WIND SPEED 6.6
HIGHEST WIND SPEED/DIRECTION 25/080 DATE 02/27
HIGHEST GUST SPEED/DIRECTION 32/170 DATE 02/05
32/080 02/27
SKY COVER
AVERAGE SKY COVER 0.49
AVERAGE RH (PERCENT) 74
WEATHER CONDITIONS. NUMBER OF DAYS WITH
THUNDERSTORM 2 MIXED PRECIP 0
HEAVY RAIN 5 RAIN 4
LIGHT RAIN 19 FREEZING RAIN 0
LT FREEZING RAIN 0 HAIL 0
HEAVY SNOW 0 SNOW 0
LIGHT SNOW 0 SLEET 0
FOG 9 FOG W/VIS <= 1/4 MILE 0
HAZE 1
- INDICATES NEGATIVE NUMBERS.
R INDICATES RECORD WAS SET OR TIED.
MM INDICATES DATA IS MISSING.
T INDICATES TRACE AMOUNT.
$$