000
CXUS51 KPHI 011927
CLMTTN
CLIMATE REPORT
NATIONAL WEATHER SERVICE MOUNT HOLLY NJ
327 PM EDT MON APR 01 2024
...................................
...THE TRENTON NJ CLIMATE SUMMARY FOR THE MONTH OF MARCH 2024...
CLIMATE NORMAL PERIOD: 1991 TO 2020
CLIMATE RECORD PERIOD: 1865 TO 2024
WEATHER OBSERVED NORMAL DEPART LAST YEAR`S
VALUE DATE(S) VALUE FROM VALUE DATE(S)
NORMAL
................................................................
TEMPERATURE (F)
RECORD
HIGH 87 03/30/1998
LOW 1 03/10/1984
03/04/1868
HIGHEST 74 MM MM 63
LOWEST 24 MM MM 24
AVG. MAXIMUM 54.7 50.8 3.9 51.7
AVG. MINIMUM 37.2 32.7 4.5 33.2
MEAN 46.0 41.7 4.3 42.5
DAYS MAX >= 90 0 0.0 0.0 0
DAYS MAX <= 32 0 1.0 -1.0 0
DAYS MIN <= 32 8 15.4 -7.4 17
DAYS MIN <= 0 0 0.0 0.0 0
PRECIPITATION (INCHES)
RECORD
MAXIMUM 8.86 1899
MINIMUM 0.83 1927
TOTALS 7.62 4.00 3.62 2.60
DAILY AVG. 0.25 0.13 0.12 0.08
DAYS >= .01 10 11.0 -1.0 14
DAYS >= .10 6 6.8 -0.8 8
DAYS >= .50 4 2.7 1.3 1
DAYS >= 1.00 4 1.0 3.0 0
GREATEST
24 HR. TOTAL 2.91 03/23 TO 03/23 1.13
SNOWFALL (INCHES)
RECORDS
TOTAL 22.5 1888
24 HR TOTAL MM
TOTALS T 4.0 -4.0 0.8
SINCE 7/1 15.1 26.1 -11.0 MM
SNOWDEPTH AVG. 0 -1
DAYS >= 1.0 0 1.1 -1.1 0
GREATEST
SNOW DEPTH 0 MM 03/07
24 HR TOTAL MM 0.6
DEGREE DAYS
HEATING TOTAL 583 722 -139 690
SINCE 7/1 4032 4421 -389 MM
COOLING TOTAL 0 1 -1 0
SINCE 1/1 0 1 -1 MM
................................................................
WIND (MPH)
AVERAGE WIND SPEED 8.4
HIGHEST WIND SPEED/DIRECTION 26/320 DATE 03/11
26/310 03/20
HIGHEST GUST SPEED/DIRECTION 42/350 DATE 03/20
42/340 03/23
SKY COVER
POSSIBLE SUNSHINE (PERCENT) MM
AVERAGE SKY COVER 0.48
NUMBER OF DAYS FAIR 13
NUMBER OF DAYS PC 9
NUMBER OF DAYS CLOUDY 9
AVERAGE RH (PERCENT) 63
WEATHER CONDITIONS. NUMBER OF DAYS WITH
THUNDERSTORM 0 MIXED PRECIP 0
HEAVY RAIN 5 RAIN 7
LIGHT RAIN 11 FREEZING RAIN 0
LT FREEZING RAIN 0 HEAVY SNOW 0
SNOW 0 LIGHT SNOW 3
SLEET 1 FOG 9
FOG W/VIS <= 1/4 MILE 1 HAZE 1
- INDICATES NEGATIVE NUMBERS.
R INDICATES RECORD WAS SET OR TIED.
MM INDICATES DATA IS MISSING.
T INDICATES TRACE AMOUNT.
$$