000
CXUS54 KMOB 010735
CF6MOB
PRELIMINARY LOCAL CLIMATOLOGICAL DATA (WS FORM: F-6)
STATION: MOBILE
MONTH: FEBRUARY
YEAR: 2022
LATITUDE: 30 40 N
LONGITUDE: 88 15 W
TEMPERATURE IN F: :PCPN: SNOW: WIND :SUNSHINE: SKY :PK WND
================================================================================
1 2 3 4 5 6A 6B 7 8 9 10 11 12 13 14 15 16 17 18
12Z AVG MX 2MIN
DY MAX MIN AVG DEP HDD CDD WTR SNW DPTH SPD SPD DIR MIN PSBL S-S WX SPD DR
================================================================================
1 68 49 59 7 6 0 0.00 0.0 0 13.4 23 110 M M 6 33 110
2 64 58 61 9 4 0 1.02 0.0 0 13.5 25 130 M M 10 1 35 130
3 76 48 62 9 3 0 0.68 0.0 0 14.8 23 190 M M 10 1 43 190
4 48 32 40 -13 25 0 0.47 0.0 0 12.9 23 340 M M 10 1 34 340
5 50 29 40 -13 25 0 0.00 0.0 0 11.3 23 350 M M 3 32 330
6 58 28 43 -10 22 0 0.00 0.0 0 2.8 8 20 M M 1 8 12 100
7 53 32 43 -10 22 0 T 0.0 0 3.6 13 330 M M 7 17 320
8 61 33 47 -7 18 0 0.00 0.0 0 4.8 14 350 M M 2 20 340
9 65 29 47 -7 18 0 0.00 0.0 0 3.3 14 170 M M 1 16 190
10 69 33 51 -3 14 0 0.00 0.0 0 4.8 15 200 M M 2 1 19 200
11 67 33 50 -4 15 0 0.00 0.0 0 4.4 16 130 M M 3 1 21 150
12 72 40 56 2 9 0 0.00 0.0 0 5.0 20 350 M M 6 12 26 360
13 54 29 42 -13 23 0 0.07 0.0 0 11.7 23 350 M M 2 1 32 320
14 65 27 46 -9 19 0 0.00 0.0 0 3.5 16 170 M M 4 21 190
15 66 34 50 -5 15 0 0.00 0.0 0 5.4 16 140 M M 1 22 150
16 72 47 60 5 5 0 0.00 0.0 0 13.0 29 140 M M 6 40 140
17 77 61 69 13 0 4 0.24 0.0 0 16.5 29 170 M M 10 18 41 190
18 65 37 51 -5 14 0 0.01 0.0 0 12.8 21 340 M M 8 28 330
19 62 34 48 -8 17 0 0.00 0.0 0 9.5 21 360 M M 1 28 340
20 65 38 52 -4 13 0 0.00 0.0 0 8.8 18 120 M M 2 27 150
21 73 55 64 8 1 0 0.00 0.0 0 10.9 18 130 M M 8 1 23 130
22 81 64 73 16 0 8 0.00 0.0 0 12.4 23 180 M M 9 1 32 180
23 82 66 74 17 0 9 0.00 0.0 0 7.6 15 150 M M 8 128 22 180
24 80 65 73 16 0 8 0.00 0.0 0 8.2 18 140 M M 9 128 23 190
25 70 46 58 1 7 0 0.03 0.0 0 11.5 18 350 M M 9 1 26 320
26 66 43 55 -2 10 0 0.00 0.0 0 7.0 13 10 M M 5 17 360
27 56 46 51 -7 14 0 0.10 0.0 0 8.3 18 340 M M 9 1 24 330
28 67 44 56 -2 9 0 0.00 0.0 0 10.9 22 360 M M 4 1 34 350
================================================================================
SM 1852 1180 328 29 2.62 0.0 252.6 M 156
================================================================================
AV 66.1 42.1 9.0 FASTST M M 6 MAX(MPH)
MISC ----> # 29 140 43 190
================================================================================
NOTES:
# LAST OF SEVERAL OCCURRENCES
COLUMN 17 PEAK WIND IN M.P.H.
PRELIMINARY LOCAL CLIMATOLOGICAL DATA (WS FORM: F-6) , PAGE 2
STATION: MOBILE
MONTH: FEBRUARY
YEAR: 2022
LATITUDE: 30 40 N
LONGITUDE: 88 15 W
[TEMPERATURE DATA] [PRECIPITATION DATA] SYMBOLS USED IN COLUMN 16
AVERAGE MONTHLY: 54.1 TOTAL FOR MONTH: 2.62 1 = FOG OR MIST
DPTR FM NORMAL: -0.9 DPTR FM NORMAL: -1.85 2 = FOG REDUCING VISIBILITY
HIGHEST: 82 ON 23 GRTST 24HR 1.02 ON 2- 2 TO 1/4 MILE OR LESS
LOWEST: 27 ON 14 3 = THUNDER
SNOW, ICE PELLETS, HAIL 4 = ICE PELLETS
TOTAL MONTH: 0.0 INCH 5 = HAIL
GRTST 24HR 0.0 6 = FREEZING RAIN OR DRIZZLE
GRTST DEPTH: 0 7 = DUSTSTORM OR SANDSTORM:
VSBY 1/2 MILE OR LESS
8 = SMOKE OR HAZE
[NO. OF DAYS WITH] [WEATHER - DAYS WITH] 9 = BLOWING SNOW
X = TORNADO
MAX 32 OR BELOW: 0 0.01 INCH OR MORE: 8
MAX 90 OR ABOVE: 0 0.10 INCH OR MORE: 5
MIN 32 OR BELOW: 7 0.50 INCH OR MORE: 2
MIN 0 OR BELOW: 0 1.00 INCH OR MORE: 1
[HDD (BASE 65) ]
TOTAL THIS MO. 328 CLEAR (SCALE 0-3) 10
DPTR FM NORMAL 32 PTCLDY (SCALE 4-7) 9
TOTAL FM JUL 1 1313 CLOUDY (SCALE 8-10) 9
DPTR FM NORMAL -70
[CDD (BASE 65) ]
TOTAL THIS MO. 29
DPTR FM NORMAL 13 [PRESSURE DATA]
TOTAL FM JAN 1 43 HIGHEST SLP 30.47 ON 15
DPTR FM NORMAL 24 LOWEST SLP 29.85 ON 3
[REMARKS]
#FINAL-02-22#