000
CXUS54 KMRX 011514
CLMTRI


CLIMATE REPORT
NATIONAL WEATHER SERVICE MORRISTOWN TN
1113 AM EDT WED JUN 1 2016

...................................

...THE TRI-CITIES      ASOS CLIMATE SUMMARY FOR THE MONTH OF MAY 2016...

CLIMATE NORMAL PERIOD 1981 TO 2010
CLIMATE RECORD PERIOD 1934 TO 2016

WEATHER         OBSERVED          NORMAL  DEPART
                 VALUE   DATE(S)  VALUE   FROM
                                          NORMAL
................................................
TEMPERATURE (F)
HIGHEST            89   05/31
LOWEST             35   05/15
AVG. MAXIMUM     75.5              75.9    -0.4
AVG. MINIMUM     52.6              51.1     1.5
MEAN             64.0              63.5     0.5
DAYS MAX >= 90      0
DAYS MAX <= 32      0
DAYS MIN <= 32      0
DAYS MIN <= 0       0

PRECIPITATION (INCHES)
RECORD
 MAXIMUM         9.71   1950
 MINIMUM         0.70   2015
TOTALS           3.98              3.80    0.18
DAYS >= .01        18
DAYS >= .10        11
DAYS >= .50         2
DAYS >= 1.00        1
GREATEST
 24 HR. TOTAL    1.08   05/11 TO 05/11

SNOWFALL (INCHES)
TOTALS            0.0               0.0     0.0
SINCE 7/1        18.4
SNOWDEPTH AVG.      0
DAYS >= TRACE       0
GREATEST
 SNOW DEPTH         0   MM

DEGREE_DAYS
HEATING TOTAL      91               109     -18
 SINCE 7/1       3545              4363    -818
COOLING TOTAL      70                62       8
 SINCE 1/1         96                73      23
.................................................



-  INDICATES NEGATIVE NUMBERS.
R  INDICATES RECORD WAS SET OR TIED.
MM INDICATES DATA IS MISSING.
T  INDICATES TRACE AMOUNT.

$$
