241
CXUS54 KMRX 012253
CLMTRI


CLIMATE REPORT
NATIONAL WEATHER SERVICE MORRISTOWN TN
553 PM EST THU DEC 1 2016

...................................

...THE TRI-CITIES      ASOS CLIMATE SUMMARY FOR THE MONTH OF NOVEMBER 2016...

CLIMATE NORMAL PERIOD 1981 TO 2010
CLIMATE RECORD PERIOD 1934 TO 2016

WEATHER         OBSERVED          NORMAL  DEPART
                 VALUE   DATE(S)  VALUE   FROM
                                          NORMAL
................................................
TEMPERATURE (F)
HIGHEST            82R  11/01
LOWEST             18   11/22
AVG. MAXIMUM     63.6              58.7     4.9
AVG. MINIMUM     34.7              34.6     0.1
MEAN             49.2              46.6     2.6
DAYS MAX >= 90      0
DAYS MAX <= 32      0
DAYS MIN <= 32     13
DAYS MIN <= 0       0

PRECIPITATION (INCHES)
RECORD
 MAXIMUM         6.74   2003
 MINIMUM         0.50   2001
TOTALS           3.05              3.10   -0.05
DAYS >= .01         8
DAYS >= .10         2
DAYS >= .50         2
DAYS >= 1.00        1
GREATEST
 24 HR. TOTAL    2.24   11/30 TO 11/30

SNOWFALL (INCHES)
TOTALS            0.0               0.2    -0.2
SINCE 7/1         0.0
SNOWDEPTH AVG.      0
DAYS >= TRACE       0
GREATEST
 SNOW DEPTH         0   MM

DEGREE_DAYS
HEATING TOTAL     474               551     -77
 SINCE 7/1        619               886    -267
COOLING TOTAL       2                 1       1
 SINCE 1/1       1492               981     511
.................................................



-  INDICATES NEGATIVE NUMBERS.
R  INDICATES RECORD WAS SET OR TIED.
MM INDICATES DATA IS MISSING.
T  INDICATES TRACE AMOUNT.

$$
