222
CXUS54 KMRX 011413
CLMTRI

CLIMATE REPORT NATIONAL WEATHER SERVICE MORRISTOWN TN
1012 AM EDT FRI MAY 1 2015

...................................

...THE TRI-CITIES CLIMATE SUMMARY FOR THE MONTH OF APRIL 2015...

CLIMATE NORMAL PERIOD 1981 TO 2010
CLIMATE RECORD PERIOD 1934 TO 2015

WEATHER         OBSERVED          NORMAL  DEPART
                 VALUE   DATE(S)  VALUE   FROM
                                          NORMAL
................................................
TEMPERATURE (F)
HIGHEST            84   04/09
LOWEST             27   04/05
AVG. MAXIMUM     70.5              68.0     2.5
AVG. MINIMUM     45.8              42.4     3.4
MEAN             58.2              55.2     3.0
DAYS MAX >= 90      0
DAYS MAX <= 32      0
DAYS MIN <= 32      3
DAYS MIN <= 0       0

PRECIPITATION (INCHES)
RECORD
 MAXIMUM         7.03   1998
 MINIMUM         0.21   1976
TOTALS           4.98              3.33    1.65
DAYS >= .01        12
DAYS >= .10         6
DAYS >= .50         5
DAYS >= 1.00        2
GREATEST
 24 HR. TOTAL    1.58   04/07 TO 04/07

SNOWFALL (INCHES)
TOTALS            0.0               1.1    -1.1
SINCE 7/1        15.5
SNOWDEPTH AVG.      0
DAYS >= TRACE       0
GREATEST
 SNOW DEPTH         0   0

DEGREE_DAYS
HEATING TOTAL     205               304     -99
 SINCE 7/1       4335              4254      81
COOLING TOTAL      10                10       0
 SINCE 1/1         10                11      -1
.................................................



-  INDICATES NEGATIVE NUMBERS.
R  INDICATES RECORD WAS SET OR TIED.
MM INDICATES DATA IS MISSING.
T  INDICATES TRACE AMOUNT.

$$
