000
CXUS56 KSGX 231045
CF6AJO
PRELIMINARY LOCAL CLIMATOLOGICAL DATA (WS FORM: F-6)
STATION: CORONA AIRPORT CA
MONTH: APRIL
YEAR: 2024
LATITUDE: 33 53 N
LONGITUDE: 117-36 E
TEMPERATURE IN F: :PCPN: SNOW: WIND :SUNSHINE: SKY :PK WND
================================================================================
1 2 3 4 5 6A 6B 7 8 9 10 11 12 13 14 15 16 17 18
12Z AVG MX 2MIN
DY MAX MIN AVG DEP HDD CDD WTR SNW DPTH SPD SPD DIR MIN PSBL S-S WX SPD DR
================================================================================
1 72 41 57 M 8 0 M M M 5.2 17 260 M M 0 1 25 240
2 80 43 62 M 3 0 0.00 M M 3.9 12 270 M M 0 1 17 260
3 78 45 62 M 3 0 0.00 M M 4.9 15 260 M M 0 1 23 260
4 66 47 57 M 8 0 T M M 6.0 13 230 M M 7 21 230
5 58 42 50 M 15 0 T M M 6.8 18 230 M M 5 25 220
6 66 38 52 M 13 0 0.00 M M 4.2 12 270 M M 0 16 310
7 68 38 53 M 12 0 0.00 M M 4.8 14 280 M M 0 1 21 270
8 73 40 57 M 8 0 0.00 M M 3.8 10 260 M M 0 1 18 240
9 83 39 61 M 4 0 0.00 M M 6.1 22 60 M M 0 32 60
10 83 44 64 M 1 0 0.00 M M 4.6 15 290 M M 0 21 280
11 85 46 66 M 0 1 0.00 M M 4.1 16 270 M M 0 1 18 270
12 65 52 59 M 6 0 0.00 M M 6.2 13 280 M M 9 1 18 270
13 66 43 55 M 10 0 T M M 3.2 15 240 M M 9 1 21 240
14 62 40 51 M 14 0 M M M 3.9 13 220 M M 5 1 20 220
15 70 45 58 M 7 0 0.00 M M 4.5 9 280 M M 3 M M
16 83 45 64 M 1 0 0.00 M M 5.3 16 250 M M 0 1 21 250
17 82 44 63 M 2 0 0.00 M M 4.2 17 270 M M 0 8 22 270
18 76 50 63 M 2 0 0.00 M M 6.7 14 290 M M 0 1 20 270
19 72 52 62 M 3 0 0.00 M M 5.5 13 260 M M 5 18 260
20 75 51 63 M 2 0 0.00 M M 2.8 10 280 M M 5 M M
21 80 48 64 M 1 0 0.00 M M 6.0 16 270 M M 0 18 22 270
22 72 56 64 M 1 0 0.00 M M 6.0 17 270 M M 7 18 27 270
================================================================================
SM 1615 989 124 1 T M 108.6 M 55
================================================================================
AV 73.4 45.0 4.9 FASTST M M 3 MAX(MPH)
MISC ----> 22 60 32 60
================================================================================
NOTES:
# LAST OF SEVERAL OCCURRENCES
COLUMN 17 PEAK WIND IN M.P.H.
PRELIMINARY LOCAL CLIMATOLOGICAL DATA (WS FORM: F-6) , PAGE 2
STATION: CORONA AIRPORT CA
MONTH: APRIL
YEAR: 2024
LATITUDE: 33 53 N
LONGITUDE: 117-36 E
[TEMPERATURE DATA] [PRECIPITATION DATA] SYMBOLS USED IN COLUMN 16
AVERAGE MONTHLY: 59.2 TOTAL FOR MONTH: T 1 = FOG OR MIST
DPTR FM NORMAL: 0.0 DPTR FM NORMAL: -0.00 2 = FOG REDUCING VISIBILITY
HIGHEST: 85 ON 11 GRTST 24HR T ON 4- 4 TO 1/4 MILE OR LESS
LOWEST: 38 ON 7, 6 3 = THUNDER
SNOW, ICE PELLETS, HAIL 4 = ICE PELLETS
TOTAL MONTH: M 5 = HAIL
GRTST 24HR M ON M 6 = FREEZING RAIN OR DRIZZLE
GRTST DEPTH: M ON M 7 = DUSTSTORM OR SANDSTORM:
VSBY 1/2 MILE OR LESS
8 = SMOKE OR HAZE
[NO. OF DAYS WITH] [WEATHER - DAYS WITH] 9 = BLOWING SNOW
X = TORNADO
MAX 32 OR BELOW: 0 0.01 INCH OR MORE: 0
MAX 90 OR ABOVE: 0 0.10 INCH OR MORE: 0
MIN 32 OR BELOW: 0 0.50 INCH OR MORE: 0
MIN 0 OR BELOW: 0 1.00 INCH OR MORE: 0
[HDD (BASE 65) ]
TOTAL THIS MO. 124 CLEAR (SCALE 0-3) 13
DPTR FM NORMAL M PTCLDY (SCALE 4-7) 7
TOTAL FM JUL 1 1386 CLOUDY (SCALE 8-10) 2
DPTR FM NORMAL M
[CDD (BASE 65) ]
TOTAL THIS MO. 1
DPTR FM NORMAL M [PRESSURE DATA]
TOTAL FM JAN 1 4 HIGHEST SLP M ON M
DPTR FM NORMAL M LOWEST SLP M ON M
[REMARKS]