000
CXUS54 KEPZ 281030
CF6ELP
PRELIMINARY LOCAL CLIMATOLOGICAL DATA (WS FORM: F-6)
STATION: EL PASO
MONTH: MARCH
YEAR: 2024
LATITUDE: 31 47 N
LONGITUDE: 106 24 W
TEMPERATURE IN F: :PCPN: SNOW: WIND :SUNSHINE: SKY :PK WND
================================================================================
1 2 3 4 5 6A 6B 7 8 9 10 11 12 13 14 15 16 17 18
12Z AVG MX 2MIN
DY MAX MIN AVG DEP HDD CDD WTR SNW DPTH SPD SPD DIR MIN PSBL S-S WX SPD DR
================================================================================
1 72 47 60 5 5 0 0.00 0.0 0 7.6 22 250 M M 0 32 250
2 76 48 62 7 3 0 0.00 0.0 0 11.9 28 240 M M 2 37 270
3 76 52 64 9 1 0 0.00 0.0 0 12.2 29 250 M M 2 39 260
4 72 47 60 5 5 0 0.00 0.0 0 9.9 29 260 M M 2 40 290
5 72 50 61 5 4 0 0.00 0.0 0 9.4 20 260 M M 5 27 260
6 73 54 64 8 1 0 0.00 0.0 0 12.3 33 190 M M 9 8 51 180
7 70 52 61 5 4 0 0.00 0.0 0 15.4 35 250 M M 5 47 260
8 64 46 55 -1 10 0 T 0.0 0 12.1 23 260 M M 5 32 240
9 61 41 51 -6 14 0 0.00 0.0 0 5.8 15 100 M M 4 19 110
10 67 39 53 -4 12 0 0.00 0.0 0 4.4 9 80 M M 2 14 140
11 75 42 59 2 6 0 0.00 0.0 0 4.6 17 240 M M 6 24 220
12 77 53 65 7 0 0 0.00 0.0 0 10.3 25 250 M M 3 37 240
13 77 51 64 6 1 0 0.00 0.0 0 15.9 37 240 M M 5 48 230
14 74 47 61 3 4 0 0.00 0.0 0 6.4 22 170 M M 4 34 170
15 67 48 58 0 7 0 0.00 0.0 0 15.8 25 100 M M 4 37 110
16 69 49 59 0 6 0 0.00 0.0 0 7.7 18 100 M M 8 24 110
17 70 47 59 0 6 0 T 0.0 0 7.9 29 110 M M 6 36 100
18 60 50 55 -4 10 0 0.03 0.0 0 14.3 24 90 M M 8 34 90
19 72 52 62 2 3 0 0.00 0.0 0 5.0 16 100 M M 7 22 100
20 71 51 61 1 4 0 0.00 0.0 0 10.4 26 250 M M 7 8 35 260
21 75 53 64 4 1 0 0.00 0.0 0 15.4 26 280 M M 4 37 280
22 79 50 65 5 0 0 0.00 0.0 0 6.3 22 280 M M 3 31 290
23 82 54 68 7 0 3 0.00 0.0 0 11.5 28 260 M M 8 39 250
24 68 47 58 -3 7 0 0.00 0.0 0 26.7 46 250 M M 6 78 63 260
25 60 42 51 -10 14 0 T 0.0 0 20.0 36 260 M M 7 47 250
26 61 42 52 -10 13 0 0.01 0.0 0 13.8 35 300 M M 5 3 48 300
27 68 42 55 -7 10 0 0.00 0.0 0 11.4 28 250 M M 2 36 240
================================================================================
SM 1908 1296 151 3 0.04 0.0 304.4 M 129
================================================================================
AV 70.7 48.0 11.3 FASTST M M 5 MAX(MPH)
MISC ----> 46 250 63 260
================================================================================
NOTES:
# LAST OF SEVERAL OCCURRENCES
COLUMN 17 PEAK WIND IN M.P.H.
PRELIMINARY LOCAL CLIMATOLOGICAL DATA (WS FORM: F-6) , PAGE 2
STATION: EL PASO
MONTH: MARCH
YEAR: 2024
LATITUDE: 31 47 N
LONGITUDE: 106 24 W
[TEMPERATURE DATA] [PRECIPITATION DATA] SYMBOLS USED IN COLUMN 16
AVERAGE MONTHLY: 59.3 TOTAL FOR MONTH: 0.04 1 = FOG OR MIST
DPTR FM NORMAL: 1.1 DPTR FM NORMAL: -0.18 2 = FOG REDUCING VISIBILITY
HIGHEST: 82 ON 23 GRTST 24HR 0.03 ON 17-18 TO 1/4 MILE OR LESS
LOWEST: 39 ON 10 3 = THUNDER
SNOW, ICE PELLETS, HAIL 4 = ICE PELLETS
TOTAL MONTH: 0.0 INCH 5 = HAIL
GRTST 24HR 0.0 6 = FREEZING RAIN OR DRIZZLE
GRTST DEPTH: 0 7 = DUSTSTORM OR SANDSTORM:
VSBY 1/2 MILE OR LESS
8 = SMOKE OR HAZE
[NO. OF DAYS WITH] [WEATHER - DAYS WITH] 9 = BLOWING SNOW
X = TORNADO
MAX 32 OR BELOW: 0 0.01 INCH OR MORE: 2
MAX 90 OR ABOVE: 0 0.10 INCH OR MORE: 0
MIN 32 OR BELOW: 0 0.50 INCH OR MORE: 0
MIN 0 OR BELOW: 0 1.00 INCH OR MORE: 0
[HDD (BASE 65) ]
TOTAL THIS MO. 151 CLEAR (SCALE 0-3) 8
DPTR FM NORMAL -48 PTCLDY (SCALE 4-7) 16
TOTAL FM JUL 1 1705 CLOUDY (SCALE 8-10) 3
DPTR FM NORMAL -417
[CDD (BASE 65) ]
TOTAL THIS MO. 3
DPTR FM NORMAL -8 [PRESSURE DATA]
TOTAL FM JAN 1 11 HIGHEST SLP M ON M
DPTR FM NORMAL -1 LOWEST SLP 29.41 ON 24
[REMARKS]