000
CXUS54 KOUN 250810
CF6GAG
PRELIMINARY LOCAL CLIMATOLOGICAL DATA (WS FORM: F-6)
STATION: GAGE
MONTH: APRIL
YEAR: 2024
LATITUDE: 36 17 N
LONGITUDE: 99 46 W
TEMPERATURE IN F: :PCPN: SNOW: WIND :SUNSHINE: SKY :PK WND
================================================================================
1 2 3 4 5 6A 6B 7 8 9 10 11 12 13 14 15 16 17 18
12Z AVG MX 2MIN
DY MAX MIN AVG DEP HDD CDD WTR SNW DPTH SPD SPD DIR MIN PSBL S-S WX SPD DR
================================================================================
1 M M M M M M M M M M M M M M M M M
2 M M M M M M M M M M M M M M M M M
3 M M M M M M M M M M M M M M M M M
4 M M M M M M M M M M M M M M M M M
5 M M M M M M M M M M M M M M M M M
6 73 61 67 11 0 2 M M M 27.3 32 240 M M 2 45 240
7 50 50 50 -6 15 0 M M M 21.9 22 240 M M 0 32 240
8 M M M M M M M M M M M M M M M M M
9 M M M M M M M M M M M M M M M M M
10 54 54 54 -3 11 0 M M M 8.1 8 310 M M 0 M M
11 70 63 67 10 0 2 M M M 10.6 16 320 M M 0 30 320
12 83 38 61 4 4 0 M M M 16.0 24 180 M M 0 8 37 190
13 88 52 70 12 0 5 0.00 M M 19.4 30 180 M M 0 41 180
14 96 47 72 14 0 7 0.00 0.0 M 11.8 24 170 M M 0 31 180
15 88 64 76 18 0 11 T 0.0 M 23.4 39 160 M M 2 13 52 170
16 82 53 68 10 0 3 0.00 0.0 M 15.3 31 270 M M 4 38 43 260
17 93 47 70 12 0 5 0.00 0.0 M 16.2 32 210 M M 4 45 210
18 70 45 58 -1 7 0 0.00 M M 19.6 36 360 M M 4 48 350
19 64 37 51 -8 14 0 0.00 M M 8.5 20 50 M M 0 27 30
20 63 36 50 -9 15 0 0.00 M M 11.5 25 50 M M 6 35 50
21 64 40 52 -8 13 0 T M M 6.2 14 190 M M 5 18 190
22 79 44 62 2 3 0 0.00 M M 23.8 37 200 M M 0 52 190
23 80 48 64 4 1 0 0.00 M M 14.8 26 10 M M 0 39 360
24 77 50 64 4 1 0 T M M 11.6 22 150 M M 8 32 80
================================================================================
SM 1274 829 84 35 T 0.0 266.1 M 35
================================================================================
AV 74.9 48.8 15.7 FASTST M M 2 MAX(MPH)
MISC ----> 39 160 # 52 170
================================================================================
NOTES:
# LAST OF SEVERAL OCCURRENCES
COLUMN 17 PEAK WIND IN M.P.H.
PRELIMINARY LOCAL CLIMATOLOGICAL DATA (WS FORM: F-6) , PAGE 2
STATION: GAGE
MONTH: APRIL
YEAR: 2024
LATITUDE: 36 17 N
LONGITUDE: 99 46 W
[TEMPERATURE DATA] [PRECIPITATION DATA] SYMBOLS USED IN COLUMN 16
AVERAGE MONTHLY: 61.9 TOTAL FOR MONTH: T 1 = FOG OR MIST
DPTR FM NORMAL: 4.4 DPTR FM NORMAL: -1.53 2 = FOG REDUCING VISIBILITY
HIGHEST: 96 ON 14 GRTST 24HR T ON 15-15 TO 1/4 MILE OR LESS
LOWEST: 36 ON 20 3 = THUNDER
SNOW, ICE PELLETS, HAIL 4 = ICE PELLETS
TOTAL MONTH: 0.0 INCH 5 = HAIL
GRTST 24HR 0.0 6 = FREEZING RAIN OR DRIZZLE
GRTST DEPTH: M ON M 7 = DUSTSTORM OR SANDSTORM:
VSBY 1/2 MILE OR LESS
8 = SMOKE OR HAZE
[NO. OF DAYS WITH] [WEATHER - DAYS WITH] 9 = BLOWING SNOW
X = TORNADO
MAX 32 OR BELOW: 0 0.01 INCH OR MORE: 0
MAX 90 OR ABOVE: 2 0.10 INCH OR MORE: 0
MIN 32 OR BELOW: 0 0.50 INCH OR MORE: 0
MIN 0 OR BELOW: 0 1.00 INCH OR MORE: 0
[HDD (BASE 65) ]
TOTAL THIS MO. 84 CLEAR (SCALE 0-3) 11
DPTR FM NORMAL -125 PTCLDY (SCALE 4-7) 5
TOTAL FM JUL 1 3230 CLOUDY (SCALE 8-10) 8
DPTR FM NORMAL -687
[CDD (BASE 65) ]
TOTAL THIS MO. 35
DPTR FM NORMAL 8 [PRESSURE DATA]
TOTAL FM JAN 1 40 HIGHEST SLP M ON M
DPTR FM NORMAL 1 LOWEST SLP 29.47 ON 15
[REMARKS]