000
CDUS44 KMRX 202128
CLICHA

CLIMATE REPORT NATIONAL WEATHER SERVICE MORRISTOWN TN
528 PM EDT SAT SEP 20 2014

...................................

...THE CHATTANOOGA CLIMATE SUMMARY FOR SEPTEMBER 20 2014... VALID
TODAY AS OF 500 PM LOCAL TIME.

CLIMATE NORMAL PERIOD 1981 TO 2010
CLIMATE RECORD PERIOD 1879 TO 2014


WEATHER ITEM   OBSERVED TIME   RECORD YEAR NORMAL DEPARTURE LAST
                VALUE   (LST)  VALUE       VALUE  FROM      YEAR
                                                  NORMAL
..................................................................
TEMPERATURE (F)
 TODAY
  MAXIMUM         85    344 PM  99    1925  82      3       88
  MINIMUM         63    636 AM  40    1889  60      3       65
  AVERAGE         74                        71      3       77

PRECIPITATION (IN)
  TODAY            0.00          3.37 2009   0.14  -0.14     0.00
  MONTH TO DATE    2.31                      2.63  -0.32     0.31
  SINCE SEP 1      2.31                      2.63  -0.32     0.31
  SINCE JAN 1     30.96                     37.89  -6.93    54.51

SNOWFALL (IN)
  TODAY            0.0                       0.0    0.0      0.0
  MONTH TO DATE    0.0                       0.0    0.0      0.0
  SINCE SEP 1      0.0                       0.0    0.0      0.0
  SINCE JUL 1      0.0                       0.0    0.0      0.0
  SNOW DEPTH       0

DEGREE DAYS
 HEATING
  TODAY            0                         1     -1        0
  MONTH TO DATE    0                         2     -2        0
  SINCE SEP 1      0                         2     -2        0
  SINCE JUL 1      0                         2     -2        0

 COOLING
  TODAY            9                         7      2       12
  MONTH TO DATE  260                       190     70      242
  SINCE SEP 1    260                       190     70      242
  SINCE JAN 1   1761                      1640    121     1634
..................................................................


WIND (MPH)
  HIGHEST WIND SPEED    10   HIGHEST WIND DIRECTION     S (190)
  HIGHEST GUST SPEED    14   HIGHEST GUST DIRECTION     S (180)
  AVERAGE WIND SPEED     2.2


SKY COVER
  POSSIBLE SUNSHINE  MM
  AVERAGE SKY COVER  MM


WEATHER CONDITIONS
 THE FOLLOWING WEATHER WAS RECORDED TODAY.
  NO SIGNIFICANT WEATHER WAS OBSERVED.


RELATIVE HUMIDITY (PERCENT)
 HIGHEST    87           500 AM
 LOWEST     44           300 PM
 AVERAGE    66

..........................................................


THE CHATTANOOGA  ASOS CLIMATE NORMALS FOR TOMORROW
                         NORMAL    RECORD    YEAR
 MAXIMUM TEMPERATURE (F)   81        98      1955
 MINIMUM TEMPERATURE (F)   60        44      1956


SUNRISE AND SUNSET
SEPTEMBER 20 2014.....SUNRISE   727 AM EDT   SUNSET   740 PM EDT
SEPTEMBER 21 2014.....SUNRISE   728 AM EDT   SUNSET   739 PM EDT


-  INDICATES NEGATIVE NUMBERS.
R  INDICATES RECORD WAS SET OR TIED.
MM INDICATES DATA IS MISSING.
T  INDICATES TRACE AMOUNT.




$$
