000
CDUS44 KMRX 230857
CLICHA


CLIMATE REPORT
NATIONAL WEATHER SERVICE MORRISTOWN TN
357 AM EST THU FEB 23 2017


...................................

...THE CHATTANOOGA  ASOS CLIMATE SUMMARY FOR FEBRUARY 22 2017...

CLIMATE NORMAL PERIOD 1981 TO 2010
CLIMATE RECORD PERIOD 1879 TO 2017


WEATHER ITEM   OBSERVED TIME   RECORD YEAR NORMAL DEPARTURE LAST
                VALUE   (LST)  VALUE       VALUE  FROM      YEAR
                                                  NORMAL
..................................................................
TEMPERATURE (F)
 YESTERDAY
  MAXIMUM         69    459 PM  77    1980  57     12       63
  MINIMUM         54   1107 PM   3    1963  36     18       53
  AVERAGE         62                        46     16       58

PRECIPITATION (IN)
  YESTERDAY        0.03          2.96 1961   0.17  -0.14     0.70
  MONTH TO DATE    2.05                      3.77  -1.72     5.10
  SINCE DEC 1     12.09                     13.58  -1.49    19.18
  SINCE JAN 1      7.04                      8.68  -1.64     8.77

SNOWFALL (IN)
  YESTERDAY        0.0                       0.1   -0.1      0.0
  MONTH TO DATE    0.0                       0.5   -0.5      0.3
  SINCE DEC 1      0.3                       2.5   -2.2      0.5
  SINCE JUL 1      0.3                       2.5   -2.2      0.5
  SNOW DEPTH       0

DEGREE DAYS
 HEATING
  YESTERDAY        3                        19    -16        7
  MONTH TO DATE  324                       469   -145      447
  SINCE DEC 1   1428                      1925   -497     1596
  SINCE JUL 1   1748                      2514   -766     1976
..................................................................


WIND (MPH)
  HIGHEST WIND SPEED    10   HIGHEST WIND DIRECTION     N (10)
  HIGHEST GUST SPEED    12   HIGHEST GUST DIRECTION     N (10)
  AVERAGE WIND SPEED     3.4


SKY COVER
  POSSIBLE SUNSHINE  MM
  AVERAGE SKY COVER 0.7


WEATHER CONDITIONS
 THE FOLLOWING WEATHER WAS RECORDED YESTERDAY.
  LIGHT RAIN
  FOG
  HAZE


RELATIVE HUMIDITY (PERCENT)
 HIGHEST   100          1100 PM
 LOWEST     63           500 PM
 AVERAGE    82

..........................................................


THE CHATTANOOGA  ASOS CLIMATE NORMALS FOR TODAY
                         NORMAL    RECORD    YEAR
 MAXIMUM TEMPERATURE (F)   57        78      2012
                                             1982
 MINIMUM TEMPERATURE (F)   36        12      1963


SUNRISE AND SUNSET
FEBRUARY 23 2017......SUNRISE   717 AM EST   SUNSET   631 PM EST
FEBRUARY 24 2017......SUNRISE   716 AM EST   SUNSET   632 PM EST


-  INDICATES NEGATIVE NUMBERS.
R  INDICATES RECORD WAS SET OR TIED.
MM INDICATES DATA IS MISSING.
T  INDICATES TRACE AMOUNT.




$$
