210
CDUS44 KMRX 182215
CLICHA


CLIMATE REPORT
NATIONAL WEATHER SERVICE MORRISTOWN TN
515 PM EST SAT NOV 18 2017


...................................

...THE CHATTANOOGA  ASOS CLIMATE SUMMARY FOR NOVEMBER 18 2017...
VALID TODAY AS OF 0500 PM LOCAL TIME.

CLIMATE NORMAL PERIOD 1981 TO 2010
CLIMATE RECORD PERIOD 1879 TO 2017


WEATHER ITEM   OBSERVED TIME   RECORD YEAR NORMAL DEPARTURE LAST
                VALUE   (LST)  VALUE       VALUE  FROM      YEAR
                                                  NORMAL
..................................................................
TEMPERATURE (F)
 TODAY
  MAXIMUM         64    359 PM  79    2016  61      3       79
                                      1985
  MINIMUM         44    127 AM  18    1891  39      5       41
  AVERAGE         54                        50      4       60

PRECIPITATION (IN)
  TODAY            0.00          2.05 2015   0.18  -0.18     0.00
  MONTH TO DATE    1.18                      2.75  -1.57      T
  SINCE SEP 1     10.92                     10.07   0.85     1.71
  SINCE JAN 1     54.67                     45.33   9.34    25.05

SNOWFALL (IN)
  TODAY            0.0                       0.0    0.0      0.0
  MONTH TO DATE    0.0                       0.0    0.0      0.0
  SINCE SEP 1      0.0                       0.0    0.0      0.0
  SINCE JUL 1      0.0                       0.0    0.0      0.0
  SNOW DEPTH       0

DEGREE DAYS
 HEATING
  TODAY           11                        15     -4        5
  MONTH TO DATE  155                       213    -58      126
  SINCE SEP 1    307                       385    -78      154
  SINCE JUL 1    307                       385    -78      154

 COOLING
  TODAY            0                         0      0        0
  MONTH TO DATE   18                         0     18       17
  SINCE SEP 1    361                       287     74      568
  SINCE JAN 1   1965                      1737    228     2477
..................................................................


WIND (MPH)
  HIGHEST WIND SPEED    17   HIGHEST WIND DIRECTION     S (170)
  HIGHEST GUST SPEED    25   HIGHEST GUST DIRECTION     S (170)
  AVERAGE WIND SPEED     7.0


SKY COVER
  POSSIBLE SUNSHINE  MM
  AVERAGE SKY COVER 0.8


WEATHER CONDITIONS
 THE FOLLOWING WEATHER WAS RECORDED TODAY.
  NO SIGNIFICANT WEATHER WAS OBSERVED.


RELATIVE HUMIDITY (PERCENT)
 HIGHEST    82           200 AM
 LOWEST     55          1100 AM
 AVERAGE    69

..........................................................


THE CHATTANOOGA  ASOS CLIMATE NORMALS FOR TOMORROW
                         NORMAL    RECORD    YEAR
 MAXIMUM TEMPERATURE (F)   61        77      1985
 MINIMUM TEMPERATURE (F)   39        17      1914


SUNRISE AND SUNSET
NOVEMBER 18 2017......SUNRISE   718 AM EST   SUNSET   533 PM EST
NOVEMBER 19 2017......SUNRISE   719 AM EST   SUNSET   533 PM EST


-  INDICATES NEGATIVE NUMBERS.
R  INDICATES RECORD WAS SET OR TIED.
MM INDICATES DATA IS MISSING.
T  INDICATES TRACE AMOUNT.




$$
