000
CDUS44 KMRX 010817
CLICHA

CLIMATE REPORT
NATIONAL WEATHER SERVICE MORRISTOWN TN
414 AM EDT SAT NOV 1 2014


...................................

...THE CHATTANOOGA CLIMATE SUMMARY FOR OCTOBER 31 2014...

CLIMATE NORMAL PERIOD 1981 TO 2010
CLIMATE RECORD PERIOD 1879 TO 2014


WEATHER ITEM   OBSERVED TIME   RECORD YEAR NORMAL DEPARTURE LAST
                VALUE   (LST)  VALUE       VALUE  FROM      YEAR
                                                  NORMAL
..................................................................
TEMPERATURE (F)
 YESTERDAY
  MAXIMUM         59    238 PM  84    1950  68     -9       74
  MINIMUM         40   1159 PM  25    1954  45     -5       60
  AVERAGE         50                        57     -7       67

PRECIPITATION (IN)
  YESTERDAY        0.02          1.54 1895   0.11  -0.09     0.13
  MONTH TO DATE    6.30                      3.28   3.02     0.30
  SINCE SEP 1      8.78                      7.32   1.46     2.41
  SINCE JAN 1     37.43                     42.58  -5.15    56.61

SNOWFALL (IN)
  YESTERDAY        0.0                       0.0    0.0      0.0
  MONTH TO DATE    0.0                       0.0    0.0      0.0
  SINCE SEP 1      0.0                       0.0    0.0      0.0
  SINCE JUL 1      0.0                       0.0    0.0      0.0
  SNOW DEPTH       0

DEGREE DAYS
 HEATING
  YESTERDAY       15                         9      6        0
  MONTH TO DATE  120                       157    -37      129
  SINCE SEP 1    120                       172    -52      129
  SINCE JUL 1    120                       172    -52      129

 COOLING
  YESTERDAY        0                         0      0        2
  MONTH TO DATE   84                        48     36       82
  SINCE SEP 1    409                       287    122      360
  SINCE JAN 1   1910                      1737    173     1752
..................................................................


WIND (MPH)
  HIGHEST WIND SPEED    29   HIGHEST WIND DIRECTION    NW (320)
  HIGHEST GUST SPEED    39   HIGHEST GUST DIRECTION    NW (320)
  AVERAGE WIND SPEED     8.6


SKY COVER
  POSSIBLE SUNSHINE  MM
  AVERAGE SKY COVER  MM


WEATHER CONDITIONS
 THE FOLLOWING WEATHER WAS RECORDED YESTERDAY.
  LIGHT RAIN


RELATIVE HUMIDITY (PERCENT)
 HIGHEST    96           200 AM
 LOWEST     51           100 PM
 AVERAGE    74

..........................................................


THE CHATTANOOGA  ASOS CLIMATE NORMALS FOR TODAY
                         NORMAL    RECORD    YEAR
 MAXIMUM TEMPERATURE (F)   68        83      1950
                                             1935
 MINIMUM TEMPERATURE (F)   45        27      1993


SUNRISE AND SUNSET
NOVEMBER  1 2014......SUNRISE   802 AM EDT   SUNSET   646 PM EDT
NOVEMBER  2 2014......SUNRISE   703 AM EST   SUNSET   546 PM EST


-  INDICATES NEGATIVE NUMBERS.
R  INDICATES RECORD WAS SET OR TIED.
MM INDICATES DATA IS MISSING.
T  INDICATES TRACE AMOUNT.




$$
