133
CDUS44 KMRX 312200
CLICHA


CLIMATE REPORT
NATIONAL WEATHER SERVICE MORRISTOWN TN
600 PM EDT TUE MAY 31 2016


...................................

...THE CHATTANOOGA  ASOS CLIMATE SUMMARY FOR MAY 31 2016...
VALID TODAY AS OF 0500 PM LOCAL TIME.

CLIMATE NORMAL PERIOD 1981 TO 2010
CLIMATE RECORD PERIOD 1879 TO 2016


WEATHER ITEM   OBSERVED TIME   RECORD YEAR NORMAL DEPARTURE LAST
                VALUE   (LST)  VALUE       VALUE  FROM      YEAR
                                                  NORMAL
..................................................................
TEMPERATURE (F)
 TODAY
  MAXIMUM         93    342 PM  96    2011  84      9       83
  MINIMUM         64    601 AM  40    1984  62      2       65
  AVERAGE         79                        73      6       74

PRECIPITATION (IN)
  TODAY            0.00          2.79 1979   0.13  -0.13     0.42
  MONTH TO DATE    1.43                      4.10  -2.67     2.73
  SINCE MAR 1      6.50                     13.07  -6.57    16.21
  SINCE JAN 1     17.24                     22.82  -5.58    23.20

SNOWFALL (IN)
  TODAY            0.0                       0.0    0.0      0.0
  MONTH TO DATE    0.0                       0.0    0.0      0.0
  SINCE MAR 1      T                         1.3   -1.3      0.0
  SINCE JUL 1      0.5                       3.9   -3.4      9.5
  SNOW DEPTH       0

DEGREE DAYS
 HEATING
  TODAY            0                         0      0        0
  MONTH TO DATE   29                        38     -9       13
  SINCE MAR 1    399                       616   -217      428
  SINCE JUL 1   2484                      3238   -754     3261

 COOLING
  TODAY           14                         8      6        9
  MONTH TO DATE  197                       150     47      229
  SINCE MAR 1    276                       196     80      276
  SINCE JAN 1    276                       196     80      276
..................................................................


WIND (MPH)
  HIGHEST WIND SPEED    12   HIGHEST WIND DIRECTION     W (280)
  HIGHEST GUST SPEED    14   HIGHEST GUST DIRECTION     W (270)
  AVERAGE WIND SPEED     2.2


SKY COVER
  POSSIBLE SUNSHINE  MM
  AVERAGE SKY COVER 0.5


WEATHER CONDITIONS
 THE FOLLOWING WEATHER WAS RECORDED TODAY.
  NO SIGNIFICANT WEATHER WAS OBSERVED.


RELATIVE HUMIDITY (PERCENT)
 HIGHEST    87           600 AM
 LOWEST     28           400 PM
 AVERAGE    58

..........................................................


THE CHATTANOOGA  ASOS CLIMATE NORMALS FOR TOMORROW
                         NORMAL    RECORD    YEAR
 MAXIMUM TEMPERATURE (F)   84        97      2011
 MINIMUM TEMPERATURE (F)   62        39      1889


SUNRISE AND SUNSET
MAY 31 2016...........SUNRISE   628 AM EDT   SUNSET   849 PM EDT
JUNE  1 2016..........SUNRISE   628 AM EDT   SUNSET   850 PM EDT


-  INDICATES NEGATIVE NUMBERS.
R  INDICATES RECORD WAS SET OR TIED.
MM INDICATES DATA IS MISSING.
T  INDICATES TRACE AMOUNT.




$$
