000
CDUS44 KMRX 050805
CLICHA


CLIMATE REPORT
NATIONAL WEATHER SERVICE MORRISTOWN TN
405 AM EDT WED AUG 5 2015


...................................

...THE CHATTANOOGA  ASOS CLIMATE SUMMARY FOR AUGUST 4 2015...

CLIMATE NORMAL PERIOD 1981 TO 2010
CLIMATE RECORD PERIOD 1879 TO 2015


WEATHER ITEM   OBSERVED TIME   RECORD YEAR NORMAL DEPARTURE LAST
                VALUE   (LST)  VALUE       VALUE  FROM      YEAR
                                                  NORMAL
..................................................................
TEMPERATURE (F)
 YESTERDAY
  MAXIMUM         98    348 PM 105    1947  90      8       89
  MINIMUM         70    638 AM  56    1950  70      0       64
  AVERAGE         84                        80      4       77

PRECIPITATION (IN)
  YESTERDAY        0.00          3.01 1969   0.13  -0.13     0.00
  MONTH TO DATE    0.00                      0.52  -0.52     0.13
  SINCE JUN 1     10.39                      9.48   0.91     7.69
  SINCE JAN 1     33.59                     32.30   1.29    24.98

DEGREE DAYS
 COOLING
  YESTERDAY       19                        15      4       12
  MONTH TO DATE   63                        60      3       47
  SINCE JUN 1   1019                       868    151      843
  SINCE JAN 1   1295                      1064    231     1101
..................................................................


WIND (MPH)
  HIGHEST WIND SPEED    10   HIGHEST WIND DIRECTION     W (250)
  HIGHEST GUST SPEED    14   HIGHEST GUST DIRECTION     W (260)
  AVERAGE WIND SPEED     2.1


SKY COVER
  POSSIBLE SUNSHINE  MM
  AVERAGE SKY COVER 0.5


WEATHER CONDITIONS
 THE FOLLOWING WEATHER WAS RECORDED YESTERDAY.
  NO SIGNIFICANT WEATHER WAS OBSERVED.


RELATIVE HUMIDITY (PERCENT)
 HIGHEST    84           400 AM
 LOWEST     29           400 PM
 AVERAGE    57

..........................................................


THE CHATTANOOGA  ASOS CLIMATE NORMALS FOR TODAY
                         NORMAL    RECORD    YEAR
 MAXIMUM TEMPERATURE (F)   90       100      1935
 MINIMUM TEMPERATURE (F)   70        58      1985
                                             1912


SUNRISE AND SUNSET
AUGUST  5 2015........SUNRISE   653 AM EDT   SUNSET   840 PM EDT
AUGUST  6 2015........SUNRISE   654 AM EDT   SUNSET   839 PM EDT


-  INDICATES NEGATIVE NUMBERS.
R  INDICATES RECORD WAS SET OR TIED.
MM INDICATES DATA IS MISSING.
T  INDICATES TRACE AMOUNT.




$$
