000
CDUS44 KMRX 040806
CLICHA


CLIMATE REPORT
NATIONAL WEATHER SERVICE MORRISTOWN TN
405 AM EDT FRI SEP 4 2015


...................................

...THE CHATTANOOGA  ASOS CLIMATE SUMMARY FOR SEPTEMBER 3 2015...

CLIMATE NORMAL PERIOD 1981 TO 2010
CLIMATE RECORD PERIOD 1879 TO 2015


WEATHER ITEM   OBSERVED TIME   RECORD YEAR NORMAL DEPARTURE LAST
                VALUE   (LST)  VALUE       VALUE  FROM      YEAR
                                                  NORMAL
..................................................................
TEMPERATURE (F)
 YESTERDAY
  MAXIMUM         92    409 PM 100    1954  87      5       87
  MINIMUM         74   1159 PM  51    1952  66      8       71
  AVERAGE         83                        77      6       79

PRECIPITATION (IN)
  YESTERDAY        0.00          1.38 2003   0.13  -0.13     0.37
  MONTH TO DATE    0.00                      0.36  -0.36     0.95
  SINCE SEP 1      0.00                      0.36  -0.36     0.95
  SINCE JAN 1     40.68                     35.62   5.06    29.60

DEGREE DAYS
 HEATING
  YESTERDAY        0                         0      0        0
  MONTH TO DATE    0                         0      0        0
  SINCE SEP 1      0                         0      0        0
  SINCE JUL 1      0                         0      0        0

 COOLING
  YESTERDAY       18                        12      6       14
  MONTH TO DATE   47                        36     11       49
  SINCE SEP 1     47                        36     11       49
  SINCE JAN 1   1694                      1486    208     1550
..................................................................


WIND (MPH)
  HIGHEST WIND SPEED    14   HIGHEST WIND DIRECTION     N (360)
  HIGHEST GUST SPEED    19   HIGHEST GUST DIRECTION     N (10)
  AVERAGE WIND SPEED     4.0


SKY COVER
  POSSIBLE SUNSHINE  MM
  AVERAGE SKY COVER 0.4


WEATHER CONDITIONS
 THE FOLLOWING WEATHER WAS RECORDED YESTERDAY.
  NO SIGNIFICANT WEATHER WAS OBSERVED.


RELATIVE HUMIDITY (PERCENT)
 HIGHEST    87           100 AM
 LOWEST     44           400 PM
 AVERAGE    66

..........................................................


THE CHATTANOOGA  ASOS CLIMATE NORMALS FOR TODAY
                         NORMAL    RECORD    YEAR
 MAXIMUM TEMPERATURE (F)   87       102      1954
                                             1925
 MINIMUM TEMPERATURE (F)   66        51      1952


SUNRISE AND SUNSET
SEPTEMBER  4 2015.....SUNRISE   715 AM EDT   SUNSET   804 PM EDT
SEPTEMBER  5 2015.....SUNRISE   716 AM EDT   SUNSET   802 PM EDT


-  INDICATES NEGATIVE NUMBERS.
R  INDICATES RECORD WAS SET OR TIED.
MM INDICATES DATA IS MISSING.
T  INDICATES TRACE AMOUNT.




$$
