000
CDUS44 KMRX 230828
CLICHA


CLIMATE REPORT
NATIONAL WEATHER SERVICE MORRISTOWN TN
427 AM EDT FRI JUN 23 2017


...................................

...THE CHATTANOOGA  ASOS CLIMATE SUMMARY FOR JUNE 22 2017...

CLIMATE NORMAL PERIOD 1981 TO 2010
CLIMATE RECORD PERIOD 1879 TO 2017


WEATHER ITEM   OBSERVED TIME   RECORD YEAR NORMAL DEPARTURE LAST
                VALUE   (LST)  VALUE       VALUE  FROM      YEAR
                                                  NORMAL
..................................................................
TEMPERATURE (F)
 YESTERDAY
  MAXIMUM         77    651 PM 100    1988  89    -12       97
  MINIMUM         71    729 AM  51    1992  67      4       73
  AVERAGE         74                        78     -4       85

PRECIPITATION (IN)
  YESTERDAY        1.23          1.97 1926   0.14   1.09     0.00
  MONTH TO DATE    2.97                      2.90   0.07     1.08
  SINCE JUN 1      2.97                      2.90   0.07     1.08
  SINCE JAN 1     31.83                     25.72   6.11    18.32

DEGREE DAYS
 COOLING
  YESTERDAY        9                        13     -4       20
  MONTH TO DATE  255                       236     19      320
  SINCE JUN 1    255                       236     19      320
  SINCE JAN 1    581                       432    149      596
..................................................................


WIND (MPH)
  HIGHEST WIND SPEED    12   HIGHEST WIND DIRECTION    SE (140)
  HIGHEST GUST SPEED    17   HIGHEST GUST DIRECTION     S (190)
  AVERAGE WIND SPEED     3.2


SKY COVER
  POSSIBLE SUNSHINE  MM
  AVERAGE SKY COVER 0.8


WEATHER CONDITIONS
 THE FOLLOWING WEATHER WAS RECORDED YESTERDAY.
  HEAVY RAIN
  RAIN
  LIGHT RAIN
  FOG


RELATIVE HUMIDITY (PERCENT)
 HIGHEST    94           200 PM
 LOWEST     79          1200 AM
 AVERAGE    87

..........................................................


THE CHATTANOOGA  ASOS CLIMATE NORMALS FOR TODAY
                         NORMAL    RECORD    YEAR
 MAXIMUM TEMPERATURE (F)   89       100      1988
 MINIMUM TEMPERATURE (F)   68        52      1972


SUNRISE AND SUNSET
JUNE 23 2017..........SUNRISE   628 AM EDT   SUNSET   858 PM EDT
JUNE 24 2017..........SUNRISE   628 AM EDT   SUNSET   859 PM EDT


-  INDICATES NEGATIVE NUMBERS.
R  INDICATES RECORD WAS SET OR TIED.
MM INDICATES DATA IS MISSING.
T  INDICATES TRACE AMOUNT.




$$
