000
CDUS44 KMRX 231317
CLICHA


CLIMATE REPORT
NATIONAL WEATHER SERVICE MORRISTOWN TN
916 AM EDT TUE MAY 23 2017


...................................

...THE CHATTANOOGA  ASOS CLIMATE SUMMARY FOR MAY 22 2017...

CLIMATE NORMAL PERIOD 1981 TO 2010
CLIMATE RECORD PERIOD 1879 TO 2017


WEATHER ITEM   OBSERVED TIME   RECORD YEAR NORMAL DEPARTURE LAST
                VALUE   (LST)  VALUE       VALUE  FROM      YEAR
                                                  NORMAL
..................................................................
TEMPERATURE (F)
 YESTERDAY
  MAXIMUM         80    353 PM  96    1941  81     -1       80
  MINIMUM         67   1159 PM  42    1993  59      8       56
                                      1883
  AVERAGE         74                        70      4       68

PRECIPITATION (IN)
  YESTERDAY        0.18          2.17 1955   0.11   0.07     0.00
  MONTH TO DATE    3.41                      2.98   0.43     1.41
  SINCE MAR 1     17.97                     11.95   6.02     6.48
  SINCE JAN 1     26.40                     21.70   4.70    17.22

DEGREE DAYS
 COOLING
  YESTERDAY        9                         6      3        3
  MONTH TO DATE  141                        86     55       97
  SINCE MAR 1    267                       132    135      176
  SINCE JAN 1    267                       132    135      176
..................................................................


WIND (MPH)
  HIGHEST WIND SPEED    15   HIGHEST WIND DIRECTION     N (10)
  HIGHEST GUST SPEED    17   HIGHEST GUST DIRECTION     N (350)
  AVERAGE WIND SPEED     4.6


SKY COVER
  POSSIBLE SUNSHINE  MM
  AVERAGE SKY COVER 0.7


WEATHER CONDITIONS
 THE FOLLOWING WEATHER WAS RECORDED YESTERDAY.
  LIGHT RAIN
  FOG


RELATIVE HUMIDITY (PERCENT)
 HIGHEST    90           100 AM
 LOWEST     54           300 PM
 AVERAGE    72

..........................................................


THE CHATTANOOGA  ASOS CLIMATE NORMALS FOR TODAY
                         NORMAL    RECORD    YEAR
 MAXIMUM TEMPERATURE (F)   82        93      1953
                                             1941
 MINIMUM TEMPERATURE (F)   59        41      1889


SUNRISE AND SUNSET
MAY 23 2017...........SUNRISE   632 AM EDT   SUNSET   844 PM EDT
MAY 24 2017...........SUNRISE   631 AM EDT   SUNSET   844 PM EDT


-  INDICATES NEGATIVE NUMBERS.
R  INDICATES RECORD WAS SET OR TIED.
MM INDICATES DATA IS MISSING.
T  INDICATES TRACE AMOUNT.




$$
