000
CDUS44 KMRX 231317
CLICHA

CLIMATE REPORT NATIONAL WEATHER SERVICE MORRISTOWN TN
817 AM EST SUN NOV 23 2014

...................................

...THE CHATTANOOGA CLIMATE SUMMARY FOR NOVEMBER 22 2014...

CLIMATE NORMAL PERIOD 1981 TO 2010
CLIMATE RECORD PERIOD 1879 TO 2014


WEATHER ITEM   OBSERVED TIME   RECORD YEAR NORMAL DEPARTURE LAST
                VALUE   (LST)  VALUE       VALUE  FROM      YEAR
                                                  NORMAL
..................................................................
TEMPERATURE (F)
 YESTERDAY
  MAXIMUM         62    330 PM  75    2010  60      2       62
                                      1999
                                      1979
  MINIMUM         29    621 AM  19    2008  38     -9       53
  AVERAGE         46                        49     -3       58

PRECIPITATION (IN)
  YESTERDAY        0.00          3.00 1883   0.19  -0.19     0.06
  MONTH TO DATE    2.06                      3.49  -1.43     1.08
  SINCE SEP 1     10.84                     10.81   0.03     3.49
  SINCE JAN 1     39.49                     46.07  -6.58    57.69

SNOWFALL (IN)
  YESTERDAY        0.0                       0.0    0.0      0.0
  MONTH TO DATE    T                         0.0    0.0      0.0
  SINCE SEP 1      T                         0.0    0.0      0.0
  SINCE JUL 1      T                         0.0    0.0      0.0
  SNOW DEPTH       0

DEGREE DAYS
 HEATING
  YESTERDAY       19                        16      3        7
  MONTH TO DATE  426                       275    151      285
  SINCE SEP 1    546                       447     99      414
  SINCE JUL 1    546                       447     99      414

 COOLING
  YESTERDAY        0                         0      0        0
  MONTH TO DATE    0                         0      0        0
  SINCE SEP 1    409                       287    122      360
  SINCE JAN 1   1910                      1737    173     1752
..................................................................


WIND (MPH)
  HIGHEST WIND SPEED    15   HIGHEST WIND DIRECTION     S (180)
  HIGHEST GUST SPEED    20   HIGHEST GUST DIRECTION     S (190)
  AVERAGE WIND SPEED     4.1


SKY COVER
  POSSIBLE SUNSHINE  MM
  AVERAGE SKY COVER  MM


WEATHER CONDITIONS
 THE FOLLOWING WEATHER WAS RECORDED YESTERDAY.
  NO SIGNIFICANT WEATHER WAS OBSERVED.


RELATIVE HUMIDITY (PERCENT)
 HIGHEST    85           200 AM
 LOWEST     29           400 PM
 AVERAGE    57

..........................................................


THE CHATTANOOGA  ASOS CLIMATE NORMALS FOR TODAY
                         NORMAL    RECORD    YEAR
 MAXIMUM TEMPERATURE (F)   59        77      1973
 MINIMUM TEMPERATURE (F)   38        17      1970


SUNRISE AND SUNSET
NOVEMBER 23 2014......SUNRISE   723 AM EST   SUNSET   531 PM EST
NOVEMBER 24 2014......SUNRISE   724 AM EST   SUNSET   531 PM EST


-  INDICATES NEGATIVE NUMBERS.
R  INDICATES RECORD WAS SET OR TIED.
MM INDICATES DATA IS MISSING.
T  INDICATES TRACE AMOUNT.

&&

THE LOW TEMPERATURE THIS MORNING WAS 51.
THERE HAS 0.05 INCHES OF PRECIPITATION SINCE MIDNIGHT.



$$
