345
CDUS44 KMRX 262152
CLITRI


CLIMATE REPORT
NATIONAL WEATHER SERVICE MORRISTOWN TN
552 PM EDT FRI AUG 26 2016


...................................

...THE TRI-CITIES      ASOS CLIMATE SUMMARY FOR AUGUST 26 2016...
VALID TODAY AS OF 0500 PM LOCAL TIME.

CLIMATE NORMAL PERIOD 1981 TO 2010
CLIMATE RECORD PERIOD 1934 TO 2016


WEATHER ITEM   OBSERVED TIME   RECORD YEAR NORMAL DEPARTURE LAST
                VALUE   (LST)  VALUE       VALUE  FROM      YEAR
                                                  NORMAL
..................................................................
TEMPERATURE (F)
 TODAY
  MAXIMUM         93    342 PM  95    1959  85      8       79
                                      1954
  MINIMUM         67    526 AM  50    1942  62      5       55
  AVERAGE         80                        73      7       67

PRECIPITATION (IN)
  TODAY            0.00          1.48 2008   0.10  -0.10     0.00
  MONTH TO DATE    3.21                      2.98   0.23     6.00
  SINCE JUN 1      8.23                     11.57  -3.34    14.24
  SINCE JAN 1     24.14                     28.96  -4.82    29.15

SNOWFALL (IN)
  TODAY            0.0                       0.0    0.0      0.0
  MONTH TO DATE    0.0                       0.0    0.0      0.0
  SINCE JUN 1      0.0                       0.0    0.0      0.0
  SINCE JUL 1      0.0                       0.0    0.0      0.0
  SNOW DEPTH       0

DEGREE DAYS
 HEATING
  TODAY            0                         0      0        0
  MONTH TO DATE    0                         0      0        0
  SINCE JUN 1      0                        11    -11        0
  SINCE JUL 1      0                         0      0        0

 COOLING
  TODAY           15                         8      7        2
  MONTH TO DATE  359                       233    126      253
  SINCE JUN 1   1066                       738    328      930
  SINCE JAN 1   1162                       811    351     1096
..................................................................


WIND (MPH)
  HIGHEST WIND SPEED     8   HIGHEST WIND DIRECTION     E (110)
  HIGHEST GUST SPEED    11   HIGHEST GUST DIRECTION     E (100)
  AVERAGE WIND SPEED     1.2


SKY COVER
  POSSIBLE SUNSHINE  MM
  AVERAGE SKY COVER 0.5


WEATHER CONDITIONS
 THE FOLLOWING WEATHER WAS RECORDED TODAY.
  FOG
  FOG W/VISIBILITY <= 1/4 MILE


RELATIVE HUMIDITY (PERCENT)
 HIGHEST   100           800 AM
 LOWEST     44           200 PM
 AVERAGE    72

..........................................................


THE TRI-CITIES      ASOS CLIMATE NORMALS FOR TOMORROW
                         NORMAL    RECORD    YEAR
 MAXIMUM TEMPERATURE (F)   85        95      1954
                                             1943
 MINIMUM TEMPERATURE (F)   61        46      1945


SUNRISE AND SUNSET
AUGUST 26 2016........SUNRISE   657 AM EDT   SUNSET   805 PM EDT
AUGUST 27 2016........SUNRISE   657 AM EDT   SUNSET   804 PM EDT


-  INDICATES NEGATIVE NUMBERS.
R  INDICATES RECORD WAS SET OR TIED.
MM INDICATES DATA IS MISSING.
T  INDICATES TRACE AMOUNT.




$$
