000
CDUS44 KMRX 242124
CLITRI


CLIMATE REPORT
NATIONAL WEATHER SERVICE MORRISTOWN TN
523 PM EDT FRI JUN 24 2016


...................................

...THE TRI-CITIES      ASOS CLIMATE SUMMARY FOR JUNE 24 2016...
VALID TODAY AS OF 0500 PM LOCAL TIME.

CLIMATE NORMAL PERIOD 1981 TO 2010
CLIMATE RECORD PERIOD 1934 TO 2016


WEATHER ITEM   OBSERVED TIME   RECORD YEAR NORMAL DEPARTURE LAST
                VALUE   (LST)  VALUE       VALUE  FROM      YEAR
                                                  NORMAL
..................................................................
TEMPERATURE (F)
 TODAY
  MAXIMUM         87    355 PM  96    1988  85      2       92
  MINIMUM         66    534 AM  50    1947  62      4       70
  AVERAGE         77                        73      4       81

PRECIPITATION (IN)
  TODAY            0.04          1.46 1957   0.13  -0.09     0.00
  MONTH TO DATE    1.62                      3.08  -1.46     1.83
  SINCE JUN 1      1.62                      3.08  -1.46     1.83
  SINCE JAN 1     17.53                     20.47  -2.94    16.74

SNOWFALL (IN)
  TODAY            0.0                       0.0    0.0      0.0
  MONTH TO DATE    0.0                       0.0    0.0      0.0
  SINCE JUN 1      0.0                       0.0    0.0      0.0
  SINCE JUL 1     18.4                      13.3    5.1     15.5
  SNOW DEPTH       0

DEGREE DAYS
 HEATING
  TODAY            0                         0      0        0
  MONTH TO DATE    0                         9     -9        0
  SINCE JUN 1      0                         9     -9        0
  SINCE JUL 1   3545                      4372   -827     4376

 COOLING
  TODAY           12                         8      4       16
  MONTH TO DATE  211                       152     59      259
  SINCE JUN 1    211                       152     59      259
  SINCE JAN 1    307                       225     82      425
..................................................................


WIND (MPH)
  HIGHEST WIND SPEED    15   HIGHEST WIND DIRECTION     W (260)
  HIGHEST GUST SPEED    25   HIGHEST GUST DIRECTION    SW (240)
  AVERAGE WIND SPEED     5.0


SKY COVER
  POSSIBLE SUNSHINE  MM
  AVERAGE SKY COVER 0.9


WEATHER CONDITIONS
 THE FOLLOWING WEATHER WAS RECORDED TODAY.
  LIGHT RAIN
  FOG


RELATIVE HUMIDITY (PERCENT)
 HIGHEST   100           400 AM
 LOWEST     50           400 PM
 AVERAGE    75

..........................................................


THE TRI-CITIES      ASOS CLIMATE NORMALS FOR TOMORROW
                         NORMAL    RECORD    YEAR
 MAXIMUM TEMPERATURE (F)   85        97      1952
 MINIMUM TEMPERATURE (F)   62        51      1972


SUNRISE AND SUNSET
JUNE 24 2016..........SUNRISE   613 AM EDT   SUNSET   852 PM EDT
JUNE 25 2016..........SUNRISE   613 AM EDT   SUNSET   852 PM EDT


-  INDICATES NEGATIVE NUMBERS.
R  INDICATES RECORD WAS SET OR TIED.
MM INDICATES DATA IS MISSING.
T  INDICATES TRACE AMOUNT.




$$
