000
CDUS44 KMRX 032114 RRA
CLITRI

CLIMATE REPORT
NATIONAL WEATHER SERVICE MORRISTOWN TN
514 PM EDT SUN MAY 3 2015


...................................

...THE TRI-CITIES CLIMATE SUMMARY FOR MAY 3 2015...
VALID TODAY AS OF 0500 PM LOCAL TIME.

CLIMATE NORMAL PERIOD 1981 TO 2010
CLIMATE RECORD PERIOD 1934 TO 2015


WEATHER ITEM   OBSERVED TIME   RECORD YEAR NORMAL DEPARTURE LAST
                VALUE   (LST)  VALUE       VALUE  FROM      YEAR
                                                  NORMAL
..................................................................
TEMPERATURE (F)
 TODAY
  MAXIMUM         79    351 PM  89    1942  73      6       72
  MINIMUM         39    536 AM  32    2005  47     -8       44
  AVERAGE         59                        60     -1       58

PRECIPITATION (IN)
  TODAY            0.00          1.08 2010   0.12  -0.12     0.00
  MONTH TO DATE    T                         0.35  -0.35      T
  SINCE MAR 1      8.88                      7.12   1.76     4.74
  SINCE JAN 1     14.21                     13.94   0.27     9.80

SNOWFALL (IN)
  TODAY            0.0                       0.0    0.0      0.0
  MONTH TO DATE    0.0                       0.0    0.0      0.0
  SINCE MAR 1      T                         2.5   -2.5      0.7
  SINCE JUL 1     15.5                      13.3    2.2     13.0
  SNOW DEPTH       0

DEGREE DAYS
 HEATING
  TODAY            6                         6      0        7
  MONTH TO DATE   28                        18     10       27
  SINCE MAR 1    736                       890   -154      862
  SINCE JUL 1   4363                      4272     91     4357

 COOLING
  TODAY            0                         1     -1        0
  MONTH TO DATE    0                         3     -3        0
  SINCE MAR 1     10                        14     -4       21
  SINCE JAN 1     10                        14     -4       21
..................................................................


WIND (MPH)
  HIGHEST WIND SPEED    14   HIGHEST WIND DIRECTION     W (260)
  HIGHEST GUST SPEED    17   HIGHEST GUST DIRECTION     W (250)
  AVERAGE WIND SPEED     2.3


SKY COVER
  POSSIBLE SUNSHINE  MM
  AVERAGE SKY COVER 0.2


WEATHER CONDITIONS
 THE FOLLOWING WEATHER WAS RECORDED TODAY.
  NO SIGNIFICANT WEATHER WAS OBSERVED.


RELATIVE HUMIDITY (PERCENT)
 HIGHEST    89           200 AM
 LOWEST     25          1200 PM
 AVERAGE    57

..........................................................


THE TRI-CITIES CLIMATE NORMALS FOR TOMORROW
                         NORMAL    RECORD    YEAR
 MAXIMUM TEMPERATURE (F)   73        88      1938
 MINIMUM TEMPERATURE (F)   48        30      1986


SUNRISE AND SUNSET
MAY  3 2015...........SUNRISE   634 AM EDT   SUNSET   819 PM EDT
MAY  4 2015...........SUNRISE   633 AM EDT   SUNSET   820 PM EDT


-  INDICATES NEGATIVE NUMBERS.
R  INDICATES RECORD WAS SET OR TIED.
MM INDICATES DATA IS MISSING.
T  INDICATES TRACE AMOUNT.




$$
