000
CDUS44 KMRX 302113
CLITRI


CLIMATE REPORT
NATIONAL WEATHER SERVICE MORRISTOWN TN
513 PM EDT SUN AUG 30 2015


...................................

...THE TRI-CITIES      ASOS CLIMATE SUMMARY FOR AUGUST 30 2015...
VALID TODAY AS OF 0500 PM LOCAL TIME.

CLIMATE NORMAL PERIOD 1981 TO 2010
CLIMATE RECORD PERIOD 1934 TO 2015


WEATHER ITEM   OBSERVED TIME   RECORD YEAR NORMAL DEPARTURE LAST
                VALUE   (LST)  VALUE       VALUE  FROM      YEAR
                                                  NORMAL
..................................................................
TEMPERATURE (F)
 TODAY
  MAXIMUM         84    232 PM  95    1953  84      0       92
  MINIMUM         64    226 AM  46    1986  61      3       64
  AVERAGE         74                        72      2       78

PRECIPITATION (IN)
  TODAY            0.00          2.26 1940   0.10  -0.10     0.00
  MONTH TO DATE    6.00                      3.37   2.63     3.60
  SINCE JUN 1     14.24                     11.96   2.28    12.43
  SINCE JAN 1     29.15                     29.35  -0.20    24.43

SNOWFALL (IN)
  TODAY            0.0                       0.0    0.0      0.0
  MONTH TO DATE    0.0                       0.0    0.0      0.0
  SINCE JUN 1      0.0                       0.0    0.0      0.0
  SINCE JUL 1      0.0                       0.0    0.0      0.0
  SNOW DEPTH       0

DEGREE DAYS
 HEATING
  TODAY            0                         0      0        0
  MONTH TO DATE    0                         0      0        0
  SINCE JUN 1      0                        11    -11        0
  SINCE JUL 1      0                         0      0        0

 COOLING
  TODAY            9                         7      2       13
  MONTH TO DATE  280                       264     16      258
  SINCE JUN 1    957                       769    188      812
  SINCE JAN 1   1123                       842    281      946
..................................................................


WIND (MPH)
  HIGHEST WIND SPEED     7   HIGHEST WIND DIRECTION     E (100)
  HIGHEST GUST SPEED    10   HIGHEST GUST DIRECTION     E (100)
  AVERAGE WIND SPEED     0.7


SKY COVER
  POSSIBLE SUNSHINE  MM
  AVERAGE SKY COVER 1.0


WEATHER CONDITIONS
 THE FOLLOWING WEATHER WAS RECORDED TODAY.
  FOG


RELATIVE HUMIDITY (PERCENT)
 HIGHEST    93          1200 AM
 LOWEST     51           300 PM
 AVERAGE    72

..........................................................


THE TRI-CITIES      ASOS CLIMATE NORMALS FOR TOMORROW
                         NORMAL    RECORD    YEAR
 MAXIMUM TEMPERATURE (F)   84        98      1953
 MINIMUM TEMPERATURE (F)   60        47      1946


SUNRISE AND SUNSET
AUGUST 30 2015........SUNRISE   659 AM EDT   SUNSET   801 PM EDT
AUGUST 31 2015........SUNRISE   700 AM EDT   SUNSET   759 PM EDT


-  INDICATES NEGATIVE NUMBERS.
R  INDICATES RECORD WAS SET OR TIED.
MM INDICATES DATA IS MISSING.
T  INDICATES TRACE AMOUNT.




$$
