000
CDUS44 KMRX 240824
CLITRI

CLIMATE REPORT
NATIONAL WEATHER SERVICE MORRISTOWN TN

422 AM EDT SUN MAY 24 2015


...................................

...THE TRI-CITIES CLIMATE SUMMARY FOR MAY 23 2015...

CLIMATE NORMAL PERIOD 1981 TO 2010
CLIMATE RECORD PERIOD 1934 TO 2015


WEATHER ITEM   OBSERVED TIME   RECORD YEAR NORMAL DEPARTURE LAST
                VALUE   (LST)  VALUE       VALUE  FROM      YEAR
                                                  NORMAL
..................................................................
TEMPERATURE (F)
 YESTERDAY
  MAXIMUM         81    350 PM  91    1953  78      3       80
  MINIMUM         44    516 AM  37    2002  53     -9       55
  AVERAGE         63                        65     -2       68

PRECIPITATION (IN)
  YESTERDAY        0.00          0.90 1973   0.12  -0.12     0.07
  MONTH TO DATE    0.67                      2.79  -2.12     1.83
  SINCE MAR 1      9.55                      9.56  -0.01     6.57
  SINCE JAN 1     14.88                     16.38  -1.50    11.63

SNOWFALL (IN)
  YESTERDAY        0.0                       0.0    0.0      0.0
  MONTH TO DATE    0.0                       0.0    0.0      0.0
  SINCE MAR 1      T                         2.5   -2.5      0.7
  SINCE JUL 1     15.5                      13.3    2.2     13.0
  SNOW DEPTH       0

DEGREE DAYS
 HEATING
  YESTERDAY        2                         2      0        0
  MONTH TO DATE   41                        95    -54       77
  SINCE MAR 1    749                       967   -218      912
  SINCE JUL 1   4376                      4349     27     4407

 COOLING
  YESTERDAY        0                         3     -3        3
  MONTH TO DATE   89                        37     52       66
  SINCE MAR 1     99                        48     51       87
  SINCE JAN 1     99                        48     51       87
..................................................................


WIND (MPH)
  HIGHEST WIND SPEED    14   HIGHEST WIND DIRECTION     S (190)
  HIGHEST GUST SPEED    17   HIGHEST GUST DIRECTION     S (190)
  AVERAGE WIND SPEED     2.7


SKY COVER
  POSSIBLE SUNSHINE  MM
  AVERAGE SKY COVER 0.3


WEATHER CONDITIONS
 THE FOLLOWING WEATHER WAS RECORDED YESTERDAY.
  NO SIGNIFICANT WEATHER WAS OBSERVED.


RELATIVE HUMIDITY (PERCENT)
 HIGHEST   100           500 AM
 LOWEST     26           400 PM
 AVERAGE    63

..........................................................


THE TRI-CITIES CLIMATE NORMALS FOR TODAY
NORMAL    RECORD    YEAR                     MAXIMUM TEMPERATURE (F)
  78        88      1970
                    1953                     MINIMUM TEMPERATURE (F)
  53        40      2006
                    1961


SUNRISE AND SUNSET
MAY 24 2015...........SUNRISE   617 AM EDT   SUNSET   837 PM EDT
MAY 25 2015...........SUNRISE   616 AM EDT   SUNSET   837 PM EDT


-  INDICATES NEGATIVE NUMBERS.
R  INDICATES RECORD WAS SET OR TIED.
MM INDICATES DATA IS MISSING.
T  INDICATES TRACE AMOUNT.




$$
