000
CDUS44 KMRX 152115 RRB
CLITRI

CLIMATE REPORT
NATIONAL WEATHER SERVICE MORRISTOWN TN
514 PM EDT TUE APR 15 2014


...................................

...THE TRI-CITIES CLIMATE SUMMARY FOR APRIL 15 2014...
VALID TODAY AS OF 0500 PM LOCAL TIME.

CLIMATE NORMAL PERIOD 1981 TO 2010
CLIMATE RECORD PERIOD 1934 TO 2014


WEATHER ITEM   OBSERVED TIME   RECORD YEAR NORMAL DEPARTURE LAST
                VALUE   (LST)  VALUE       VALUE  FROM      YEAR
                                                  NORMAL
..................................................................
TEMPERATURE (F)
 TODAY
  MAXIMUM         63    152 AM  85    1945  68     -5       76
  MINIMUM         35    131 PM  25    1943  42     -7       53
  AVERAGE         49                        55     -6       65

PRECIPITATION (IN)
  TODAY            0.31          2.32 1956   0.11   0.20      T
  MONTH TO DATE    1.63                      1.64  -0.01     2.06
  SINCE MAR 1      3.90                      5.08  -1.18     6.68
  SINCE JAN 1      8.96                     11.90  -2.94    18.53

SNOWFALL (IN)
  TODAY            T                         0.0    0.0      0.0
  MONTH TO DATE    T                         0.7   -0.7      0.0
  SINCE MAR 1      0.7                       2.1   -1.4      1.5
  SINCE JUL 1     13.0                      12.9    0.1      9.2
  SNOW DEPTH       0

DEGREE DAYS
 HEATING
  TODAY           16                        10      6        0
  MONTH TO DATE  114                       182    -68      162
  SINCE MAR 1    730                       750    -20      908
  SINCE JUL 1   4225                      4132     93     4077

 COOLING
  TODAY            0                         0      0        0
  MONTH TO DATE    6                         0      6        5
  SINCE MAR 1      6                         1      5        5
  SINCE JAN 1      6                         1      5        5
..................................................................


WIND (MPH)
  HIGHEST WIND SPEED    17   HIGHEST WIND DIRECTION    NW (300)
  HIGHEST GUST SPEED    26   HIGHEST GUST DIRECTION    NW (300)
  AVERAGE WIND SPEED     7.8


SKY COVER
  POSSIBLE SUNSHINE  MM
  AVERAGE SKY COVER  MM


WEATHER CONDITIONS
 THE FOLLOWING WEATHER WAS RECORDED TODAY.
  RAIN
  LIGHT RAIN
  SNOW
  LIGHT SNOW
  FOG
  HAZE


RELATIVE HUMIDITY (PERCENT)
 HIGHEST    90           400 AM
 LOWEST     72          1200 AM
 AVERAGE    81

..........................................................


THE TRI-CITIES CLIMATE NORMALS FOR TOMORROW
                         NORMAL    RECORD    YEAR
 MAXIMUM TEMPERATURE (F)   68        87      2002
 MINIMUM TEMPERATURE (F)   43        27      2008
                                             1950


SUNRISE AND SUNSET
APRIL 15 2014.........SUNRISE   656 AM EDT   SUNSET   804 PM EDT
APRIL 16 2014.........SUNRISE   655 AM EDT   SUNSET   805 PM EDT


-  INDICATES NEGATIVE NUMBERS.
R  INDICATES RECORD WAS SET OR TIED.
MM INDICATES DATA IS MISSING.
T  INDICATES TRACE AMOUNT.




$$
