000
CDUS44 KMRX 232227 RRA
CLITRI

CLIMATE REPORT
NATIONAL WEATHER SERVICE MORRISTOWN TN
525 PM EST SUN NOV 23 2014


...................................

...THE TRI-CITIES CLIMATE SUMMARY FOR NOVEMBER 23 2014...
VALID TODAY AS OF 500 PM LOCAL TIME.

CLIMATE NORMAL PERIOD 1981 TO 2010
CLIMATE RECORD PERIOD 1934 TO 2014


WEATHER ITEM   OBSERVED TIME   RECORD YEAR NORMAL DEPARTURE LAST
                VALUE   (LST)  VALUE       VALUE  FROM      YEAR
                                                  NORMAL
..................................................................
TEMPERATURE (F)
 TODAY
  MAXIMUM         57    359 PM  73    1983  56      1       55
  MINIMUM         32    343 AM  13    1937  33     -1       30
  AVERAGE         45                        44      1       43

PRECIPITATION (IN)
  TODAY            0.12          1.23 1961   0.11   0.01     0.00
  MONTH TO DATE    1.77                      2.30  -0.53     1.44
  SINCE SEP 1      9.39                      7.39   2.00     3.97
  SINCE JAN 1     34.43                     36.84  -2.41    48.84

SNOWFALL (IN)
  TODAY            0.0                       0.0    0.0      0.0
  MONTH TO DATE    1.1                       0.1    1.0      0.0
  SINCE SEP 1      1.1                       0.2    0.9       T
  SINCE JUL 1      1.1                       0.2    0.9       T
  SNOW DEPTH       0

DEGREE DAYS
 HEATING
  TODAY           20                        21     -1       22
  MONTH TO DATE  572                       395    177      420
  SINCE SEP 1    834                       729    105      661
  SINCE JUL 1    834                       730    104      661

 COOLING
  TODAY            0                         0      0        0
  MONTH TO DATE    0                         0      0        0
  SINCE SEP 1    184                       128     56      145
  SINCE JAN 1   1141                       980    161     1003
..................................................................


WIND (MPH)
  HIGHEST WIND SPEED    15   HIGHEST WIND DIRECTION     E (100)
  HIGHEST GUST SPEED    20   HIGHEST GUST DIRECTION    SE (120)
  AVERAGE WIND SPEED     2.5


SKY COVER
  POSSIBLE SUNSHINE  MM
  AVERAGE SKY COVER  MM


WEATHER CONDITIONS
 THE FOLLOWING WEATHER WAS RECORDED TODAY.
  LIGHT RAIN


RELATIVE HUMIDITY (PERCENT)
 HIGHEST    86           200 PM
 LOWEST     70          1200 AM
 AVERAGE    78

..........................................................


THE TRI-CITIES      ASOS CLIMATE NORMALS FOR TOMORROW
                         NORMAL    RECORD    YEAR
 MAXIMUM TEMPERATURE (F)   55        74      1973
 MINIMUM TEMPERATURE (F)   32         9      1950


SUNRISE AND SUNSET
NOVEMBER 23 2014......SUNRISE   715 AM EST   SUNSET   517 PM EST
NOVEMBER 24 2014......SUNRISE   716 AM EST   SUNSET   516 PM EST


-  INDICATES NEGATIVE NUMBERS.
R  INDICATES RECORD WAS SET OR TIED.
MM INDICATES DATA IS MISSING.
T  INDICATES TRACE AMOUNT.




$$
