000
CDUS44 KMRX 250814
CLITRI


CLIMATE REPORT
NATIONAL WEATHER SERVICE MORRISTOWN TN
414 AM EDT THU MAY 25 2017


...................................

...THE TRI-CITIES      ASOS CLIMATE SUMMARY FOR MAY 24 2017...

CLIMATE NORMAL PERIOD 1981 TO 2010
CLIMATE RECORD PERIOD 1934 TO 2017


WEATHER ITEM   OBSERVED TIME   RECORD YEAR NORMAL DEPARTURE LAST
                VALUE   (LST)  VALUE       VALUE  FROM      YEAR
                                                  NORMAL
..................................................................
TEMPERATURE (F)
 YESTERDAY
  MAXIMUM         76   1130 AM  88    1970  78     -2       79
                                      1953
  MINIMUM         57   1120 PM  40    2006  53      4       47
                                      1961
  AVERAGE         67                        66      1       63

PRECIPITATION (IN)
  YESTERDAY        1.13          1.28 1938   0.13   1.00     0.00
  MONTH TO DATE    6.29                      2.92   3.37     3.58
  SINCE MAR 1     16.02                      9.69   6.33     8.11
  SINCE JAN 1     20.70                     16.51   4.19    15.51

SNOWFALL (IN)
  YESTERDAY        0.0                       0.0    0.0      0.0
  MONTH TO DATE    0.0                       0.0    0.0      0.0
  SINCE MAR 1      0.3                       2.5   -2.2       T
  SINCE JUL 1      4.3                      13.3   -9.0     18.4
  SNOW DEPTH       0

DEGREE DAYS
 HEATING
  YESTERDAY        0                         2     -2        2
  MONTH TO DATE   68                        97    -29       91
  SINCE MAR 1    733                       969   -236      725
  SINCE JUL 1   3300                      4351  -1051     3545

 COOLING
  YESTERDAY        2                         3     -1        0
  MONTH TO DATE   66                        40     26       28
  SINCE MAR 1     98                        51     47       54
  SINCE JAN 1     98                        51     47       54
..................................................................


WIND (MPH)
  HIGHEST WIND SPEED    23   HIGHEST WIND DIRECTION     W (260)
  HIGHEST GUST SPEED    33   HIGHEST GUST DIRECTION     S (200)
  AVERAGE WIND SPEED     3.3


SKY COVER
  POSSIBLE SUNSHINE  MM
  AVERAGE SKY COVER 0.8


WEATHER CONDITIONS
 THE FOLLOWING WEATHER WAS RECORDED YESTERDAY.
  THUNDERSTORM
  HEAVY RAIN
  RAIN
  LIGHT RAIN
  FOG


RELATIVE HUMIDITY (PERCENT)
 HIGHEST   100          1200 AM
 LOWEST     61          1200 PM
 AVERAGE    81

..........................................................


THE TRI-CITIES      ASOS CLIMATE NORMALS FOR TODAY
                         NORMAL    RECORD    YEAR
 MAXIMUM TEMPERATURE (F)   78        90      1953
 MINIMUM TEMPERATURE (F)   54        40      2013


SUNRISE AND SUNSET
MAY 25 2017...........SUNRISE   616 AM EDT   SUNSET   838 PM EDT
MAY 26 2017...........SUNRISE   615 AM EDT   SUNSET   838 PM EDT


-  INDICATES NEGATIVE NUMBERS.
R  INDICATES RECORD WAS SET OR TIED.
MM INDICATES DATA IS MISSING.
T  INDICATES TRACE AMOUNT.




$$
