557
CDUS44 KMRX 010814
CLITYS


CLIMATE REPORT
NATIONAL WEATHER SERVICE MORRISTOWN TN
413 AM EDT SAT OCT 1 2016


...................................

...THE KNOXVILLE    ASOS CLIMATE SUMMARY FOR SEPTEMBER 30 2016...

CLIMATE NORMAL PERIOD 1981 TO 2010
CLIMATE RECORD PERIOD 1871 TO 2016


WEATHER ITEM   OBSERVED TIME   RECORD YEAR NORMAL DEPARTURE LAST
                VALUE   (LST)  VALUE       VALUE  FROM      YEAR
                                                  NORMAL
..................................................................
TEMPERATURE (F)
 YESTERDAY
  MAXIMUM         72    411 PM  91    1941  77     -5       81
  MINIMUM         49    530 AM  35    1888  55     -6       65
  AVERAGE         61                        66     -5       73

PRECIPITATION (IN)
  YESTERDAY        0.00          1.99 1915   0.11  -0.11      T
  MONTH TO DATE    1.42                      3.24  -1.82     1.58
  SINCE SEP 1      1.42                      3.24  -1.82     1.58
  SINCE JAN 1     32.24                     36.84  -4.60    34.50

SNOWFALL (IN)
  YESTERDAY        0.0                       0.0    0.0      0.0
  MONTH TO DATE    0.0                       0.0    0.0      0.0
  SINCE SEP 1      0.0                       0.0    0.0      0.0
  SINCE JUL 1      0.0                       0.0    0.0      0.0
  SNOW DEPTH       0

DEGREE DAYS
 HEATING
  YESTERDAY        4                         2      2        0
  MONTH TO DATE    4                        21    -17       10
  SINCE SEP 1      4                        23    -19       10
  SINCE JUL 1      4                        23    -19       10

 COOLING
  YESTERDAY        0                         3     -3        8
  MONTH TO DATE  362                       206    156      235
  SINCE SEP 1    362                       206    156      235
  SINCE JAN 1   2012                      1487    525     1657
..................................................................


WIND (MPH)
  HIGHEST WIND SPEED    14   HIGHEST WIND DIRECTION    SW (240)
  HIGHEST GUST SPEED    17   HIGHEST GUST DIRECTION    SW (240)
  AVERAGE WIND SPEED     5.1


SKY COVER
  POSSIBLE SUNSHINE  MM
  AVERAGE SKY COVER 0.3


WEATHER CONDITIONS
 THE FOLLOWING WEATHER WAS RECORDED YESTERDAY.
  NO SIGNIFICANT WEATHER WAS OBSERVED.


RELATIVE HUMIDITY (PERCENT)
 HIGHEST    89           700 AM
 LOWEST     35           400 PM
 AVERAGE    62

..........................................................


THE KNOXVILLE    ASOS CLIMATE NORMALS FOR TODAY
                         NORMAL    RECORD    YEAR
 MAXIMUM TEMPERATURE (F)   76        92      1884
 MINIMUM TEMPERATURE (F)   54        36      1924
                                             1895
                                             1876


SUNRISE AND SUNSET
OCTOBER  1 2016.......SUNRISE   731 AM EDT   SUNSET   719 PM EDT
OCTOBER  2 2016.......SUNRISE   732 AM EDT   SUNSET   717 PM EDT


-  INDICATES NEGATIVE NUMBERS.
R  INDICATES RECORD WAS SET OR TIED.
MM INDICATES DATA IS MISSING.
T  INDICATES TRACE AMOUNT.




$$
