000
CDUS44 KMRX 170850
CLITYS


CLIMATE REPORT
NATIONAL WEATHER SERVICE MORRISTOWN TN
450 AM EDT TUE OCT 17 2017


...................................

...THE KNOXVILLE    ASOS CLIMATE SUMMARY FOR OCTOBER 16 2017...

CLIMATE NORMAL PERIOD 1981 TO 2010
CLIMATE RECORD PERIOD 1871 TO 2017


WEATHER ITEM   OBSERVED TIME   RECORD YEAR NORMAL DEPARTURE LAST
                VALUE   (LST)  VALUE       VALUE  FROM      YEAR
                                                  NORMAL
..................................................................
TEMPERATURE (F)
 YESTERDAY
  MAXIMUM         64    320 PM  87    1897  71     -7       82
  MINIMUM         48   1159 PM  25    1876  48      0       63
  AVERAGE         56                        60     -4       73

PRECIPITATION (IN)
  YESTERDAY        0.08          1.98 1932   0.07   0.01     0.00
  MONTH TO DATE    2.76                      1.26   1.50      T
  SINCE SEP 1      5.19                      4.50   0.69     1.42
  SINCE JAN 1     42.71                     38.10   4.61    32.24

SNOWFALL (IN)
  YESTERDAY        0.0                       0.0    0.0      0.0
  MONTH TO DATE    0.0                       0.0    0.0      0.0
  SINCE SEP 1      0.0                       0.0    0.0      0.0
  SINCE JUL 1      0.0                       0.0    0.0      0.0
  SNOW DEPTH       0

DEGREE DAYS
 HEATING
  YESTERDAY        9                         6      3        0
  MONTH TO DATE   13                        69    -56       12
  SINCE SEP 1     28                        92    -64       16
  SINCE JUL 1     28                        92    -64       16

 COOLING
  YESTERDAY        0                         1     -1        8
  MONTH TO DATE   89                        27     62       50
  SINCE SEP 1    264                       233     31      412
  SINCE JAN 1   1552                      1514     38     2062
..................................................................


WIND (MPH)
  HIGHEST WIND SPEED    18   HIGHEST WIND DIRECTION    NE (30)
  HIGHEST GUST SPEED    23   HIGHEST GUST DIRECTION    NE (30)
  AVERAGE WIND SPEED     9.4


SKY COVER
  POSSIBLE SUNSHINE  MM
  AVERAGE SKY COVER 0.6


WEATHER CONDITIONS
 THE FOLLOWING WEATHER WAS RECORDED YESTERDAY.
  RAIN
  LIGHT RAIN


RELATIVE HUMIDITY (PERCENT)
 HIGHEST   100          1200 AM
 LOWEST     48           500 PM
 AVERAGE    74

..........................................................


THE KNOXVILLE    ASOS CLIMATE NORMALS FOR TODAY
                         NORMAL    RECORD    YEAR
 MAXIMUM TEMPERATURE (F)   71        85      2007
                                             1897
                                             1881
 MINIMUM TEMPERATURE (F)   48        25      1876


SUNRISE AND SUNSET
OCTOBER 17 2017.......SUNRISE   745 AM EDT   SUNSET   657 PM EDT
OCTOBER 18 2017.......SUNRISE   745 AM EDT   SUNSET   656 PM EDT


-  INDICATES NEGATIVE NUMBERS.
R  INDICATES RECORD WAS SET OR TIED.
MM INDICATES DATA IS MISSING.
T  INDICATES TRACE AMOUNT.




$$
