000
CDUS44 KMRX 240821
CLITYS


CLIMATE REPORT
NATIONAL WEATHER SERVICE MORRISTOWN TN
421 AM EDT WED MAY 24 2017


...................................

...THE KNOXVILLE    ASOS CLIMATE SUMMARY FOR MAY 23 2017...

CLIMATE NORMAL PERIOD 1981 TO 2010
CLIMATE RECORD PERIOD 1871 TO 2017


WEATHER ITEM   OBSERVED TIME   RECORD YEAR NORMAL DEPARTURE LAST
                VALUE   (LST)  VALUE       VALUE  FROM      YEAR
                                                  NORMAL
..................................................................
TEMPERATURE (F)
 YESTERDAY
  MAXIMUM         72    600 PM  92    1903  80     -8       77
  MINIMUM         61   1057 PM  40    1889  58      3       52
  AVERAGE         67                        69     -2       65

PRECIPITATION (IN)
  YESTERDAY        0.95          2.30 1979   0.13   0.82     0.00
  MONTH TO DATE    3.18                      3.42  -0.24     2.68
  SINCE MAR 1     16.52                     11.77   4.75     8.00
  SINCE JAN 1     22.46                     20.35   2.11    17.88

SNOWFALL (IN)
  YESTERDAY        0.0                       0.0    0.0      0.0
  MONTH TO DATE    0.0                       0.0    0.0      0.0
  SINCE MAR 1      T                         1.4   -1.4      0.0
  SINCE JUL 1      2.3                       6.5   -4.2      5.2
  SNOW DEPTH       0

DEGREE DAYS
 HEATING
  YESTERDAY        0                         1     -1        0
  MONTH TO DATE   46                        52     -6       52
  SINCE MAR 1    526                       731   -205      522
  SINCE JUL 1   2585                      3627  -1042     2955

 COOLING
  YESTERDAY        2                         5     -3        0
  MONTH TO DATE  118                        76     42       69
  SINCE MAR 1    214                       113    101      142
  SINCE JAN 1    214                       113    101      142
..................................................................


WIND (MPH)
  HIGHEST WIND SPEED    16   HIGHEST WIND DIRECTION     S (180)
  HIGHEST GUST SPEED    17   HIGHEST GUST DIRECTION     S (180)
  AVERAGE WIND SPEED     4.3


SKY COVER
  POSSIBLE SUNSHINE  MM
  AVERAGE SKY COVER 1.0


WEATHER CONDITIONS
 THE FOLLOWING WEATHER WAS RECORDED YESTERDAY.
  THUNDERSTORM
  HEAVY RAIN
  RAIN
  LIGHT RAIN
  FOG


RELATIVE HUMIDITY (PERCENT)
 HIGHEST    93           400 AM
 LOWEST     73           400 PM
 AVERAGE    83

..........................................................


THE KNOXVILLE    ASOS CLIMATE NORMALS FOR TODAY
                         NORMAL    RECORD    YEAR
 MAXIMUM TEMPERATURE (F)   80        92      1904
 MINIMUM TEMPERATURE (F)   59        37      1883


SUNRISE AND SUNSET
MAY 24 2017...........SUNRISE   624 AM EDT   SUNSET   842 PM EDT
MAY 25 2017...........SUNRISE   624 AM EDT   SUNSET   842 PM EDT


-  INDICATES NEGATIVE NUMBERS.
R  INDICATES RECORD WAS SET OR TIED.
MM INDICATES DATA IS MISSING.
T  INDICATES TRACE AMOUNT.




$$
