000
CDUS44 KMRX 251245
CLITYS

CLIMATE REPORT
NATIONAL WEATHER SERVICE MORRISTOWN TN
844 AM EDT FRI JUL 25 2014


...................................

...THE KNOXVILLE    ASOS CLIMATE SUMMARY FOR JULY 24 2014...

CLIMATE NORMAL PERIOD 1981 TO 2010
CLIMATE RECORD PERIOD 1871 TO 2014


WEATHER ITEM   OBSERVED TIME   RECORD YEAR NORMAL DEPARTURE LAST
                VALUE   (LST)  VALUE       VALUE  FROM      YEAR
                                                  NORMAL
..................................................................
TEMPERATURE (F)
 YESTERDAY
  MAXIMUM         85    408 PM 101    1934  88     -3       85
  MINIMUM         66   1159 PM  57    1947  69     -3       71
  AVERAGE         76                        78     -2       78

PRECIPITATION (IN)
  YESTERDAY        0.24          2.10 1890   0.17   0.07     0.05
  MONTH TO DATE    3.49                      4.04  -0.55     6.69
  SINCE JUN 1      8.04                      7.85   0.19    16.07
  SINCE JAN 1     24.07                     29.29  -5.22    47.49

SNOWFALL (IN)
  YESTERDAY        0.0                       0.0    0.0      0.0
  MONTH TO DATE    0.0                       0.0    0.0      0.0
  SINCE JUN 1      0.0                       0.0    0.0      0.0
  SINCE JUL 1      0.0                       0.0    0.0      0.0
  SNOW DEPTH       0

DEGREE DAYS
 HEATING
  YESTERDAY        0                         0      0        0
  MONTH TO DATE    0                         0      0        0
  SINCE JUN 1      0                         4     -4        0
  SINCE JUL 1      0                         0      0        0

 COOLING
  YESTERDAY       11                        14     -3       13
  MONTH TO DATE  265                       326    -61      292
  SINCE JUN 1    595                       631    -36      612
  SINCE JAN 1    800                       793      7      768
..................................................................


WIND (MPH)
  HIGHEST WIND SPEED    18   HIGHEST WIND DIRECTION    NW (300)
  HIGHEST GUST SPEED    23   HIGHEST GUST DIRECTION    NW (310)
  AVERAGE WIND SPEED     6.8


SKY COVER
  POSSIBLE SUNSHINE  MM
  AVERAGE SKY COVER  MM


WEATHER CONDITIONS
 THE FOLLOWING WEATHER WAS RECORDED YESTERDAY.
  THUNDERSTORM
  HEAVY RAIN
  RAIN
  LIGHT RAIN
  FOG


RELATIVE HUMIDITY (PERCENT)
 HIGHEST    93           400 AM
 LOWEST     55           400 PM
 AVERAGE    74

..........................................................


THE KNOXVILLE    ASOS CLIMATE NORMALS FOR TODAY
                         NORMAL    RECORD    YEAR
 MAXIMUM TEMPERATURE (F)   88       101      1934
 MINIMUM TEMPERATURE (F)   69        54      1876


SUNRISE AND SUNSET
JULY 25 2014..........SUNRISE   638 AM EDT   SUNSET   846 PM EDT
JULY 26 2014..........SUNRISE   639 AM EDT   SUNSET   845 PM EDT


-  INDICATES NEGATIVE NUMBERS.
R  INDICATES RECORD WAS SET OR TIED.
MM INDICATES DATA IS MISSING.
T  INDICATES TRACE AMOUNT.

&&

THE LOW TEMPERATURE THIS MORNING WAS 63.
THERE HAS BEEN NO PRECIPITATION SINCE MIDNIGHT.

$$
