000
CDUS44 KMRX 300924
CLITYS


CLIMATE REPORT
NATIONAL WEATHER SERVICE MORRISTOWN TN
524 AM EDT MON MAY 30 2016


...................................

...THE KNOXVILLE    ASOS CLIMATE SUMMARY FOR MAY 29 2016...

CLIMATE NORMAL PERIOD 1981 TO 2010
CLIMATE RECORD PERIOD 1871 TO 2016


WEATHER ITEM   OBSERVED TIME   RECORD YEAR NORMAL DEPARTURE LAST
                VALUE   (LST)  VALUE       VALUE  FROM      YEAR
                                                  NORMAL
..................................................................
TEMPERATURE (F)
 YESTERDAY
  MAXIMUM         85    410 PM  95    1941  81      4       85
                                      1914
  MINIMUM         67   1159 PM  45    1902  60      7       65
  AVERAGE         76                        71      5       75

PRECIPITATION (IN)
  YESTERDAY        0.06          1.16 1916   0.14  -0.08     0.60
  MONTH TO DATE    4.04                      4.23  -0.19     1.22
  SINCE MAR 1      9.36                     12.58  -3.22     9.80
  SINCE JAN 1     19.24                     21.16  -1.92    16.94

SNOWFALL (IN)
  YESTERDAY        0.0                       0.0    0.0      0.0
  MONTH TO DATE    0.0                       0.0    0.0      0.0
  SINCE MAR 1      0.0                       1.4   -1.4       T
  SINCE JUL 1      5.2                       6.5   -1.3      9.3
  SNOW DEPTH       0

DEGREE DAYS
 HEATING
  YESTERDAY        0                         1     -1        0
  MONTH TO DATE   52                        58     -6       30
  SINCE MAR 1    522                       737   -215      580
  SINCE JUL 1   2955                      3633   -678     3845

 COOLING
  YESTERDAY       11                         6      5       10
  MONTH TO DATE  116                       111      5      191
  SINCE MAR 1    189                       148     41      216
  SINCE JAN 1    189                       148     41      216
..................................................................


WIND (MPH)
  HIGHEST WIND SPEED    21   HIGHEST WIND DIRECTION    NE (50)
  HIGHEST GUST SPEED    25   HIGHEST GUST DIRECTION    NE (50)
  AVERAGE WIND SPEED     4.7


SKY COVER
  POSSIBLE SUNSHINE  MM
  AVERAGE SKY COVER 0.8


WEATHER CONDITIONS
 THE FOLLOWING WEATHER WAS RECORDED YESTERDAY.
  THUNDERSTORM
  LIGHT RAIN
  FOG


RELATIVE HUMIDITY (PERCENT)
 HIGHEST   100          1100 PM
 LOWEST     55          1200 PM
 AVERAGE    78

..........................................................


THE KNOXVILLE    ASOS CLIMATE NORMALS FOR TODAY
                         NORMAL    RECORD    YEAR
 MAXIMUM TEMPERATURE (F)   82        94      1941
 MINIMUM TEMPERATURE (F)   60        39      1984


SUNRISE AND SUNSET
MAY 30 2016...........SUNRISE   622 AM EDT   SUNSET   846 PM EDT
MAY 31 2016...........SUNRISE   621 AM EDT   SUNSET   846 PM EDT


-  INDICATES NEGATIVE NUMBERS.
R  INDICATES RECORD WAS SET OR TIED.
MM INDICATES DATA IS MISSING.
T  INDICATES TRACE AMOUNT.




$$
