000
CDUS44 KMRX 012132
CLITYS

CLIMATE REPORT
NATIONAL WEATHER SERVICE MORRISTOWN TN
529 PM EDT WED APR 1 2015


...................................

...THE KNOXVILLE CLIMATE SUMMARY FOR APRIL 1 2015...
VALID TODAY AS OF 0500 PM LOCAL TIME.

CLIMATE NORMAL PERIOD 1981 TO 2010
CLIMATE RECORD PERIOD 1871 TO 2015


WEATHER ITEM   OBSERVED TIME   RECORD YEAR NORMAL DEPARTURE LAST
                VALUE   (LST)  VALUE       VALUE  FROM      YEAR
                                                  NORMAL
..................................................................
TEMPERATURE (F)
 TODAY
  MAXIMUM         72    356 PM  85    1963  66      6       79
  MINIMUM         48    622 AM  22    1987  43      5       45
  AVERAGE         60                        55      5       62

PRECIPITATION (IN)
  TODAY            0.00          3.19 1896   0.13  -0.13     0.00
  MONTH TO DATE    0.00                      0.13  -0.13     0.00
  SINCE MAR 1      4.44                      4.47  -0.03     2.42
  SINCE JAN 1     11.58                     13.05  -1.47    10.49

SNOWFALL (IN)
  TODAY            0.0                       0.0    0.0      0.0
  MONTH TO DATE    0.0                       0.0    0.0      0.0
  SINCE MAR 1      T                         0.9   -0.9      0.5
  SINCE JUL 1      9.3                       6.0    3.3     12.4
  SNOW DEPTH       0

DEGREE DAYS
 HEATING
  TODAY            5                        11     -6        3
  MONTH TO DATE    5                        11     -6        3
  SINCE MAR 1    419                       472    -53      536
  SINCE JUL 1   3684                      3368    316     3583

 COOLING
  TODAY            0                         0      0        0
  MONTH TO DATE    0                         0      0        0
  SINCE MAR 1      2                         5     -3        0
  SINCE JAN 1      2                         5     -3        0
..................................................................


WIND (MPH)
  HIGHEST WIND SPEED    14   HIGHEST WIND DIRECTION    NE (50)
  HIGHEST GUST SPEED    19   HIGHEST GUST DIRECTION     N (350)
  AVERAGE WIND SPEED     7.2


SKY COVER
  POSSIBLE SUNSHINE  MM
  AVERAGE SKY COVER 0.3


WEATHER CONDITIONS
 THE FOLLOWING WEATHER WAS RECORDED TODAY.
  NO SIGNIFICANT WEATHER WAS OBSERVED.


RELATIVE HUMIDITY (PERCENT)
 HIGHEST    56           600 AM
 LOWEST     20           400 PM
 AVERAGE    38

..........................................................


THE KNOXVILLE CLIMATE NORMALS FOR TOMORROW
                         NORMAL    RECORD    YEAR
 MAXIMUM TEMPERATURE (F)   67        88      1940
 MINIMUM TEMPERATURE (F)   43        24      1881


SUNRISE AND SUNSET
APRIL  1 2015.........SUNRISE   723 AM EDT   SUNSET   758 PM EDT
APRIL  2 2015.........SUNRISE   721 AM EDT   SUNSET   758 PM EDT


-  INDICATES NEGATIVE NUMBERS.
R  INDICATES RECORD WAS SET OR TIED.
MM INDICATES DATA IS MISSING.
T  INDICATES TRACE AMOUNT.




$$
