000
CDUS44 KMRX 010818
CLITYS

CLIMATE REPORT
NATIONAL WEATHER SERVICE MORRISTOWN TN
414 AM EDT SAT NOV 1 2014


...................................

...THE KNOXVILLE CLIMATE SUMMARY FOR OCTOBER 31 2014...

CLIMATE NORMAL PERIOD 1981 TO 2010
CLIMATE RECORD PERIOD 1871 TO 2014


WEATHER ITEM   OBSERVED TIME   RECORD YEAR NORMAL DEPARTURE LAST
                VALUE   (LST)  VALUE       VALUE  FROM      YEAR
                                                  NORMAL
..................................................................
TEMPERATURE (F)
 YESTERDAY
  MAXIMUM         52    214 PM  84    1950  66    -14       76
  MINIMUM         35   1159 PM  28    1954  44     -9       61
                                      1917
                                      1910
  AVERAGE         44                        55    -11       69

PRECIPITATION (IN)
  YESTERDAY        0.23          1.12 1951   0.09   0.14      T
  MONTH TO DATE    5.88                      2.51   3.37     0.91
  SINCE SEP 1      6.07                      5.75   0.32     5.33
  SINCE JAN 1     35.33                     39.35  -4.02    56.71

SNOWFALL (IN)
  YESTERDAY        0.0                       0.0    0.0      0.0
  MONTH TO DATE    0.0                       0.0    0.0      0.0
  SINCE SEP 1      0.0                       0.0    0.0      0.0
  SINCE JUL 1      0.0                       0.0    0.0      0.0
  SNOW DEPTH       0

DEGREE DAYS
 HEATING
  YESTERDAY       21                        10     11        0
  MONTH TO DATE  177                       194    -17      154
  SINCE SEP 1    178                       219    -41      155
  SINCE JUL 1    178                       219    -41      155

 COOLING
  YESTERDAY        0                         0      0        4
  MONTH TO DATE   36                        36      0       60
  SINCE SEP 1    287                       242     45      258
  SINCE JAN 1   1486                      1523    -37     1445
..................................................................


WIND (MPH)
  HIGHEST WIND SPEED    23   HIGHEST WIND DIRECTION    NW (320)
  HIGHEST GUST SPEED    32   HIGHEST GUST DIRECTION    NW (320)
  AVERAGE WIND SPEED     3.9


SKY COVER
  POSSIBLE SUNSHINE  MM
  AVERAGE SKY COVER  MM


WEATHER CONDITIONS
 THE FOLLOWING WEATHER WAS RECORDED YESTERDAY.
  LIGHT RAIN
  FOG


RELATIVE HUMIDITY (PERCENT)
 HIGHEST    96           900 AM
 LOWEST     68           100 PM
 AVERAGE    82

..........................................................


THE KNOXVILLE    ASOS CLIMATE NORMALS FOR TODAY
                         NORMAL    RECORD    YEAR
 MAXIMUM TEMPERATURE (F)   66        82      1935
 MINIMUM TEMPERATURE (F)   43        23      1874
                                             1873


SUNRISE AND SUNSET
NOVEMBER  1 2014......SUNRISE   758 AM EDT   SUNSET   640 PM EDT
NOVEMBER  2 2014......SUNRISE   659 AM EST   SUNSET   539 PM EST


-  INDICATES NEGATIVE NUMBERS.
R  INDICATES RECORD WAS SET OR TIED.
MM INDICATES DATA IS MISSING.
T  INDICATES TRACE AMOUNT.




$$
