000
CDUS44 KMRX 181252
CLITYS

CLIMATE REPORT
NATIONAL WEATHER SERVICE MORRISTOWN TN
852 AM EDT THU SEP 18 2014


...................................

...THE KNOXVILLE CLIMATE SUMMARY FOR SEPTEMBER 17 2014...

CLIMATE NORMAL PERIOD 1981 TO 2010
CLIMATE RECORD PERIOD 1871 TO 2014


WEATHER ITEM   OBSERVED TIME   RECORD YEAR NORMAL DEPARTURE LAST
                VALUE   (LST)  VALUE       VALUE  FROM      YEAR
                                                  NORMAL
..................................................................
TEMPERATURE (F)
 YESTERDAY
  MAXIMUM         79    424 PM  95    1931  82     -3       79
                                      1927
  MINIMUM         59   1039 PM  45    1985  60     -1       63
  AVERAGE         69                        71     -2       71

PRECIPITATION (IN)
  YESTERDAY        0.00          2.94 2012   0.11  -0.11     0.00
  MONTH TO DATE    0.15                      1.82  -1.67     1.62
  SINCE SEP 1      0.15                      1.82  -1.67     1.62
  SINCE JAN 1     29.41                     35.42  -6.01    53.00

SNOWFALL (IN)
  YESTERDAY        0.0                       0.0    0.0      0.0
  MONTH TO DATE    0.0                       0.0    0.0      0.0
  SINCE SEP 1      0.0                       0.0    0.0      0.0
  SINCE JUL 1      0.0                       0.0    0.0      0.0
  SNOW DEPTH       0

DEGREE DAYS
 HEATING
  YESTERDAY        0                         1     -1        0
  MONTH TO DATE    0                         2     -2        1
  SINCE SEP 1      0                         2     -2        1
  SINCE JUL 1      0                         2     -2        1

 COOLING
  YESTERDAY        4                         6     -2        6
  MONTH TO DATE  184                       148     36      157
  SINCE SEP 1    184                       148     36      157
  SINCE JAN 1   1383                      1429    -46     1344
..................................................................


WIND (MPH)
  HIGHEST WIND SPEED    10   HIGHEST WIND DIRECTION     W (250)
  HIGHEST GUST SPEED    16   HIGHEST GUST DIRECTION     W (290)
  AVERAGE WIND SPEED     4.5


SKY COVER
  POSSIBLE SUNSHINE  MM
  AVERAGE SKY COVER  MM


WEATHER CONDITIONS
 THE FOLLOWING WEATHER WAS RECORDED YESTERDAY.
  HAZE


RELATIVE HUMIDITY (PERCENT)
 HIGHEST    90           200 AM
 LOWEST     39           400 PM
 AVERAGE    65

..........................................................


THE KNOXVILLE CLIMATE NORMALS FOR TODAY
                         NORMAL    RECORD    YEAR
 MAXIMUM TEMPERATURE (F)   81        98      1931
 MINIMUM TEMPERATURE (F)   60        45      1903


SUNRISE AND SUNSET
SEPTEMBER 18 2014.....SUNRISE   721 AM EDT   SUNSET   739 PM EDT
SEPTEMBER 19 2014.....SUNRISE   722 AM EDT   SUNSET   737 PM EDT


-  INDICATES NEGATIVE NUMBERS.
R  INDICATES RECORD WAS SET OR TIED.
MM INDICATES DATA IS MISSING.
T  INDICATES TRACE AMOUNT.

&&


THE LOW TEMPERATURE SINCE MIDNIGHT HAS BEEN 60 DEGREES.
THERE HAS BEEN NO PRECIPITATION SINCE MIDNIGHT.


$$
