000
CDUS44 KMRX 242219
CLITYS

CLIMATE REPORT
NATIONAL WEATHER SERVICE MORRISTOWN TN
516 PM EST MON NOV 24 2014


...................................

...THE KNOXVILLE CLIMATE SUMMARY FOR NOVEMBER 24 2014...
VALID TODAY AS OF 500 PM LOCAL TIME.

CLIMATE NORMAL PERIOD 1981 TO 2010
CLIMATE RECORD PERIOD 1871 TO 2014


WEATHER ITEM   OBSERVED TIME   RECORD YEAR NORMAL DEPARTURE LAST
                VALUE   (LST)  VALUE       VALUE  FROM      YEAR
                                                  NORMAL
..................................................................
TEMPERATURE (F)
 TODAY
  MAXIMUM         70    331 PM  74    1900  57     13       38
  MINIMUM         60    638 AM  12    1950  37     23       25
  AVERAGE         65                        47     18       32

PRECIPITATION (IN)
  TODAY            0.00          1.77 2004   0.15  -0.15     0.00
  MONTH TO DATE    1.84                      3.08  -1.24     1.98
  SINCE SEP 1      7.91                      8.83  -0.92     7.31
  SINCE JAN 1     37.17                     42.43  -5.26    58.69

SNOWFALL (IN)
  TODAY            0.0                       0.0    0.0      0.0
  MONTH TO DATE    T                         0.0    0.0      0.0
  SINCE SEP 1      T                         0.0    0.0      0.0
  SINCE JUL 1      T                         0.0    0.0      0.0
  SNOW DEPTH       0

DEGREE DAYS
 HEATING
  TODAY            0                        18    -18       33
  MONTH TO DATE  516                       346    170      365
  SINCE SEP 1    694                       565    129      520
  SINCE JUL 1    694                       565    129      520

 COOLING
  TODAY            0                         0      0        0
  MONTH TO DATE    0                         0      0        0
  SINCE SEP 1    287                       242     45      258
  SINCE JAN 1   1486                      1523    -37     1445
..................................................................


WIND (MPH)
  HIGHEST WIND SPEED    38   HIGHEST WIND DIRECTION    SW (220)
  HIGHEST GUST SPEED    47   HIGHEST GUST DIRECTION    SW (230)
  AVERAGE WIND SPEED    22.9


SKY COVER
  POSSIBLE SUNSHINE  MM
  AVERAGE SKY COVER  MM


WEATHER CONDITIONS
 THE FOLLOWING WEATHER WAS RECORDED TODAY.
  NO SIGNIFICANT WEATHER WAS OBSERVED.


RELATIVE HUMIDITY (PERCENT)
 HIGHEST    72          1200 AM
 LOWEST     40           400 PM
 AVERAGE    56

..........................................................


THE KNOXVILLE CLIMATE NORMALS FOR TOMORROW
                         NORMAL    RECORD    YEAR
 MAXIMUM TEMPERATURE (F)   57        74      2010
                                             1908
                                             1896
 MINIMUM TEMPERATURE (F)   36         5      1950


SUNRISE AND SUNSET
NOVEMBER 24 2014......SUNRISE   721 AM EST   SUNSET   524 PM EST
NOVEMBER 25 2014......SUNRISE   722 AM EST   SUNSET   524 PM EST


-  INDICATES NEGATIVE NUMBERS.
R  INDICATES RECORD WAS SET OR TIED.
MM INDICATES DATA IS MISSING.
T  INDICATES TRACE AMOUNT.




$$
