000
CDUS44 KMRX 211218
CLITYS

CLIMATE REPORT NATIONAL WEATHER SERVICE MORRISTOWN TN
815 AM EDT TUE OCT 21 2014

...................................

...THE KNOXVILLE   CLIMATE SUMMARY FOR OCTOBER 20 2014...

CLIMATE NORMAL PERIOD 1981 TO 2010
CLIMATE RECORD PERIOD 1871 TO 2014


WEATHER ITEM   OBSERVED TIME   RECORD YEAR NORMAL DEPARTURE LAST
                VALUE   (LST)  VALUE       VALUE  FROM      YEAR
                                                  NORMAL
..................................................................
TEMPERATURE (F)
 YESTERDAY
  MAXIMUM         67    151 PM  86    1941  70     -3       64
  MINIMUM         45    729 AM  31    1992  47     -2       39
  AVERAGE         56                        58     -2       52

PRECIPITATION (IN)
  YESTERDAY        T             1.37 2002   0.08  -0.08     0.00
  MONTH TO DATE    4.98                      1.56   3.42     0.91
  SINCE SEP 1      5.17                      4.80   0.37     5.33
  SINCE JAN 1     34.43                     38.40  -3.97    56.71

SNOWFALL (IN)
  YESTERDAY        0.0                       0.0    0.0      0.0
  MONTH TO DATE    0.0                       0.0    0.0      0.0
  SINCE SEP 1      0.0                       0.0    0.0      0.0
  SINCE JUL 1      0.0                       0.0    0.0      0.0
  SNOW DEPTH       0

DEGREE DAYS
 HEATING
  YESTERDAY        9                         7      2       13
  MONTH TO DATE   77                        96    -19       43
  SINCE SEP 1     78                       119    -41       44
  SINCE JUL 1     78                       119    -41       44

 COOLING
  YESTERDAY        0                         1     -1        0
  MONTH TO DATE   36                        31      5       51
  SINCE SEP 1    287                       237     50      249
  SINCE JAN 1   1486                      1518    -32     1436
..................................................................


WIND (MPH)
  HIGHEST WIND SPEED    20   HIGHEST WIND DIRECTION    SW (230)
  HIGHEST GUST SPEED    23   HIGHEST GUST DIRECTION    SW (230)
  AVERAGE WIND SPEED     5.6


SKY COVER
  POSSIBLE SUNSHINE  MM
  AVERAGE SKY COVER  MM


WEATHER CONDITIONS
 THE FOLLOWING WEATHER WAS RECORDED YESTERDAY.
  FOG
  FOG W/VISIBILITY <= 1/4 MILE


RELATIVE HUMIDITY (PERCENT)
 HIGHEST   100           600 AM
 LOWEST     52           200 PM
 AVERAGE    76

..........................................................


THE KNOXVILLE    ASOS CLIMATE NORMALS FOR TODAY
                         NORMAL    RECORD    YEAR
 MAXIMUM TEMPERATURE (F)   70        86      1953
                                             1947
 MINIMUM TEMPERATURE (F)   47        29      1987


SUNRISE AND SUNSET
OCTOBER 21 2014.......SUNRISE   748 AM EDT   SUNSET   653 PM EDT
OCTOBER 22 2014.......SUNRISE   749 AM EDT   SUNSET   651 PM EDT


-  INDICATES NEGATIVE NUMBERS.
R  INDICATES RECORD WAS SET OR TIED.
MM INDICATES DATA IS MISSING.
T  INDICATES TRACE AMOUNT.

&&

THE LOW TEMPERATURE THIS MORNING WAS 50.
THERE HAS BEEN NO PRECIPITATION SINCE MIDNIGHT.


$$
