000
CDUS44 KMRX 202127
CLITYS


CLIMATE REPORT
NATIONAL WEATHER SERVICE MORRISTOWN TN
527 PM EDT THU JUL 20 2017


...................................

...THE KNOXVILLE    ASOS CLIMATE SUMMARY FOR JULY 20 2017...
VALID TODAY AS OF 0500 PM LOCAL TIME.

CLIMATE NORMAL PERIOD 1981 TO 2010
CLIMATE RECORD PERIOD 1871 TO 2017


WEATHER ITEM   OBSERVED TIME   RECORD YEAR NORMAL DEPARTURE LAST
                VALUE   (LST)  VALUE       VALUE  FROM      YEAR
                                                  NORMAL
..................................................................
TEMPERATURE (F)
 TODAY
  MAXIMUM         92    321 PM  99    1932  88      4       96
                                      1926
                                      1874
  MINIMUM         70    526 AM  60    2009  69      1       72
                                      1984
                                      1909
  AVERAGE         81                        79      2       84

PRECIPITATION (IN)
  TODAY            0.00          2.15 1921   0.17  -0.17     0.00
  MONTH TO DATE    1.39                      3.37  -1.98     3.80
  SINCE JUN 1      5.81                      7.18  -1.37     8.23
  SINCE JAN 1     29.94                     28.62   1.32    27.49

SNOWFALL (IN)
  TODAY            0.0                       0.0    0.0      0.0
  MONTH TO DATE    0.0                       0.0    0.0      0.0
  SINCE JUN 1      0.0                       0.0    0.0      0.0
  SINCE JUL 1      0.0                       0.0    0.0      0.0
  SNOW DEPTH       0

DEGREE DAYS
 HEATING
  TODAY            0                         0      0        0
  MONTH TO DATE    0                         0      0        0
  SINCE JUN 1      0                         4     -4        0
  SINCE JUL 1      0                         0      0        0

 COOLING
  TODAY           16                        14      2       19
  MONTH TO DATE  271                       270      1      315
  SINCE JUN 1    534                       575    -41      714
  SINCE JAN 1    782                       737     45      925
..................................................................


WIND (MPH)
  HIGHEST WIND SPEED    12   HIGHEST WIND DIRECTION     N (10)
  HIGHEST GUST SPEED    14   HIGHEST GUST DIRECTION     N (340)
  AVERAGE WIND SPEED     3.5


SKY COVER
  POSSIBLE SUNSHINE  MM
  AVERAGE SKY COVER 0.4


WEATHER CONDITIONS
 THE FOLLOWING WEATHER WAS RECORDED TODAY.
  HAZE


RELATIVE HUMIDITY (PERCENT)
 HIGHEST    90           400 AM
 LOWEST     41           300 PM
 AVERAGE    66

..........................................................


THE KNOXVILLE    ASOS CLIMATE NORMALS FOR TOMORROW
                         NORMAL    RECORD    YEAR
 MAXIMUM TEMPERATURE (F)   88        98      1985
                                             1934
                                             1926
 MINIMUM TEMPERATURE (F)   69        59      2009
                                             1903


SUNRISE AND SUNSET
JULY 20 2017..........SUNRISE   635 AM EDT   SUNSET   849 PM EDT
JULY 21 2017..........SUNRISE   636 AM EDT   SUNSET   849 PM EDT


-  INDICATES NEGATIVE NUMBERS.
R  INDICATES RECORD WAS SET OR TIED.
MM INDICATES DATA IS MISSING.
T  INDICATES TRACE AMOUNT.




$$
