000
CDUS44 KMRX 242124
CLITYS


CLIMATE REPORT
NATIONAL WEATHER SERVICE MORRISTOWN TN
523 PM EDT FRI JUN 24 2016


...................................

...THE KNOXVILLE    ASOS CLIMATE SUMMARY FOR JUNE 24 2016...
VALID TODAY AS OF 0500 PM LOCAL TIME.

CLIMATE NORMAL PERIOD 1981 TO 2010
CLIMATE RECORD PERIOD 1871 TO 2016


WEATHER ITEM   OBSERVED TIME   RECORD YEAR NORMAL DEPARTURE LAST
                VALUE   (LST)  VALUE       VALUE  FROM      YEAR
                                                  NORMAL
..................................................................
TEMPERATURE (F)
 TODAY
  MAXIMUM         88    358 PM 102    1988  87      1       94
  MINIMUM         70    703 AM  51    1972  67      3       76
  AVERAGE         79                        77      2       85

PRECIPITATION (IN)
  TODAY            0.65          2.43 1984   0.12   0.53     0.00
  MONTH TO DATE    4.17                      2.96   1.21     2.56
  SINCE JUN 1      4.17                      2.96   1.21     2.56
  SINCE JAN 1     23.43                     24.40  -0.97    20.04

SNOWFALL (IN)
  TODAY            0.0                       0.0    0.0      0.0
  MONTH TO DATE    0.0                       0.0    0.0      0.0
  SINCE JUN 1      0.0                       0.0    0.0      0.0
  SINCE JUL 1      5.2                       6.5   -1.3      9.3
  SNOW DEPTH       0

DEGREE DAYS
 HEATING
  TODAY            0                         0      0        0
  MONTH TO DATE    0                         0      0        0
  SINCE JUN 1      0                         0      0        0
  SINCE JUL 1   2955                      3633   -678     3845

 COOLING
  TODAY           14                        12      2       20
  MONTH TO DATE  306                       230     76      332
  SINCE JUN 1    306                       230     76      332
  SINCE JAN 1    517                       392    125      566
..................................................................


WIND (MPH)
  HIGHEST WIND SPEED    21   HIGHEST WIND DIRECTION     N (20)
  HIGHEST GUST SPEED    25   HIGHEST GUST DIRECTION    SW (220)
  AVERAGE WIND SPEED     9.1


SKY COVER
  POSSIBLE SUNSHINE  MM
  AVERAGE SKY COVER 0.7


WEATHER CONDITIONS
 THE FOLLOWING WEATHER WAS RECORDED TODAY.
  THUNDERSTORM
  RAIN
  LIGHT RAIN
  FOG


RELATIVE HUMIDITY (PERCENT)
 HIGHEST    93           300 AM
 LOWEST     55           300 PM
 AVERAGE    74

..........................................................


THE KNOXVILLE    ASOS CLIMATE NORMALS FOR TOMORROW
                         NORMAL    RECORD    YEAR
 MAXIMUM TEMPERATURE (F)   87        99      1988
 MINIMUM TEMPERATURE (F)   67        54      1974


SUNRISE AND SUNSET
JUNE 24 2016..........SUNRISE   621 AM EDT   SUNSET   856 PM EDT
JUNE 25 2016..........SUNRISE   621 AM EDT   SUNSET   856 PM EDT


-  INDICATES NEGATIVE NUMBERS.
R  INDICATES RECORD WAS SET OR TIED.
MM INDICATES DATA IS MISSING.
T  INDICATES TRACE AMOUNT.




$$
