679
CDUS44 KMRX 242216
CLITYS


CLIMATE REPORT
NATIONAL WEATHER SERVICE MORRISTOWN TN
516 PM EST FRI NOV 24 2017


...................................

...THE KNOXVILLE    ASOS CLIMATE SUMMARY FOR NOVEMBER 24 2017...
VALID TODAY AS OF 0500 PM LOCAL TIME.

CLIMATE NORMAL PERIOD 1981 TO 2010
CLIMATE RECORD PERIOD 1871 TO 2017


WEATHER ITEM   OBSERVED TIME   RECORD YEAR NORMAL DEPARTURE LAST
                VALUE   (LST)  VALUE       VALUE  FROM      YEAR
                                                  NORMAL
..................................................................
TEMPERATURE (F)
 TODAY
  MAXIMUM         59    359 PM  74    1900  57      2       68
  MINIMUM         30    748 AM  12    1950  37     -7       49
  AVERAGE         45                        47     -2       59

PRECIPITATION (IN)
  TODAY            0.00          1.77 2004   0.15  -0.15     0.10
  MONTH TO DATE    3.16                      3.08   0.08     0.27
  SINCE SEP 1     10.95                      8.83   2.12     1.87
  SINCE JAN 1     48.47                     42.43   6.04    32.69

SNOWFALL (IN)
  TODAY            0.0                       0.0    0.0      0.0
  MONTH TO DATE    0.0                       0.0    0.0      0.0
  SINCE SEP 1      T                         0.0    0.0      0.0
  SINCE JUL 1      T                         0.0    0.0      0.0
  SNOW DEPTH       0

DEGREE DAYS
 HEATING
  TODAY           20                        18      2        6
  MONTH TO DATE  324                       346    -22      267
  SINCE SEP 1    512                       565    -53      319
  SINCE JUL 1    512                       565    -53      319

 COOLING
  TODAY            0                         0      0        0
  MONTH TO DATE    6                         0      6       14
  SINCE SEP 1    270                       242     28      471
  SINCE JAN 1   1558                      1523     35     2121
..................................................................


WIND (MPH)
  HIGHEST WIND SPEED    10   HIGHEST WIND DIRECTION     W (250)
  HIGHEST GUST SPEED    13   HIGHEST GUST DIRECTION    SW (240)
  AVERAGE WIND SPEED     2.1


SKY COVER
  POSSIBLE SUNSHINE  MM
  AVERAGE SKY COVER 0.1


WEATHER CONDITIONS
 THE FOLLOWING WEATHER WAS RECORDED TODAY.
  FOG
  FOG W/VISIBILITY <= 1/4 MILE


RELATIVE HUMIDITY (PERCENT)
 HIGHEST   100           200 AM
 LOWEST     53           400 PM
 AVERAGE    77

..........................................................


THE KNOXVILLE    ASOS CLIMATE NORMALS FOR TOMORROW
                         NORMAL    RECORD    YEAR
 MAXIMUM TEMPERATURE (F)   57        74      2010
                                             1908
                                             1896
 MINIMUM TEMPERATURE (F)   36         5      1950


SUNRISE AND SUNSET
NOVEMBER 24 2017......SUNRISE   721 AM EST   SUNSET   524 PM EST
NOVEMBER 25 2017......SUNRISE   722 AM EST   SUNSET   524 PM EST


-  INDICATES NEGATIVE NUMBERS.
R  INDICATES RECORD WAS SET OR TIED.
MM INDICATES DATA IS MISSING.
T  INDICATES TRACE AMOUNT.




$$
